{"id":19853,"date":"2025-07-22T18:27:30","date_gmt":"2025-07-22T16:27:30","guid":{"rendered":"https:\/\/uj.adatbank.ro\/lexikon\/termek\/saska-kristof\/"},"modified":"2025-07-22T18:27:30","modified_gmt":"2025-07-22T16:27:30","slug":"saska-kristof","status":"publish","type":"product","link":"https:\/\/uj.adatbank.ro\/lexikon\/termek\/saska-kristof\/","title":{"rendered":"S\u00c1SKA Krist\u00f3f"},"content":{"rendered":"<p>Ditr\u00f3, 1887., \u2020\u00a0Marosszentgy\u00f6rgy, 1951.: igazgat\u00f3-tan\u00edt\u00f3. \u2013 Feles\u00e9ge: Cern\u00e1ld R\u00f3za (1887\u20131938). \u2013 Cs\u00edksomly\u00f3n v\u00e9gezte a tan\u00edt\u00f3k\u00e9pz\u0151t. Tan\u00edtott Ditr\u00f3ban (1908\u2013). Marosszentgy\u00f6rgy\u00f6n lett igazgat\u00f3 (1929\u201347). N\u00e9pm\u0171vel\u00e9si gondnok. Az I. vh.-ban fogs\u00e1gba esett. Nagy- \u00e9s kisez\u00fcst v. E.-e \u00e9s Kcsk.-je volt. <br \/><strong>Irod.:<\/strong> Erd\u00e9lyi v\u00e1rmegy\u00e9k; Nemes Gyula: Szakr\u00e1lis eml\u00e9kek&#8230; = P\u00e1l-Antal\u2013Simon; S\u00e2ngeorgiu de Mure\u015f \u2013 \u015ecoala.<\/br><\/p>\n","protected":false},"excerpt":{"rendered":"<p>Ditr\u00f3, 1887., \u2020\u00a0Marosszentgy\u00f6rgy, 1951.: igazgat\u00f3-tan\u00edt\u00f3. \u2013 Feles\u00e9ge: Cern\u00e1ld R\u00f3za (1887\u20131938). \u2013 Cs\u00edksomly\u00f3n v\u00e9gezte a tan\u00edt\u00f3k\u00e9pz\u0151t. Tan\u00edtott Ditr\u00f3ban (1908\u2013). Marosszentgy\u00f6rgy\u00f6n lett igazgat\u00f3 (1929\u201347). N\u00e9pm\u0171vel\u00e9si gondnok. Az I. vh.-ban fogs\u00e1gba esett. Nagy- \u00e9s kisez\u00fcst v. E.-e \u00e9s Kcsk.-je volt. Irod.: Erd\u00e9lyi v\u00e1rmegy\u00e9k; Nemes Gyula: Szakr\u00e1lis eml\u00e9kek&#8230; = P\u00e1l-Antal\u2013Simon; S\u00e2ngeorgiu de Mure\u015f \u2013 \u015ecoala.<\/p>\n","protected":false},"featured_media":0,"comment_status":"open","ping_status":"closed","template":"","meta":[],"product_brand":[],"product_cat":[137],"product_tag":[],"class_list":{"0":"post-19853","1":"product","2":"type-product","3":"status-publish","5":"product_cat-maros-megyei-eletrajzi-lexikon","7":"first","8":"instock","9":"shipping-taxable","10":"product-type-simple"},"_links":{"self":[{"href":"https:\/\/uj.adatbank.ro\/lexikon\/wp-json\/wp\/v2\/product\/19853","targetHints":{"allow":["GET"]}}],"collection":[{"href":"https:\/\/uj.adatbank.ro\/lexikon\/wp-json\/wp\/v2\/product"}],"about":[{"href":"https:\/\/uj.adatbank.ro\/lexikon\/wp-json\/wp\/v2\/types\/product"}],"replies":[{"embeddable":true,"href":"https:\/\/uj.adatbank.ro\/lexikon\/wp-json\/wp\/v2\/comments?post=19853"}],"wp:attachment":[{"href":"https:\/\/uj.adatbank.ro\/lexikon\/wp-json\/wp\/v2\/media?parent=19853"}],"wp:term":[{"taxonomy":"product_brand","embeddable":true,"href":"https:\/\/uj.adatbank.ro\/lexikon\/wp-json\/wp\/v2\/product_brand?post=19853"},{"taxonomy":"product_cat","embeddable":true,"href":"https:\/\/uj.adatbank.ro\/lexikon\/wp-json\/wp\/v2\/product_cat?post=19853"},{"taxonomy":"product_tag","embeddable":true,"href":"https:\/\/uj.adatbank.ro\/lexikon\/wp-json\/wp\/v2\/product_tag?post=19853"}],"curies":[{"name":"wp","href":"https:\/\/api.w.org\/{rel}","templated":true}]}}

SÁSKA Kristóf

<p>Ditró, 1887., † Marosszentgyörgy, 1951.: igazgató-tanító. – Felesége: Cernáld Róza (1887–1938). – Csíksomlyón végezte a tanítóképzőt. Tanított Ditróban (1908–). Marosszentgyörgyön lett igazgató (1929–47). Népművelési gondnok. Az I. vh.-ban fogságba esett. Nagy- és kisezüst v. E.-e és Kcsk.-je volt. <br /><strong>Irod.:</strong> Erdélyi vármegyék; Nemes Gyula: Szakrális emlékek&#8230; = Pál-Antal–Simon; Sângeorgiu de Mureş – Şcoala.</br></p>

<p>Ditró, 1887., † Marosszentgyörgy, 1951.: igazgató-tanító. – Felesége: Cernáld Róza (1887–1938). – Csíksomlyón végezte a tanítóképzőt. Tanított Ditróban (1908–). Marosszentgyörgyön lett igazgató (1929–47). Népművelési gondnok. Az I. vh.-ban fogságba esett. Nagy- és kisezüst v. E.-e és Kcsk.-je volt. Irod.: Erdélyi vármegyék; Nemes Gyula: Szakrális emlékek&#8230; = Pál-Antal–Simon; Sângeorgiu de Mureş – Şcoala.</p>
