{"id":19857,"date":"2025-07-22T18:27:40","date_gmt":"2025-07-22T16:27:40","guid":{"rendered":"https:\/\/uj.adatbank.ro\/lexikon\/termek\/sasu-onoriu\/"},"modified":"2025-07-22T18:27:40","modified_gmt":"2025-07-22T16:27:40","slug":"sasu-onoriu","status":"publish","type":"product","link":"https:\/\/uj.adatbank.ro\/lexikon\/termek\/sasu-onoriu\/","title":{"rendered":"SASU, Onoriu"},"content":{"rendered":"<p>Bal\u00e1zstelke, 1879. nov. 14., \u2020\u00a0Mv., 1959. j\u00fan. 1.: ortodox pap, politikus \u2013 Sasu I. Zacheiu ort. pap \u00e9s \u0162ilea Emilia (Mv., 1927. szept. 24.) fia. \u2013 Az elemi iskol\u00e1t Medgyesen a n\u00e9met iskol\u00e1ban, a k\u00f6z\u00e9piskol\u00e1t Bal\u00e1zsfalv\u00e1n, a hat\u00e1r\u0151r gimn\u00e1ziumot Nasz\u00f3don v\u00e9gezte, ahol \u00e9retts\u00e9gizett, a teol\u00f3gi\u00e1t Nagyszebenben v\u00e9gezte (1902). Pap D\u00e1noson (1903\u201346). Harcolt a rom\u00e1ns\u00e1g egyes\u00edt\u00e9s\u00e9\u00e9rt, ez\u00e9rt letart\u00f3ztatt\u00e1k \u00e9s Sopronban raboskodott (1910). D\u00e1nos hivatalos k\u00fcld\u00f6tte a gyulafeh\u00e9rv\u00e1ri nagygy\u0171l\u00e9sen (1918. dec. 1.), a kisaj\u00e1t\u00edt\u00e1si bizotts\u00e1g, az \u00e1lland\u00f3 bizotts\u00e1g \u00e9s a megyei tan\u00e1cs tagja. A Nemzeti Liber\u00e1lis P\u00e1rt sz\u00edneiben r\u00e9szt vett a parlamenti v\u00e1laszt\u00e1sokon (1926) k\u00e9pvisel\u0151 (1927\u201328), szen\u00e1tor (1934\u201337). Seg\u00edtette rom\u00e1n iskol\u00e1k l\u00e9tes\u00edt\u00e9s\u00e9t a megy\u00e9ben. R\u00e9szt vett a Mihai Viteazul-i, Cri\u0163 \u015fi Roade\u015f-i iskola alapk\u0151 let\u00e9tel\u00e9n\u00e9l, valamint a Dealul Frumos \u00e9s Ruja-i iskola avat\u00e1s\u00e1n. Tagja a segesv\u00e1ri Tarnava Hitelint\u00e9zet vezet\u0151tan\u00e1cs\u00e1nak, az Astra segesv\u00e1ri tagozat\u00e1nak (1911). Kit\u00fcntett\u00e9k a Rom\u00e1n Koronarend lovagi fokozat\u00e1val. <br \/><strong>Irod.:<\/strong> Bosoanc\u0103; Gy\u00e1szjelent\u0151; Stanca, Sebastian: Contribu\u0163ia preo\u0163imei rom\u00e2ne din Ardeal la r\u0103sboiul pentru intregirea neamului (Cluj., 1925); Todea 2013.<\/br><\/p>\n","protected":false},"excerpt":{"rendered":"<p>Bal\u00e1zstelke, 1879. nov. 14., \u2020\u00a0Mv., 1959. j\u00fan. 1.: ortodox pap, politikus \u2013 Sasu I. Zacheiu ort. pap \u00e9s \u0162ilea Emilia (Mv., 1927. szept. 24.) fia. \u2013 Az elemi iskol\u00e1t Medgyesen a n\u00e9met iskol\u00e1ban, a k\u00f6z\u00e9piskol\u00e1t Bal\u00e1zsfalv\u00e1n, a hat\u00e1r\u0151r gimn\u00e1ziumot Nasz\u00f3don v\u00e9gezte, ahol \u00e9retts\u00e9gizett, a teol\u00f3gi\u00e1t Nagyszebenben v\u00e9gezte (1902). Pap D\u00e1noson (1903\u201346). Harcolt a rom\u00e1ns\u00e1g egyes\u00edt\u00e9s\u00e9\u00e9rt, [&hellip;]<\/p>\n","protected":false},"featured_media":0,"comment_status":"open","ping_status":"closed","template":"","meta":[],"product_brand":[],"product_cat":[137],"product_tag":[],"class_list":{"0":"post-19857","1":"product","2":"type-product","3":"status-publish","5":"product_cat-maros-megyei-eletrajzi-lexikon","7":"first","8":"instock","9":"shipping-taxable","10":"product-type-simple"},"_links":{"self":[{"href":"https:\/\/uj.adatbank.ro\/lexikon\/wp-json\/wp\/v2\/product\/19857","targetHints":{"allow":["GET"]}}],"collection":[{"href":"https:\/\/uj.adatbank.ro\/lexikon\/wp-json\/wp\/v2\/product"}],"about":[{"href":"https:\/\/uj.adatbank.ro\/lexikon\/wp-json\/wp\/v2\/types\/product"}],"replies":[{"embeddable":true,"href":"https:\/\/uj.adatbank.ro\/lexikon\/wp-json\/wp\/v2\/comments?post=19857"}],"wp:attachment":[{"href":"https:\/\/uj.adatbank.ro\/lexikon\/wp-json\/wp\/v2\/media?parent=19857"}],"wp:term":[{"taxonomy":"product_brand","embeddable":true,"href":"https:\/\/uj.adatbank.ro\/lexikon\/wp-json\/wp\/v2\/product_brand?post=19857"},{"taxonomy":"product_cat","embeddable":true,"href":"https:\/\/uj.adatbank.ro\/lexikon\/wp-json\/wp\/v2\/product_cat?post=19857"},{"taxonomy":"product_tag","embeddable":true,"href":"https:\/\/uj.adatbank.ro\/lexikon\/wp-json\/wp\/v2\/product_tag?post=19857"}],"curies":[{"name":"wp","href":"https:\/\/api.w.org\/{rel}","templated":true}]}}

<p>Balázstelke, 1879. nov. 14., † Mv., 1959. jún. 1.: ortodox pap, politikus – Sasu I. Zacheiu ort. pap és Ţilea Emilia (Mv., 1927. szept. 24.) fia. – Az elemi iskolát Medgyesen a német iskolában, a középiskolát Balázsfalván, a határőr gimnáziumot Naszódon végezte, ahol érettségizett, a teológiát Nagyszebenben végezte (1902). Pap Dánoson (1903–46). Harcolt a románság egyesítéséért, ezért letartóztatták és Sopronban raboskodott (1910). Dános hivatalos küldötte a gyulafehérvári nagygyűlésen (1918. dec. 1.), a kisajátítási bizottság, az állandó bizottság és a megyei tanács tagja. A Nemzeti Liberális Párt színeiben részt vett a parlamenti választásokon (1926) képviselő (1927–28), szenátor (1934–37). Segítette román iskolák létesítését a megyében. Részt vett a Mihai Viteazul-i, Criţ şi Roadeş-i iskola alapkő letételénél, valamint a Dealul Frumos és Ruja-i iskola avatásán. Tagja a segesvári Tarnava Hitelintézet vezetőtanácsának, az Astra segesvári tagozatának (1911). Kitüntették a Román Koronarend lovagi fokozatával. <br /><strong>Irod.:</strong> Bosoancă; Gyászjelentő; Stanca, Sebastian: Contribuţia preoţimei române din Ardeal la răsboiul pentru intregirea neamului (Cluj., 1925); Todea 2013.</br></p>

<p>Balázstelke, 1879. nov. 14., † Mv., 1959. jún. 1.: ortodox pap, politikus – Sasu I. Zacheiu ort. pap és Ţilea Emilia (Mv., 1927. szept. 24.) fia. – Az elemi iskolát Medgyesen a német iskolában, a középiskolát Balázsfalván, a határőr gimnáziumot Naszódon végezte, ahol érettségizett, a teológiát Nagyszebenben végezte (1902). Pap Dánoson (1903–46). Harcolt a románság egyesítéséért, [&hellip;]</p>
