{"id":19861,"date":"2025-07-22T18:27:47","date_gmt":"2025-07-22T16:27:47","guid":{"rendered":"https:\/\/uj.adatbank.ro\/lexikon\/termek\/sauber-bernat-%c2%a7-aharon-dof\/"},"modified":"2025-07-22T18:27:47","modified_gmt":"2025-07-22T16:27:47","slug":"sauber-bernat-%c2%a7-aharon-dof","status":"publish","type":"product","link":"https:\/\/uj.adatbank.ro\/lexikon\/termek\/sauber-bernat-%c2%a7-aharon-dof\/","title":{"rendered":"SAUBER Bern\u00e1t, \u00a7 Aharon-Dof"},"content":{"rendered":"<p>Magyarl\u00e1pos, 1920. nov. 19. \u2020 Mv., 2005. okt. 6.: f\u0151\u00fcgy\u00e9sz; hitk\u00f6zs\u00e9gi eln\u00f6k. \u2013 Rabinikus nevel\u00e9sben r\u00e9szes\u00fclt, k\u00e9t \u00e9s f\u00e9l \u00e9v teol\u00f3giai tanulm\u00e1ny ut\u00e1n a h\u00e1bor\u00fa \u00e9s \u00fcld\u00f6z\u00e9s miatt megszak\u00edtotta tanulm\u00e1nyait. Anyanyelve magyar, de ismerte a rom\u00e1n, n\u00e9met \u00e9s jiddis nyelvet. Sz\u00e9kelyh\u00eddon (1933\u201337), Kv.-on \u00e9lt. Bp.-en raboskodott, majd munkaszolg\u00e1laton volt Disznaj\u00f3n, Nagyb\u00e1ny\u00e1n, Kolome\u00e1ban (Ukrajn\u00e1ban), \u00f6t \u00e9vet (1941\u201345), hadifogoly Sztalin\u00f3ban, Odessz\u00e1ban (1944\u201348). Az egyetem jogi kar\u00e1n v\u00e9gzett. Mv.-en \u00e9lt (1950\u2013). Mint \u00fcgy\u00e9sz, f\u0151\u00fcgy\u00e9sz dolgozott a mv.-i T\u00f6rv\u00e9nysz\u00e9ken (38 \u00e9vet). A Mv.-i Izraelita Hitk\u00f6zs\u00e9g eln\u00f6ke (22 \u00e9vig). <br \/><strong>Irod.:<\/strong> csal\u00e1di inf.; Mv.-i zsid\u00f3 temet\u0151 dok.; Nekrol\u00f3g (N\u00fa., 2005. okt. 7.); Sz\u00e9pr\u00e9ti Lilla: A t\u00e1rgyal\u00f3teremb\u0151l (\u00daj \u00c9let, 1. sz., 1981).<\/br><\/p>\n","protected":false},"excerpt":{"rendered":"<p>Magyarl\u00e1pos, 1920. nov. 19. \u2020 Mv., 2005. okt. 6.: f\u0151\u00fcgy\u00e9sz; hitk\u00f6zs\u00e9gi eln\u00f6k. \u2013 Rabinikus nevel\u00e9sben r\u00e9szes\u00fclt, k\u00e9t \u00e9s f\u00e9l \u00e9v teol\u00f3giai tanulm\u00e1ny ut\u00e1n a h\u00e1bor\u00fa \u00e9s \u00fcld\u00f6z\u00e9s miatt megszak\u00edtotta tanulm\u00e1nyait. Anyanyelve magyar, de ismerte a rom\u00e1n, n\u00e9met \u00e9s jiddis nyelvet. Sz\u00e9kelyh\u00eddon (1933\u201337), Kv.-on \u00e9lt. Bp.-en raboskodott, majd munkaszolg\u00e1laton volt Disznaj\u00f3n, Nagyb\u00e1ny\u00e1n, Kolome\u00e1ban (Ukrajn\u00e1ban), \u00f6t \u00e9vet [&hellip;]<\/p>\n","protected":false},"featured_media":0,"comment_status":"open","ping_status":"closed","template":"","meta":[],"product_brand":[],"product_cat":[137],"product_tag":[],"class_list":{"0":"post-19861","1":"product","2":"type-product","3":"status-publish","5":"product_cat-maros-megyei-eletrajzi-lexikon","7":"first","8":"instock","9":"shipping-taxable","10":"product-type-simple"},"_links":{"self":[{"href":"https:\/\/uj.adatbank.ro\/lexikon\/wp-json\/wp\/v2\/product\/19861","targetHints":{"allow":["GET"]}}],"collection":[{"href":"https:\/\/uj.adatbank.ro\/lexikon\/wp-json\/wp\/v2\/product"}],"about":[{"href":"https:\/\/uj.adatbank.ro\/lexikon\/wp-json\/wp\/v2\/types\/product"}],"replies":[{"embeddable":true,"href":"https:\/\/uj.adatbank.ro\/lexikon\/wp-json\/wp\/v2\/comments?post=19861"}],"wp:attachment":[{"href":"https:\/\/uj.adatbank.ro\/lexikon\/wp-json\/wp\/v2\/media?parent=19861"}],"wp:term":[{"taxonomy":"product_brand","embeddable":true,"href":"https:\/\/uj.adatbank.ro\/lexikon\/wp-json\/wp\/v2\/product_brand?post=19861"},{"taxonomy":"product_cat","embeddable":true,"href":"https:\/\/uj.adatbank.ro\/lexikon\/wp-json\/wp\/v2\/product_cat?post=19861"},{"taxonomy":"product_tag","embeddable":true,"href":"https:\/\/uj.adatbank.ro\/lexikon\/wp-json\/wp\/v2\/product_tag?post=19861"}],"curies":[{"name":"wp","href":"https:\/\/api.w.org\/{rel}","templated":true}]}}

SAUBER Bernát, § Aharon-Dof

<p>Magyarlápos, 1920. nov. 19. † Mv., 2005. okt. 6.: főügyész; hitközségi elnök. – Rabinikus nevelésben részesült, két és fél év teológiai tanulmány után a háború és üldözés miatt megszakította tanulmányait. Anyanyelve magyar, de ismerte a román, német és jiddis nyelvet. Székelyhídon (1933–37), Kv.-on élt. Bp.-en raboskodott, majd munkaszolgálaton volt Disznajón, Nagybányán, Kolomeában (Ukrajnában), öt évet (1941–45), hadifogoly Sztalinóban, Odesszában (1944–48). Az egyetem jogi karán végzett. Mv.-en élt (1950–). Mint ügyész, főügyész dolgozott a mv.-i Törvényszéken (38 évet). A Mv.-i Izraelita Hitközség elnöke (22 évig). <br /><strong>Irod.:</strong> családi inf.; Mv.-i zsidó temető dok.; Nekrológ (Nú., 2005. okt. 7.); Szépréti Lilla: A tárgyalóteremből (Új Élet, 1. sz., 1981).</br></p>

<p>Magyarlápos, 1920. nov. 19. † Mv., 2005. okt. 6.: főügyész; hitközségi elnök. – Rabinikus nevelésben részesült, két és fél év teológiai tanulmány után a háború és üldözés miatt megszakította tanulmányait. Anyanyelve magyar, de ismerte a román, német és jiddis nyelvet. Székelyhídon (1933–37), Kv.-on élt. Bp.-en raboskodott, majd munkaszolgálaton volt Disznajón, Nagybányán, Kolomeában (Ukrajnában), öt évet [&hellip;]</p>
