{"id":19863,"date":"2025-07-22T18:27:51","date_gmt":"2025-07-22T16:27:51","guid":{"rendered":"https:\/\/uj.adatbank.ro\/lexikon\/termek\/sava-flore\/"},"modified":"2025-07-22T18:27:51","modified_gmt":"2025-07-22T16:27:51","slug":"sava-flore","status":"publish","type":"product","link":"https:\/\/uj.adatbank.ro\/lexikon\/termek\/sava-flore\/","title":{"rendered":"SAVA, Flore"},"content":{"rendered":"<p>Marosk\u00f6vesd, 1787., \u2020 Marosk\u00f6vesd, 1854. \u00e1pr.: ort. pap. \u2013 Vasile Moga, ort. p\u00fcsp\u00f6k szentelte papp\u00e1. Maroslak\u00e1n lett ort. pap (1817\u2013), kinevez\u00e9si okm\u00e1nya azt is sugallja, h. faluja t\u00e1mogat\u00e1s\u00e1val tudta elv\u00e9gezni a teol\u00f3gi\u00e1t. <br \/><strong>Irod.:<\/strong> Dobozi.<\/br><\/p>\n","protected":false},"excerpt":{"rendered":"<p>Marosk\u00f6vesd, 1787., \u2020 Marosk\u00f6vesd, 1854. \u00e1pr.: ort. pap. \u2013 Vasile Moga, ort. p\u00fcsp\u00f6k szentelte papp\u00e1. Maroslak\u00e1n lett ort. pap (1817\u2013), kinevez\u00e9si okm\u00e1nya azt is sugallja, h. faluja t\u00e1mogat\u00e1s\u00e1val tudta elv\u00e9gezni a teol\u00f3gi\u00e1t. Irod.: Dobozi.<\/p>\n","protected":false},"featured_media":0,"comment_status":"open","ping_status":"closed","template":"","meta":[],"product_brand":[],"product_cat":[137],"product_tag":[],"class_list":{"0":"post-19863","1":"product","2":"type-product","3":"status-publish","5":"product_cat-maros-megyei-eletrajzi-lexikon","7":"first","8":"instock","9":"shipping-taxable","10":"product-type-simple"},"_links":{"self":[{"href":"https:\/\/uj.adatbank.ro\/lexikon\/wp-json\/wp\/v2\/product\/19863","targetHints":{"allow":["GET"]}}],"collection":[{"href":"https:\/\/uj.adatbank.ro\/lexikon\/wp-json\/wp\/v2\/product"}],"about":[{"href":"https:\/\/uj.adatbank.ro\/lexikon\/wp-json\/wp\/v2\/types\/product"}],"replies":[{"embeddable":true,"href":"https:\/\/uj.adatbank.ro\/lexikon\/wp-json\/wp\/v2\/comments?post=19863"}],"wp:attachment":[{"href":"https:\/\/uj.adatbank.ro\/lexikon\/wp-json\/wp\/v2\/media?parent=19863"}],"wp:term":[{"taxonomy":"product_brand","embeddable":true,"href":"https:\/\/uj.adatbank.ro\/lexikon\/wp-json\/wp\/v2\/product_brand?post=19863"},{"taxonomy":"product_cat","embeddable":true,"href":"https:\/\/uj.adatbank.ro\/lexikon\/wp-json\/wp\/v2\/product_cat?post=19863"},{"taxonomy":"product_tag","embeddable":true,"href":"https:\/\/uj.adatbank.ro\/lexikon\/wp-json\/wp\/v2\/product_tag?post=19863"}],"curies":[{"name":"wp","href":"https:\/\/api.w.org\/{rel}","templated":true}]}}