{"id":19869,"date":"2025-07-22T18:28:05","date_gmt":"2025-07-22T16:28:05","guid":{"rendered":"https:\/\/uj.adatbank.ro\/lexikon\/termek\/sbarcea-szilard\/"},"modified":"2025-07-22T18:28:05","modified_gmt":"2025-07-22T16:28:05","slug":"sbarcea-szilard","status":"publish","type":"product","link":"https:\/\/uj.adatbank.ro\/lexikon\/termek\/sbarcea-szilard\/","title":{"rendered":"SB\u00c2RCEA Szil\u00e1rd"},"content":{"rendered":"<p>Marosh\u00e9v\u00edz, 1879. \u00e1pr. 7., \u2020?: orvos. \u2013 Brass\u00f3ban az Ort. F\u0151gimn.-ban tanult, Kv.-on a FJTE (1901\u201304), abszolv\u00e1l\u00f3 vizsg\u00e1ja volt (1905. szept. 24), doktor\u00e1tust tett (1906. szept. 22.). Az I. vh. idej\u00e9n a mv.-i cs. \u00e9s kir. csapatk\u00f3rh\u00e1zn\u00e1l m\u0171k\u00f6d\u00f6tt mint ezredorvos. <br \/><strong>Irod.:<\/strong> Mv. \u00e9s a h\u00e1bor\u00fa 1.; Sigmirean.<\/br><\/p>\n","protected":false},"excerpt":{"rendered":"<p>Marosh\u00e9v\u00edz, 1879. \u00e1pr. 7., \u2020?: orvos. \u2013 Brass\u00f3ban az Ort. F\u0151gimn.-ban tanult, Kv.-on a FJTE (1901\u201304), abszolv\u00e1l\u00f3 vizsg\u00e1ja volt (1905. szept. 24), doktor\u00e1tust tett (1906. szept. 22.). Az I. vh. idej\u00e9n a mv.-i cs. \u00e9s kir. csapatk\u00f3rh\u00e1zn\u00e1l m\u0171k\u00f6d\u00f6tt mint ezredorvos. Irod.: Mv. \u00e9s a h\u00e1bor\u00fa 1.; Sigmirean.<\/p>\n","protected":false},"featured_media":0,"comment_status":"open","ping_status":"closed","template":"","meta":[],"product_brand":[],"product_cat":[137],"product_tag":[],"class_list":{"0":"post-19869","1":"product","2":"type-product","3":"status-publish","5":"product_cat-maros-megyei-eletrajzi-lexikon","7":"first","8":"instock","9":"shipping-taxable","10":"product-type-simple"},"_links":{"self":[{"href":"https:\/\/uj.adatbank.ro\/lexikon\/wp-json\/wp\/v2\/product\/19869","targetHints":{"allow":["GET"]}}],"collection":[{"href":"https:\/\/uj.adatbank.ro\/lexikon\/wp-json\/wp\/v2\/product"}],"about":[{"href":"https:\/\/uj.adatbank.ro\/lexikon\/wp-json\/wp\/v2\/types\/product"}],"replies":[{"embeddable":true,"href":"https:\/\/uj.adatbank.ro\/lexikon\/wp-json\/wp\/v2\/comments?post=19869"}],"wp:attachment":[{"href":"https:\/\/uj.adatbank.ro\/lexikon\/wp-json\/wp\/v2\/media?parent=19869"}],"wp:term":[{"taxonomy":"product_brand","embeddable":true,"href":"https:\/\/uj.adatbank.ro\/lexikon\/wp-json\/wp\/v2\/product_brand?post=19869"},{"taxonomy":"product_cat","embeddable":true,"href":"https:\/\/uj.adatbank.ro\/lexikon\/wp-json\/wp\/v2\/product_cat?post=19869"},{"taxonomy":"product_tag","embeddable":true,"href":"https:\/\/uj.adatbank.ro\/lexikon\/wp-json\/wp\/v2\/product_tag?post=19869"}],"curies":[{"name":"wp","href":"https:\/\/api.w.org\/{rel}","templated":true}]}}