{"id":1987,"date":"2025-06-28T12:00:15","date_gmt":"2025-06-28T10:00:15","guid":{"rendered":"https:\/\/uj.adatbank.ro\/lexikon\/termek\/balazs-viktor\/"},"modified":"2025-06-28T12:00:15","modified_gmt":"2025-06-28T10:00:15","slug":"balazs-viktor","status":"publish","type":"product","link":"https:\/\/uj.adatbank.ro\/lexikon\/termek\/balazs-viktor\/","title":{"rendered":"BAL\u00c1ZS Viktor"},"content":{"rendered":"<p>? \u2020\u00a0? : f\u0151g\u00e9p\u00e9sz. \u2013 A Mv.-i Cukorgy\u00e1rban volt f\u0151g\u00e9p\u00e9sz. A II. vh. v\u00e9g\u00e9n n\u00e9met parancs \u00e9rkezett a gy\u00e1r teljes ki\u00fcr\u00edt\u00e9s\u00e9re \u00e9s felrobbant\u00e1s\u00e1ra. A f\u0151g\u00e9p\u00e9sz egy csoport munk\u00e1ssal (Sz\u00e1sz Istv\u00e1n, lep\u00e1rl\u00f3; Nemes Jen\u0151, manipul\u00e1ns; Nagy M\u00e1rton, P\u0103curar Lauren\u0163iu, Nemes P\u00e9ter, lakatosok, valamint Ugran P\u00e9ter) titokban kiemelt\u00e9k a l\u00e1d\u00e1kba csomagolt fontos alkatr\u00e9szeket, felszerel\u00e9seket, hajt\u00f3sz\u00edjakat, m\u0171szereket, stb. \u00c9s biztos helyre sz\u00e1ll\u00edtott\u00e1k. A gy\u00e1rat felrobbantott\u00e1k (1944. szept.). A front elvonul\u00e1sa ut\u00e1n a gy\u00e1r munk\u00e1sai minden \u201ek\u00f6zponti\u201d utas\u00edt\u00e1s n\u00e9lk\u00fcl, hozz\u00e1fogtak a romok eltakar\u00edt\u00e1s\u00e1hoz, az \u00fajj\u00e1\u00e9p\u00edt\u00e9si munk\u00e1k megszervez\u00e9s\u00e9hez. A termel\u00e9st is meg tudt\u00e1k kezdeni. <br \/><strong>Irod.:<\/strong> Ferenczi<\/br><\/p>\n","protected":false},"excerpt":{"rendered":"<p>? \u2020\u00a0? : f\u0151g\u00e9p\u00e9sz. \u2013 A Mv.-i Cukorgy\u00e1rban volt f\u0151g\u00e9p\u00e9sz. A II. vh. v\u00e9g\u00e9n n\u00e9met parancs \u00e9rkezett a gy\u00e1r teljes ki\u00fcr\u00edt\u00e9s\u00e9re \u00e9s felrobbant\u00e1s\u00e1ra. A f\u0151g\u00e9p\u00e9sz egy csoport munk\u00e1ssal (Sz\u00e1sz Istv\u00e1n, lep\u00e1rl\u00f3; Nemes Jen\u0151, manipul\u00e1ns; Nagy M\u00e1rton, P\u0103curar Lauren\u0163iu, Nemes P\u00e9ter, lakatosok, valamint Ugran P\u00e9ter) titokban kiemelt\u00e9k a l\u00e1d\u00e1kba csomagolt fontos alkatr\u00e9szeket, felszerel\u00e9seket, hajt\u00f3sz\u00edjakat, m\u0171szereket, stb. [&hellip;]<\/p>\n","protected":false},"featured_media":0,"comment_status":"open","ping_status":"closed","template":"","meta":[],"product_brand":[],"product_cat":[137],"product_tag":[],"class_list":{"0":"post-1987","1":"product","2":"type-product","3":"status-publish","5":"product_cat-maros-megyei-eletrajzi-lexikon","7":"first","8":"instock","9":"shipping-taxable","10":"product-type-simple"},"_links":{"self":[{"href":"https:\/\/uj.adatbank.ro\/lexikon\/wp-json\/wp\/v2\/product\/1987","targetHints":{"allow":["GET"]}}],"collection":[{"href":"https:\/\/uj.adatbank.ro\/lexikon\/wp-json\/wp\/v2\/product"}],"about":[{"href":"https:\/\/uj.adatbank.ro\/lexikon\/wp-json\/wp\/v2\/types\/product"}],"replies":[{"embeddable":true,"href":"https:\/\/uj.adatbank.ro\/lexikon\/wp-json\/wp\/v2\/comments?post=1987"}],"wp:attachment":[{"href":"https:\/\/uj.adatbank.ro\/lexikon\/wp-json\/wp\/v2\/media?parent=1987"}],"wp:term":[{"taxonomy":"product_brand","embeddable":true,"href":"https:\/\/uj.adatbank.ro\/lexikon\/wp-json\/wp\/v2\/product_brand?post=1987"},{"taxonomy":"product_cat","embeddable":true,"href":"https:\/\/uj.adatbank.ro\/lexikon\/wp-json\/wp\/v2\/product_cat?post=1987"},{"taxonomy":"product_tag","embeddable":true,"href":"https:\/\/uj.adatbank.ro\/lexikon\/wp-json\/wp\/v2\/product_tag?post=1987"}],"curies":[{"name":"wp","href":"https:\/\/api.w.org\/{rel}","templated":true}]}}

BALÁZS Viktor

<p>? † ? : főgépész. – A Mv.-i Cukorgyárban volt főgépész. A II. vh. végén német parancs érkezett a gyár teljes kiürítésére és felrobbantására. A főgépész egy csoport munkással (Szász István, lepárló; Nemes Jenő, manipuláns; Nagy Márton, Păcurar Laurenţiu, Nemes Péter, lakatosok, valamint Ugran Péter) titokban kiemelték a ládákba csomagolt fontos alkatrészeket, felszereléseket, hajtószíjakat, műszereket, stb. És biztos helyre szállították. A gyárat felrobbantották (1944. szept.). A front elvonulása után a gyár munkásai minden „központi” utasítás nélkül, hozzáfogtak a romok eltakarításához, az újjáépítési munkák megszervezéséhez. A termelést is meg tudták kezdeni. <br /><strong>Irod.:</strong> Ferenczi</br></p>

<p>? † ? : főgépész. – A Mv.-i Cukorgyárban volt főgépész. A II. vh. végén német parancs érkezett a gyár teljes kiürítésére és felrobbantására. A főgépész egy csoport munkással (Szász István, lepárló; Nemes Jenő, manipuláns; Nagy Márton, Păcurar Laurenţiu, Nemes Péter, lakatosok, valamint Ugran Péter) titokban kiemelték a ládákba csomagolt fontos alkatrészeket, felszereléseket, hajtószíjakat, műszereket, stb. [&hellip;]</p>
