{"id":19876,"date":"2025-07-22T18:28:20","date_gmt":"2025-07-22T16:28:20","guid":{"rendered":"https:\/\/uj.adatbank.ro\/lexikon\/termek\/schaff-jeno\/"},"modified":"2025-07-22T18:28:20","modified_gmt":"2025-07-22T16:28:20","slug":"schaff-jeno","status":"publish","type":"product","link":"https:\/\/uj.adatbank.ro\/lexikon\/termek\/schaff-jeno\/","title":{"rendered":"SCHAFF Jen\u0151"},"content":{"rendered":"<p>1902., \u2020\u00a0S\u00e1romberke, 1990. j\u00fan. 29.: gazdatiszt. \u2013 Mv.-en \u00e9s Cs\u00edkszered\u00e1n v\u00e9gezte tanulm\u00e1nyait. S\u00e1rdon kezdte mint gyakornok m\u0171k\u00f6d\u00e9s\u00e9t, majd gr. Teleki K\u00e1roly s\u00e1romberki uradalm\u00e1nak int\u00e9z\u0151je (1925\u2013). Minden kultur\u00e1lis t\u00e1rsadalmi egyes\u00fclet m\u0171k\u00f6d\u00e9s\u00e9ben r\u00e9szt vett. Az uradalom mint mintagazdas\u00e1g f\u0151leg b\u00faz\u00e1j\u00e1val t\u00f6bb ki\u00e1ll\u00edt\u00e1son vett r\u00e9szt, ahol arany\u00e9rmet nyert. Sert\u00e9s, baromfi, valamint gy\u00fcm\u00f6lcstermel\u00e9se mintaszer\u0171 volt. A modern\u00fcl felszerelt gazdas\u00e1g malommal \u00e9s olaj\u00fct\u0151vel is rendelkezett. <br \/><strong>Irod.:<\/strong> \u2013 Schaff Jen\u0151 j\u00f3sz\u00e1gigazgat\u00f3 \u00e9s az uradalom sokf\u00e9le szem\u00e9lyzete =L\u0151wy D\u00e1niel: K\u00e1rolyka gr\u00f3f d\u00edszfogata Kv., 2013.; [Nekrol\u00f3g] (N\u00fa., 1990. j\u00fal. 3.); Sz\u00e9kelyf\u00f6ld \u00ed. k.<\/br><\/p>\n","protected":false},"excerpt":{"rendered":"<p>1902., \u2020\u00a0S\u00e1romberke, 1990. j\u00fan. 29.: gazdatiszt. \u2013 Mv.-en \u00e9s Cs\u00edkszered\u00e1n v\u00e9gezte tanulm\u00e1nyait. S\u00e1rdon kezdte mint gyakornok m\u0171k\u00f6d\u00e9s\u00e9t, majd gr. Teleki K\u00e1roly s\u00e1romberki uradalm\u00e1nak int\u00e9z\u0151je (1925\u2013). Minden kultur\u00e1lis t\u00e1rsadalmi egyes\u00fclet m\u0171k\u00f6d\u00e9s\u00e9ben r\u00e9szt vett. Az uradalom mint mintagazdas\u00e1g f\u0151leg b\u00faz\u00e1j\u00e1val t\u00f6bb ki\u00e1ll\u00edt\u00e1son vett r\u00e9szt, ahol arany\u00e9rmet nyert. Sert\u00e9s, baromfi, valamint gy\u00fcm\u00f6lcstermel\u00e9se mintaszer\u0171 volt. A modern\u00fcl felszerelt gazdas\u00e1g [&hellip;]<\/p>\n","protected":false},"featured_media":0,"comment_status":"open","ping_status":"closed","template":"","meta":[],"product_brand":[],"product_cat":[137],"product_tag":[],"class_list":{"0":"post-19876","1":"product","2":"type-product","3":"status-publish","5":"product_cat-maros-megyei-eletrajzi-lexikon","7":"first","8":"instock","9":"shipping-taxable","10":"product-type-simple"},"_links":{"self":[{"href":"https:\/\/uj.adatbank.ro\/lexikon\/wp-json\/wp\/v2\/product\/19876","targetHints":{"allow":["GET"]}}],"collection":[{"href":"https:\/\/uj.adatbank.ro\/lexikon\/wp-json\/wp\/v2\/product"}],"about":[{"href":"https:\/\/uj.adatbank.ro\/lexikon\/wp-json\/wp\/v2\/types\/product"}],"replies":[{"embeddable":true,"href":"https:\/\/uj.adatbank.ro\/lexikon\/wp-json\/wp\/v2\/comments?post=19876"}],"wp:attachment":[{"href":"https:\/\/uj.adatbank.ro\/lexikon\/wp-json\/wp\/v2\/media?parent=19876"}],"wp:term":[{"taxonomy":"product_brand","embeddable":true,"href":"https:\/\/uj.adatbank.ro\/lexikon\/wp-json\/wp\/v2\/product_brand?post=19876"},{"taxonomy":"product_cat","embeddable":true,"href":"https:\/\/uj.adatbank.ro\/lexikon\/wp-json\/wp\/v2\/product_cat?post=19876"},{"taxonomy":"product_tag","embeddable":true,"href":"https:\/\/uj.adatbank.ro\/lexikon\/wp-json\/wp\/v2\/product_tag?post=19876"}],"curies":[{"name":"wp","href":"https:\/\/api.w.org\/{rel}","templated":true}]}}