{"id":19896,"date":"2025-07-22T18:29:07","date_gmt":"2025-07-22T16:29:07","guid":{"rendered":"https:\/\/uj.adatbank.ro\/lexikon\/termek\/scheer-miklos\/"},"modified":"2025-07-22T18:29:07","modified_gmt":"2025-07-22T16:29:07","slug":"scheer-miklos","status":"publish","type":"product","link":"https:\/\/uj.adatbank.ro\/lexikon\/termek\/scheer-miklos\/","title":{"rendered":"SCHEER Mikl\u00f3s"},"content":{"rendered":"<p>1904, \u2020\u00a0Mv., 1985. j\u00fal. 28.: munk\u00e1s, aktivista, politikus. \u2013 Le\u00e1nya Rita Gr\u00fcn L\u00e1szl\u00f3n\u00e9. \u2013 Nagyk\u00e1rolyban munk\u00e1s volt egy pap\u00edrgy\u00e1rban. \u2013 A RKP tagja (1924\u2013). Fiatalon bekapcsol\u00f3dott a munk\u00e1smozgalomba, t\u00f6bb alkalommal letart\u00f3ztatt\u00e1k, t\u00f6bb \u00e9vi b\u00f6rt\u00f6nb\u00fcntet\u00e9sre \u00edt\u00e9lt\u00e9k. Mv.-re k\u00f6lt\u00f6z\u00f6tt (1941), itt \u00e9lt\u00e9k t\u00fal a v\u00e9szkorszakot pinc\u00e9ben bujk\u00e1lva. A felszabadul\u00e1s ut\u00e1n egy k\u00f6nyv\u00fczletben dolgozott, a p\u00e1rt- \u00e9s szakszervezeti szervekben kapott felel\u0151s megb\u00edz\u00e1sokat nyugd\u00edjaz\u00e1s\u00e1ig (\u20131964). Szerkesztette \u00e9s kiadta a Szabads\u00e1g c. hetilapot Nagyk\u00e1rolyban (1945). A RSZK \u00e9rdemrendjeivel \u00e9s \u00e9rdem\u00e9rmeivel t\u00fcntett\u00e9k ki. <br \/><strong>Irod.:<\/strong> Sch. M. [Nekrol\u00f3g] (V. Z., 1985. j\u00fal. 30.).<\/br><\/p>\n","protected":false},"excerpt":{"rendered":"<p>1904, \u2020\u00a0Mv., 1985. j\u00fal. 28.: munk\u00e1s, aktivista, politikus. \u2013 Le\u00e1nya Rita Gr\u00fcn L\u00e1szl\u00f3n\u00e9. \u2013 Nagyk\u00e1rolyban munk\u00e1s volt egy pap\u00edrgy\u00e1rban. \u2013 A RKP tagja (1924\u2013). Fiatalon bekapcsol\u00f3dott a munk\u00e1smozgalomba, t\u00f6bb alkalommal letart\u00f3ztatt\u00e1k, t\u00f6bb \u00e9vi b\u00f6rt\u00f6nb\u00fcntet\u00e9sre \u00edt\u00e9lt\u00e9k. Mv.-re k\u00f6lt\u00f6z\u00f6tt (1941), itt \u00e9lt\u00e9k t\u00fal a v\u00e9szkorszakot pinc\u00e9ben bujk\u00e1lva. A felszabadul\u00e1s ut\u00e1n egy k\u00f6nyv\u00fczletben dolgozott, a p\u00e1rt- \u00e9s szakszervezeti [&hellip;]<\/p>\n","protected":false},"featured_media":0,"comment_status":"open","ping_status":"closed","template":"","meta":[],"product_brand":[],"product_cat":[137],"product_tag":[],"class_list":{"0":"post-19896","1":"product","2":"type-product","3":"status-publish","5":"product_cat-maros-megyei-eletrajzi-lexikon","7":"first","8":"instock","9":"shipping-taxable","10":"product-type-simple"},"_links":{"self":[{"href":"https:\/\/uj.adatbank.ro\/lexikon\/wp-json\/wp\/v2\/product\/19896","targetHints":{"allow":["GET"]}}],"collection":[{"href":"https:\/\/uj.adatbank.ro\/lexikon\/wp-json\/wp\/v2\/product"}],"about":[{"href":"https:\/\/uj.adatbank.ro\/lexikon\/wp-json\/wp\/v2\/types\/product"}],"replies":[{"embeddable":true,"href":"https:\/\/uj.adatbank.ro\/lexikon\/wp-json\/wp\/v2\/comments?post=19896"}],"wp:attachment":[{"href":"https:\/\/uj.adatbank.ro\/lexikon\/wp-json\/wp\/v2\/media?parent=19896"}],"wp:term":[{"taxonomy":"product_brand","embeddable":true,"href":"https:\/\/uj.adatbank.ro\/lexikon\/wp-json\/wp\/v2\/product_brand?post=19896"},{"taxonomy":"product_cat","embeddable":true,"href":"https:\/\/uj.adatbank.ro\/lexikon\/wp-json\/wp\/v2\/product_cat?post=19896"},{"taxonomy":"product_tag","embeddable":true,"href":"https:\/\/uj.adatbank.ro\/lexikon\/wp-json\/wp\/v2\/product_tag?post=19896"}],"curies":[{"name":"wp","href":"https:\/\/api.w.org\/{rel}","templated":true}]}}