{"id":19898,"date":"2025-07-22T18:29:11","date_gmt":"2025-07-22T16:29:11","guid":{"rendered":"https:\/\/uj.adatbank.ro\/lexikon\/termek\/scheib-ottohans\/"},"modified":"2025-07-22T18:29:11","modified_gmt":"2025-07-22T16:29:11","slug":"scheib-ottohans","status":"publish","type":"product","link":"https:\/\/uj.adatbank.ro\/lexikon\/termek\/scheib-ottohans\/","title":{"rendered":"SCHEIB, Ottohans"},"content":{"rendered":"<p>Szeben, 1916. \u2020\u00a01977. okt. 5.: orvos. \u2013 Gyermekgy\u00f3gy\u00e1sz, a mv.-i a r\u00e9gi menhelyen dolgozott, a k\u00e9s\u0151bb l\u00e9tes\u00edtett Gyermekek H\u00e1z\u00e1nak igazgat\u00f3 f\u0151orvosa. A sz\u0171k\u00f6s anyagi juttat\u00e1sok ellen\u00e9re a gyermekek jav\u00e1t \u00e9s gy\u00f3gyul\u00e1s\u00e1t szolg\u00e1lta. A hatalmi szervek meghurcolt\u00e1k. <br \/><strong>Irod.:<\/strong> Kiss\u2013P\u00e9terffy\u2013P\u00e9terffy.<\/br><\/p>\n","protected":false},"excerpt":{"rendered":"<p>Szeben, 1916. \u2020\u00a01977. okt. 5.: orvos. \u2013 Gyermekgy\u00f3gy\u00e1sz, a mv.-i a r\u00e9gi menhelyen dolgozott, a k\u00e9s\u0151bb l\u00e9tes\u00edtett Gyermekek H\u00e1z\u00e1nak igazgat\u00f3 f\u0151orvosa. A sz\u0171k\u00f6s anyagi juttat\u00e1sok ellen\u00e9re a gyermekek jav\u00e1t \u00e9s gy\u00f3gyul\u00e1s\u00e1t szolg\u00e1lta. A hatalmi szervek meghurcolt\u00e1k. Irod.: Kiss\u2013P\u00e9terffy\u2013P\u00e9terffy.<\/p>\n","protected":false},"featured_media":0,"comment_status":"open","ping_status":"closed","template":"","meta":[],"product_brand":[],"product_cat":[137],"product_tag":[],"class_list":{"0":"post-19898","1":"product","2":"type-product","3":"status-publish","5":"product_cat-maros-megyei-eletrajzi-lexikon","7":"first","8":"instock","9":"shipping-taxable","10":"product-type-simple"},"_links":{"self":[{"href":"https:\/\/uj.adatbank.ro\/lexikon\/wp-json\/wp\/v2\/product\/19898","targetHints":{"allow":["GET"]}}],"collection":[{"href":"https:\/\/uj.adatbank.ro\/lexikon\/wp-json\/wp\/v2\/product"}],"about":[{"href":"https:\/\/uj.adatbank.ro\/lexikon\/wp-json\/wp\/v2\/types\/product"}],"replies":[{"embeddable":true,"href":"https:\/\/uj.adatbank.ro\/lexikon\/wp-json\/wp\/v2\/comments?post=19898"}],"wp:attachment":[{"href":"https:\/\/uj.adatbank.ro\/lexikon\/wp-json\/wp\/v2\/media?parent=19898"}],"wp:term":[{"taxonomy":"product_brand","embeddable":true,"href":"https:\/\/uj.adatbank.ro\/lexikon\/wp-json\/wp\/v2\/product_brand?post=19898"},{"taxonomy":"product_cat","embeddable":true,"href":"https:\/\/uj.adatbank.ro\/lexikon\/wp-json\/wp\/v2\/product_cat?post=19898"},{"taxonomy":"product_tag","embeddable":true,"href":"https:\/\/uj.adatbank.ro\/lexikon\/wp-json\/wp\/v2\/product_tag?post=19898"}],"curies":[{"name":"wp","href":"https:\/\/api.w.org\/{rel}","templated":true}]}}