{"id":19908,"date":"2025-07-22T18:29:32","date_gmt":"2025-07-22T16:29:32","guid":{"rendered":"https:\/\/uj.adatbank.ro\/lexikon\/termek\/scheitz-endre-scheitz-andor\/"},"modified":"2025-07-22T18:29:32","modified_gmt":"2025-07-22T16:29:32","slug":"scheitz-endre-scheitz-andor","status":"publish","type":"product","link":"https:\/\/uj.adatbank.ro\/lexikon\/termek\/scheitz-endre-scheitz-andor\/","title":{"rendered":"SCHEITZ Endre, Scheitz Andor"},"content":{"rendered":"<p>Bonyha, 1901. m\u00e1j. 25., \u2020 Dics\u0151szentm\u00e1rton, 1982. j\u00fan. 11.: gy\u00f3gyszer\u00e9sz. \u2013 Sch. Endre gy\u00f3gyszer\u00e9sz, a bonyhai patika megalap\u00edt\u00f3ja (1894) \u00e9s Ida fia. Azonos nev\u0171 fia tan\u00e1r Dics\u0151szentm\u00e1rtonban. \u2013 Elemi iskolai tanulm\u00e1nyait Bonyh\u00e1n, majd a k\u00f6z\u00e9piskolai tanulm\u00e1nyokat Mv.-en v\u00e9gezte, a R.K. Gimn.-ban \u00e9retts\u00e9gizett (1919). Gy\u00f3gyszergyakornok \u00e9desapja gy\u00f3gyszert\u00e1r\u00e1ban, majd Nagyszebenben, a Fabritius Guido gy\u00f3gyszert\u00e1r\u00e1ban dolgozott. Craiov\u00e1n, a tartal\u00e9kos eg\u00e9szs\u00e9g\u00fcgyi tiszti iskola n\u00f6vend\u00e9ke (1921). Miut\u00e1n leszerelt gy\u00f3gyszer\u00e9szi oklevelet szerzett, tanulm\u00e1nyait folytatta Szegeden a FJTE-en (1925), ahol Az Aloe \u00faj sz\u00ednreakci\u00f3j\u00e1r\u00f3l a k\u00fcl\u00f6nb\u00f6z\u0151 Aloe fajok differenci\u00e1l\u00e1s\u00e1ra c. dolgozat\u00e1val elnyerte gy\u00f3gyszer\u00e9szeti vegytanb\u00f3l a doktori fokozatot (1928. dec. 4.). Szakel\u0151ad\u00e1sokat hallgatott ausztriai egyetemi v\u00e1rosokban is, \u00e9s a rom\u00e1n gy\u00f3gyszer\u00e9szeti oklevelet is megszerezte a buk.-i egyetem gy\u00f3gyszer\u00e9szeti kar\u00e1n. \u00c1tvette \u00e9desapj\u00e1t\u00f3l, \u201eAz isteni gondvisel\u00e9shez\u201d c\u00edmzett gy\u00f3gyszert\u00e1rat (1934), amit a vid\u00e9ki gy\u00f3gyszert\u00e1rak \u00e1llamos\u00edt\u00e1s\u00e1ig vezetett (1953). A II. vh. ut\u00e1n m\u00e1sod\u00e1ll\u00e1sban a bonyhai Egys\u00e9ges Gimn. tan\u00e1ra volt. \u00c1llamos\u00edt\u00e1s ut\u00e1n, n\u00e9h\u00e1ny h\u00f3napot K\u00fck\u00fcll\u0151v\u00e1ron volt gy\u00f3gyszer\u00e9sz, majd nyugd\u00edjaz\u00e1s\u00e1ig (1953. dec. \u2013 1973 nyar\u00e1ig), a dics\u0151szentm\u00e1rtoni v\u00e1rosi k\u00f3rh\u00e1z laborat\u00f3rium\u00e1nak biok\u00e9miai r\u00e9szleg\u00e9t vezette. Nyugd\u00edjba vonul\u00e1sa ut\u00e1n is akt\u00edv maradt szakmai t\u00e9ren. A kis sz\u00e1m\u00fa r. k. h\u00edv\u0151 sz\u00e1m\u00e1ra k\u00e1poln\u00e1t \u00e9p\u00edtett, r\u00e9szt vett a bonyhai \u00e1ltal\u00e1nos iskola \u00e9p\u00edt\u00e9s\u00e9ben. T\u00f6bb tudom\u00e1nyn\u00e9pszer\u0171s\u00edt\u0151 cikket \u00edrt az 1831-es koleraj\u00e1rv\u00e1nyr\u00f3l \u00e9s V\u00e1radi S\u00e1muel, Als\u00f3feh\u00e9r v\u00e1rmegye f\u0151orvos\u00e1r\u00f3l. A r\u00e9g\u00e9szet ir\u00e1nt kora ifj\u00fas\u00e1g\u00e1t\u00f3l fogva \u00e9rdekl\u0151d\u00f6tt. Dics\u0151szentm\u00e1rtonba ker\u00fcl\u00e9se ut\u00e1n hozz\u00e1kezdett a r\u00e9g\u00e9szeti \u00e9s \u0151sl\u00e9nytani gy\u0171jt\u00e9shez. Gy\u0171jt\u00e9se eredm\u00e9nyek\u00e9nt a dics\u0151szentm\u00e1rtoni M\u0171vel\u0151d\u00e9si H\u00e1zban megny\u00edlt a rajoni M\u00fazeum (1960), melynek \u0151 volt els\u0151 alap\u00edt\u00f3 igazgat\u00f3ja, ugyancsak m\u00e1sod\u00e1ll\u00e1sban (\u00f6nk\u00e9ntes munk\u00e1val). Jelent\u0151s adatokat, t\u00e1rgyakat gy\u0171jt\u00f6tt \u00f6ssze a v\u00e1ros m\u00faltj\u00e1ra vonatkoz\u00f3an. Post mortem Dics\u0151szentm\u00e1rton v\u00e1ros d\u00edszpolg\u00e1ra (1994\u2013). <br \/><strong>Irod.:<\/strong> Bodolai Gy\u00f6ngyi: A m\u00fazeumos doktor (N\u00fa., 1996. jan. 17.); Dics\u0151szentm\u00e1rton; K\u00fck\u00fcll\u0151menti Kislexikon: Dr. Scheitz Endre (Kis-K\u00fck\u00fcll\u0151, 21. sz., 1994); P\u00e9ter H. M.; P\u00e9ter H. M. 2013; T\u00e2rn\u0103veni, cult. \u2013 ist.<\/br><\/p>\n","protected":false},"excerpt":{"rendered":"<p>Bonyha, 1901. m\u00e1j. 25., \u2020 Dics\u0151szentm\u00e1rton, 1982. j\u00fan. 11.: gy\u00f3gyszer\u00e9sz. \u2013 Sch. Endre gy\u00f3gyszer\u00e9sz, a bonyhai patika megalap\u00edt\u00f3ja (1894) \u00e9s Ida fia. Azonos nev\u0171 fia tan\u00e1r Dics\u0151szentm\u00e1rtonban. \u2013 Elemi iskolai tanulm\u00e1nyait Bonyh\u00e1n, majd a k\u00f6z\u00e9piskolai tanulm\u00e1nyokat Mv.-en v\u00e9gezte, a R.K. Gimn.-ban \u00e9retts\u00e9gizett (1919). Gy\u00f3gyszergyakornok \u00e9desapja gy\u00f3gyszert\u00e1r\u00e1ban, majd Nagyszebenben, a Fabritius Guido gy\u00f3gyszert\u00e1r\u00e1ban dolgozott. Craiov\u00e1n, a [&hellip;]<\/p>\n","protected":false},"featured_media":0,"comment_status":"open","ping_status":"closed","template":"","meta":[],"product_brand":[],"product_cat":[137],"product_tag":[],"class_list":{"0":"post-19908","1":"product","2":"type-product","3":"status-publish","5":"product_cat-maros-megyei-eletrajzi-lexikon","7":"first","8":"instock","9":"shipping-taxable","10":"product-type-simple"},"_links":{"self":[{"href":"https:\/\/uj.adatbank.ro\/lexikon\/wp-json\/wp\/v2\/product\/19908","targetHints":{"allow":["GET"]}}],"collection":[{"href":"https:\/\/uj.adatbank.ro\/lexikon\/wp-json\/wp\/v2\/product"}],"about":[{"href":"https:\/\/uj.adatbank.ro\/lexikon\/wp-json\/wp\/v2\/types\/product"}],"replies":[{"embeddable":true,"href":"https:\/\/uj.adatbank.ro\/lexikon\/wp-json\/wp\/v2\/comments?post=19908"}],"wp:attachment":[{"href":"https:\/\/uj.adatbank.ro\/lexikon\/wp-json\/wp\/v2\/media?parent=19908"}],"wp:term":[{"taxonomy":"product_brand","embeddable":true,"href":"https:\/\/uj.adatbank.ro\/lexikon\/wp-json\/wp\/v2\/product_brand?post=19908"},{"taxonomy":"product_cat","embeddable":true,"href":"https:\/\/uj.adatbank.ro\/lexikon\/wp-json\/wp\/v2\/product_cat?post=19908"},{"taxonomy":"product_tag","embeddable":true,"href":"https:\/\/uj.adatbank.ro\/lexikon\/wp-json\/wp\/v2\/product_tag?post=19908"}],"curies":[{"name":"wp","href":"https:\/\/api.w.org\/{rel}","templated":true}]}}

<p>Bonyha, 1901. máj. 25., † Dicsőszentmárton, 1982. jún. 11.: gyógyszerész. – Sch. Endre gyógyszerész, a bonyhai patika megalapítója (1894) és Ida fia. Azonos nevű fia tanár Dicsőszentmártonban. – Elemi iskolai tanulmányait Bonyhán, majd a középiskolai tanulmányokat Mv.-en végezte, a R.K. Gimn.-ban érettségizett (1919). Gyógyszergyakornok édesapja gyógyszertárában, majd Nagyszebenben, a Fabritius Guido gyógyszertárában dolgozott. Craiován, a tartalékos egészségügyi tiszti iskola növendéke (1921). Miután leszerelt gyógyszerészi oklevelet szerzett, tanulmányait folytatta Szegeden a FJTE-en (1925), ahol Az Aloe új színreakciójáról a különböző Aloe fajok differenciálására c. dolgozatával elnyerte gyógyszerészeti vegytanból a doktori fokozatot (1928. dec. 4.). Szakelőadásokat hallgatott ausztriai egyetemi városokban is, és a román gyógyszerészeti oklevelet is megszerezte a buk.-i egyetem gyógyszerészeti karán. Átvette édesapjától, „Az isteni gondviseléshez” címzett gyógyszertárat (1934), amit a vidéki gyógyszertárak államosításáig vezetett (1953). A II. vh. után másodállásban a bonyhai Egységes Gimn. tanára volt. Államosítás után, néhány hónapot Küküllőváron volt gyógyszerész, majd nyugdíjazásáig (1953. dec. – 1973 nyaráig), a dicsőszentmártoni városi kórház laboratóriumának biokémiai részlegét vezette. Nyugdíjba vonulása után is aktív maradt szakmai téren. A kis számú r. k. hívő számára kápolnát épített, részt vett a bonyhai általános iskola építésében. Több tudománynépszerűsítő cikket írt az 1831-es kolerajárványról és Váradi Sámuel, Alsófehér vármegye főorvosáról. A régészet iránt kora ifjúságától fogva érdeklődött. Dicsőszentmártonba kerülése után hozzákezdett a régészeti és őslénytani gyűjtéshez. Gyűjtése eredményeként a dicsőszentmártoni Művelődési Házban megnyílt a rajoni Múzeum (1960), melynek ő volt első alapító igazgatója, ugyancsak másodállásban (önkéntes munkával). Jelentős adatokat, tárgyakat gyűjtött össze a város múltjára vonatkozóan. Post mortem Dicsőszentmárton város díszpolgára (1994–). <br /><strong>Irod.:</strong> Bodolai Gyöngyi: A múzeumos doktor (Nú., 1996. jan. 17.); Dicsőszentmárton; Küküllőmenti Kislexikon: Dr. Scheitz Endre (Kis-Küküllő, 21. sz., 1994); Péter H. M.; Péter H. M. 2013; Târnăveni, cult. – ist.</br></p>

<p>Bonyha, 1901. máj. 25., † Dicsőszentmárton, 1982. jún. 11.: gyógyszerész. – Sch. Endre gyógyszerész, a bonyhai patika megalapítója (1894) és Ida fia. Azonos nevű fia tanár Dicsőszentmártonban. – Elemi iskolai tanulmányait Bonyhán, majd a középiskolai tanulmányokat Mv.-en végezte, a R.K. Gimn.-ban érettségizett (1919). Gyógyszergyakornok édesapja gyógyszertárában, majd Nagyszebenben, a Fabritius Guido gyógyszertárában dolgozott. Craiován, a [&hellip;]</p>
