{"id":19910,"date":"2025-07-22T18:29:36","date_gmt":"2025-07-22T16:29:36","guid":{"rendered":"https:\/\/uj.adatbank.ro\/lexikon\/termek\/schell-georg-br\/"},"modified":"2025-07-22T18:29:36","modified_gmt":"2025-07-22T16:29:36","slug":"schell-georg-br","status":"publish","type":"product","link":"https:\/\/uj.adatbank.ro\/lexikon\/termek\/schell-georg-br\/","title":{"rendered":"SCHELL Georg, br."},"content":{"rendered":"<p>?\u2020?: polg\u00e1rmester. \u2013 Segesv\u00e1r sz\u00e9k polg\u00e1rmestere (1773). <br \/><strong>Irod.:<\/strong> Bozac\u2013Pavel.<\/br><\/p>\n","protected":false},"excerpt":{"rendered":"<p>?\u2020?: polg\u00e1rmester. \u2013 Segesv\u00e1r sz\u00e9k polg\u00e1rmestere (1773). Irod.: Bozac\u2013Pavel.<\/p>\n","protected":false},"featured_media":0,"comment_status":"open","ping_status":"closed","template":"","meta":[],"product_brand":[],"product_cat":[137],"product_tag":[],"class_list":{"0":"post-19910","1":"product","2":"type-product","3":"status-publish","5":"product_cat-maros-megyei-eletrajzi-lexikon","7":"first","8":"instock","9":"shipping-taxable","10":"product-type-simple"},"_links":{"self":[{"href":"https:\/\/uj.adatbank.ro\/lexikon\/wp-json\/wp\/v2\/product\/19910","targetHints":{"allow":["GET"]}}],"collection":[{"href":"https:\/\/uj.adatbank.ro\/lexikon\/wp-json\/wp\/v2\/product"}],"about":[{"href":"https:\/\/uj.adatbank.ro\/lexikon\/wp-json\/wp\/v2\/types\/product"}],"replies":[{"embeddable":true,"href":"https:\/\/uj.adatbank.ro\/lexikon\/wp-json\/wp\/v2\/comments?post=19910"}],"wp:attachment":[{"href":"https:\/\/uj.adatbank.ro\/lexikon\/wp-json\/wp\/v2\/media?parent=19910"}],"wp:term":[{"taxonomy":"product_brand","embeddable":true,"href":"https:\/\/uj.adatbank.ro\/lexikon\/wp-json\/wp\/v2\/product_brand?post=19910"},{"taxonomy":"product_cat","embeddable":true,"href":"https:\/\/uj.adatbank.ro\/lexikon\/wp-json\/wp\/v2\/product_cat?post=19910"},{"taxonomy":"product_tag","embeddable":true,"href":"https:\/\/uj.adatbank.ro\/lexikon\/wp-json\/wp\/v2\/product_tag?post=19910"}],"curies":[{"name":"wp","href":"https:\/\/api.w.org\/{rel}","templated":true}]}}