{"id":19918,"date":"2025-07-22T18:29:54","date_gmt":"2025-07-22T16:29:54","guid":{"rendered":"https:\/\/uj.adatbank.ro\/lexikon\/termek\/scherer-andras\/"},"modified":"2025-07-22T18:29:54","modified_gmt":"2025-07-22T16:29:54","slug":"scherer-andras","status":"publish","type":"product","link":"https:\/\/uj.adatbank.ro\/lexikon\/termek\/scherer-andras\/","title":{"rendered":"SCHERER Andr\u00e1s"},"content":{"rendered":"<p>? \u2020?: orgona\u00e9p\u00edt\u0151. \u2013 \u00c1t\u00e9p\u00edtette a bonyhai ref. templom orgon\u00e1j\u00e1t (1908), amit meg is jav\u00edtott (1929) \u00e9s D\u00e1ny\u00e1n is megjav\u00edtotta a templom orgon\u00e1j\u00e1t (1929). <br \/><strong>Irod.:<\/strong> K\u00fck\u00fcll\u0151i Ref. Egyh\u00e1zm. 4.<\/br><\/p>\n","protected":false},"excerpt":{"rendered":"<p>? \u2020?: orgona\u00e9p\u00edt\u0151. \u2013 \u00c1t\u00e9p\u00edtette a bonyhai ref. templom orgon\u00e1j\u00e1t (1908), amit meg is jav\u00edtott (1929) \u00e9s D\u00e1ny\u00e1n is megjav\u00edtotta a templom orgon\u00e1j\u00e1t (1929). Irod.: K\u00fck\u00fcll\u0151i Ref. Egyh\u00e1zm. 4.<\/p>\n","protected":false},"featured_media":0,"comment_status":"open","ping_status":"closed","template":"","meta":[],"product_brand":[],"product_cat":[137],"product_tag":[],"class_list":{"0":"post-19918","1":"product","2":"type-product","3":"status-publish","5":"product_cat-maros-megyei-eletrajzi-lexikon","7":"first","8":"instock","9":"shipping-taxable","10":"product-type-simple"},"_links":{"self":[{"href":"https:\/\/uj.adatbank.ro\/lexikon\/wp-json\/wp\/v2\/product\/19918","targetHints":{"allow":["GET"]}}],"collection":[{"href":"https:\/\/uj.adatbank.ro\/lexikon\/wp-json\/wp\/v2\/product"}],"about":[{"href":"https:\/\/uj.adatbank.ro\/lexikon\/wp-json\/wp\/v2\/types\/product"}],"replies":[{"embeddable":true,"href":"https:\/\/uj.adatbank.ro\/lexikon\/wp-json\/wp\/v2\/comments?post=19918"}],"wp:attachment":[{"href":"https:\/\/uj.adatbank.ro\/lexikon\/wp-json\/wp\/v2\/media?parent=19918"}],"wp:term":[{"taxonomy":"product_brand","embeddable":true,"href":"https:\/\/uj.adatbank.ro\/lexikon\/wp-json\/wp\/v2\/product_brand?post=19918"},{"taxonomy":"product_cat","embeddable":true,"href":"https:\/\/uj.adatbank.ro\/lexikon\/wp-json\/wp\/v2\/product_cat?post=19918"},{"taxonomy":"product_tag","embeddable":true,"href":"https:\/\/uj.adatbank.ro\/lexikon\/wp-json\/wp\/v2\/product_tag?post=19918"}],"curies":[{"name":"wp","href":"https:\/\/api.w.org\/{rel}","templated":true}]}}