{"id":19923,"date":"2025-07-22T18:30:05","date_gmt":"2025-07-22T16:30:05","guid":{"rendered":"https:\/\/uj.adatbank.ro\/lexikon\/termek\/schieb-hans-otto-ioan-schieb-hans-ottohans\/"},"modified":"2025-07-22T18:30:05","modified_gmt":"2025-07-22T16:30:05","slug":"schieb-hans-otto-ioan-schieb-hans-ottohans","status":"publish","type":"product","link":"https:\/\/uj.adatbank.ro\/lexikon\/termek\/schieb-hans-otto-ioan-schieb-hans-ottohans\/","title":{"rendered":"SCHIEB Hans Otto Ioan, Schieb Hans Ottohans"},"content":{"rendered":"<p>1916, \u2020 Mv., 1977: orvos, gyermekgy\u00f3gy\u00e1sz. \u2013 <strong>F. m.<\/strong>: <strong>t\u00e1rssz.:<\/strong> Kis eg\u00e9szs\u00e9g\u00fcgyi \u00fatmutat\u00f3 asszonyok sz\u00e1m\u00e1ra az orvos \u00e9rkez\u00e9s\u00e9ig (Liszka P\u00e1llal, Mv., 1973); Mic \u00eendreptar sanitar pentru femei. P\u00een\u0103 la venirea medicului (Liszka P\u00e1llal; Mv., 1973). <br \/><strong>Irod.:<\/strong> Csekme, Id\u0151t\u00e1r 4.; R\u00e9thy\u2013\u00dajv\u00e1ri\u2013V\u00e1czi; RMIL.<\/br><\/p>\n","protected":false},"excerpt":{"rendered":"<p>1916, \u2020 Mv., 1977: orvos, gyermekgy\u00f3gy\u00e1sz. \u2013 F. m.: t\u00e1rssz.: Kis eg\u00e9szs\u00e9g\u00fcgyi \u00fatmutat\u00f3 asszonyok sz\u00e1m\u00e1ra az orvos \u00e9rkez\u00e9s\u00e9ig (Liszka P\u00e1llal, Mv., 1973); Mic \u00eendreptar sanitar pentru femei. P\u00een\u0103 la venirea medicului (Liszka P\u00e1llal; Mv., 1973). Irod.: Csekme, Id\u0151t\u00e1r 4.; R\u00e9thy\u2013\u00dajv\u00e1ri\u2013V\u00e1czi; RMIL.<\/p>\n","protected":false},"featured_media":0,"comment_status":"open","ping_status":"closed","template":"","meta":[],"product_brand":[],"product_cat":[137],"product_tag":[],"class_list":{"0":"post-19923","1":"product","2":"type-product","3":"status-publish","5":"product_cat-maros-megyei-eletrajzi-lexikon","7":"first","8":"instock","9":"shipping-taxable","10":"product-type-simple"},"_links":{"self":[{"href":"https:\/\/uj.adatbank.ro\/lexikon\/wp-json\/wp\/v2\/product\/19923","targetHints":{"allow":["GET"]}}],"collection":[{"href":"https:\/\/uj.adatbank.ro\/lexikon\/wp-json\/wp\/v2\/product"}],"about":[{"href":"https:\/\/uj.adatbank.ro\/lexikon\/wp-json\/wp\/v2\/types\/product"}],"replies":[{"embeddable":true,"href":"https:\/\/uj.adatbank.ro\/lexikon\/wp-json\/wp\/v2\/comments?post=19923"}],"wp:attachment":[{"href":"https:\/\/uj.adatbank.ro\/lexikon\/wp-json\/wp\/v2\/media?parent=19923"}],"wp:term":[{"taxonomy":"product_brand","embeddable":true,"href":"https:\/\/uj.adatbank.ro\/lexikon\/wp-json\/wp\/v2\/product_brand?post=19923"},{"taxonomy":"product_cat","embeddable":true,"href":"https:\/\/uj.adatbank.ro\/lexikon\/wp-json\/wp\/v2\/product_cat?post=19923"},{"taxonomy":"product_tag","embeddable":true,"href":"https:\/\/uj.adatbank.ro\/lexikon\/wp-json\/wp\/v2\/product_tag?post=19923"}],"curies":[{"name":"wp","href":"https:\/\/api.w.org\/{rel}","templated":true}]}}