{"id":19925,"date":"2025-07-22T18:30:10","date_gmt":"2025-07-22T16:30:10","guid":{"rendered":"https:\/\/uj.adatbank.ro\/lexikon\/termek\/schieffer-n\/"},"modified":"2025-07-22T18:30:10","modified_gmt":"2025-07-22T16:30:10","slug":"schieffer-n","status":"publish","type":"product","link":"https:\/\/uj.adatbank.ro\/lexikon\/termek\/schieffer-n\/","title":{"rendered":"SCHIEFFER, N."},"content":{"rendered":"<p>? \u2020?: v\u00e1llalkoz\u00f3. \u2013 C\u00e9ge kapta Gr\u00fcnwald fiv\u00e9rekkel egy\u00fctt a kult\u00farpalota kivitelez\u00e9si megb\u00edz\u00e1s\u00e1t, mivel a helyi v\u00e1llalkoz\u00f3k (V\u00e1radi \u00c1rp\u00e1d, Csisz\u00e1r Lajos) sokkal k\u00f6lts\u00e9gesebbek lettek volna. <br \/><strong>Irod.:<\/strong> Id\u0151t\u00e1r 2; Marosi Barna 1974.<\/br><\/p>\n","protected":false},"excerpt":{"rendered":"<p>? \u2020?: v\u00e1llalkoz\u00f3. \u2013 C\u00e9ge kapta Gr\u00fcnwald fiv\u00e9rekkel egy\u00fctt a kult\u00farpalota kivitelez\u00e9si megb\u00edz\u00e1s\u00e1t, mivel a helyi v\u00e1llalkoz\u00f3k (V\u00e1radi \u00c1rp\u00e1d, Csisz\u00e1r Lajos) sokkal k\u00f6lts\u00e9gesebbek lettek volna. Irod.: Id\u0151t\u00e1r 2; Marosi Barna 1974.<\/p>\n","protected":false},"featured_media":0,"comment_status":"open","ping_status":"closed","template":"","meta":[],"product_brand":[],"product_cat":[137],"product_tag":[],"class_list":{"0":"post-19925","1":"product","2":"type-product","3":"status-publish","5":"product_cat-maros-megyei-eletrajzi-lexikon","7":"first","8":"instock","9":"shipping-taxable","10":"product-type-simple"},"_links":{"self":[{"href":"https:\/\/uj.adatbank.ro\/lexikon\/wp-json\/wp\/v2\/product\/19925","targetHints":{"allow":["GET"]}}],"collection":[{"href":"https:\/\/uj.adatbank.ro\/lexikon\/wp-json\/wp\/v2\/product"}],"about":[{"href":"https:\/\/uj.adatbank.ro\/lexikon\/wp-json\/wp\/v2\/types\/product"}],"replies":[{"embeddable":true,"href":"https:\/\/uj.adatbank.ro\/lexikon\/wp-json\/wp\/v2\/comments?post=19925"}],"wp:attachment":[{"href":"https:\/\/uj.adatbank.ro\/lexikon\/wp-json\/wp\/v2\/media?parent=19925"}],"wp:term":[{"taxonomy":"product_brand","embeddable":true,"href":"https:\/\/uj.adatbank.ro\/lexikon\/wp-json\/wp\/v2\/product_brand?post=19925"},{"taxonomy":"product_cat","embeddable":true,"href":"https:\/\/uj.adatbank.ro\/lexikon\/wp-json\/wp\/v2\/product_cat?post=19925"},{"taxonomy":"product_tag","embeddable":true,"href":"https:\/\/uj.adatbank.ro\/lexikon\/wp-json\/wp\/v2\/product_tag?post=19925"}],"curies":[{"name":"wp","href":"https:\/\/api.w.org\/{rel}","templated":true}]}}