{"id":19930,"date":"2025-07-22T18:30:21","date_gmt":"2025-07-22T16:30:21","guid":{"rendered":"https:\/\/uj.adatbank.ro\/lexikon\/termek\/schiffbaumer-odon\/"},"modified":"2025-07-22T18:30:21","modified_gmt":"2025-07-22T16:30:21","slug":"schiffbaumer-odon","status":"publish","type":"product","link":"https:\/\/uj.adatbank.ro\/lexikon\/termek\/schiffbaumer-odon\/","title":{"rendered":"SCHIFFB\u00c4UMER \u00d6d\u00f6n"},"content":{"rendered":"<p>? \u2020?: bankigazgat\u00f3. \u2013 A Sz\u00e1szr\u00e9geni Ipar \u00e9s Kereskedelmi Bank RT (alap\u00edt\u00e1si \u00e9v: 1898) vez\u00e9rigazgat\u00f3ja (1928 k.). <br \/><strong>Irod.:<\/strong> EBKL; Pan\u0103.<\/br><\/p>\n","protected":false},"excerpt":{"rendered":"<p>? \u2020?: bankigazgat\u00f3. \u2013 A Sz\u00e1szr\u00e9geni Ipar \u00e9s Kereskedelmi Bank RT (alap\u00edt\u00e1si \u00e9v: 1898) vez\u00e9rigazgat\u00f3ja (1928 k.). Irod.: EBKL; Pan\u0103.<\/p>\n","protected":false},"featured_media":0,"comment_status":"open","ping_status":"closed","template":"","meta":[],"product_brand":[],"product_cat":[137],"product_tag":[],"class_list":{"0":"post-19930","1":"product","2":"type-product","3":"status-publish","5":"product_cat-maros-megyei-eletrajzi-lexikon","7":"first","8":"instock","9":"shipping-taxable","10":"product-type-simple"},"_links":{"self":[{"href":"https:\/\/uj.adatbank.ro\/lexikon\/wp-json\/wp\/v2\/product\/19930","targetHints":{"allow":["GET"]}}],"collection":[{"href":"https:\/\/uj.adatbank.ro\/lexikon\/wp-json\/wp\/v2\/product"}],"about":[{"href":"https:\/\/uj.adatbank.ro\/lexikon\/wp-json\/wp\/v2\/types\/product"}],"replies":[{"embeddable":true,"href":"https:\/\/uj.adatbank.ro\/lexikon\/wp-json\/wp\/v2\/comments?post=19930"}],"wp:attachment":[{"href":"https:\/\/uj.adatbank.ro\/lexikon\/wp-json\/wp\/v2\/media?parent=19930"}],"wp:term":[{"taxonomy":"product_brand","embeddable":true,"href":"https:\/\/uj.adatbank.ro\/lexikon\/wp-json\/wp\/v2\/product_brand?post=19930"},{"taxonomy":"product_cat","embeddable":true,"href":"https:\/\/uj.adatbank.ro\/lexikon\/wp-json\/wp\/v2\/product_cat?post=19930"},{"taxonomy":"product_tag","embeddable":true,"href":"https:\/\/uj.adatbank.ro\/lexikon\/wp-json\/wp\/v2\/product_tag?post=19930"}],"curies":[{"name":"wp","href":"https:\/\/api.w.org\/{rel}","templated":true}]}}