{"id":19934,"date":"2025-07-22T18:30:29","date_gmt":"2025-07-22T16:30:29","guid":{"rendered":"https:\/\/uj.adatbank.ro\/lexikon\/termek\/schillinger-imre\/"},"modified":"2025-07-22T18:30:29","modified_gmt":"2025-07-22T16:30:29","slug":"schillinger-imre","status":"publish","type":"product","link":"https:\/\/uj.adatbank.ro\/lexikon\/termek\/schillinger-imre\/","title":{"rendered":"SCHILLINGER Imre"},"content":{"rendered":"<p>?, \u2020?: m\u00e9rn\u00f6k. \u2013 Okl. vegy\u00e9szm\u00e9rn\u00f6kk\u00e9nt dolgozott a mv.-i B\u00fcrger s\u00f6rgy\u00e1rban (1924 k.). <br \/><strong>Irod.:<\/strong> Almanah Tg.M.<\/br><\/p>\n","protected":false},"excerpt":{"rendered":"<p>?, \u2020?: m\u00e9rn\u00f6k. \u2013 Okl. vegy\u00e9szm\u00e9rn\u00f6kk\u00e9nt dolgozott a mv.-i B\u00fcrger s\u00f6rgy\u00e1rban (1924 k.). Irod.: Almanah Tg.M.<\/p>\n","protected":false},"featured_media":0,"comment_status":"open","ping_status":"closed","template":"","meta":[],"product_brand":[],"product_cat":[137],"product_tag":[],"class_list":{"0":"post-19934","1":"product","2":"type-product","3":"status-publish","5":"product_cat-maros-megyei-eletrajzi-lexikon","7":"first","8":"instock","9":"shipping-taxable","10":"product-type-simple"},"_links":{"self":[{"href":"https:\/\/uj.adatbank.ro\/lexikon\/wp-json\/wp\/v2\/product\/19934","targetHints":{"allow":["GET"]}}],"collection":[{"href":"https:\/\/uj.adatbank.ro\/lexikon\/wp-json\/wp\/v2\/product"}],"about":[{"href":"https:\/\/uj.adatbank.ro\/lexikon\/wp-json\/wp\/v2\/types\/product"}],"replies":[{"embeddable":true,"href":"https:\/\/uj.adatbank.ro\/lexikon\/wp-json\/wp\/v2\/comments?post=19934"}],"wp:attachment":[{"href":"https:\/\/uj.adatbank.ro\/lexikon\/wp-json\/wp\/v2\/media?parent=19934"}],"wp:term":[{"taxonomy":"product_brand","embeddable":true,"href":"https:\/\/uj.adatbank.ro\/lexikon\/wp-json\/wp\/v2\/product_brand?post=19934"},{"taxonomy":"product_cat","embeddable":true,"href":"https:\/\/uj.adatbank.ro\/lexikon\/wp-json\/wp\/v2\/product_cat?post=19934"},{"taxonomy":"product_tag","embeddable":true,"href":"https:\/\/uj.adatbank.ro\/lexikon\/wp-json\/wp\/v2\/product_tag?post=19934"}],"curies":[{"name":"wp","href":"https:\/\/api.w.org\/{rel}","templated":true}]}}