{"id":19935,"date":"2025-07-22T18:30:30","date_gmt":"2025-07-22T16:30:30","guid":{"rendered":"https:\/\/uj.adatbank.ro\/lexikon\/termek\/schindler-mihaly\/"},"modified":"2025-07-22T18:30:30","modified_gmt":"2025-07-22T16:30:30","slug":"schindler-mihaly","status":"publish","type":"product","link":"https:\/\/uj.adatbank.ro\/lexikon\/termek\/schindler-mihaly\/","title":{"rendered":"SCHINDLER Mih\u00e1ly"},"content":{"rendered":"<p>? \u2020\u00a01821.: k\u0151farag\u00f3. \u2013 Els\u0151sorban Kv.-on dolgozott. Gernyeszegen a kast\u00e9ly ist\u00e1ll\u00f3j\u00e1hoz faragott k\u00f6veket \u00e9s p\u00e1rk\u00e1nyt (1796), a koronkai Toldalagi-kript\u00e1ba egy k\u0151kopors\u00f3t faragott, amibe k\u00e9t fakopors\u00f3 f\u00e9r el, a tetej\u00e9n faragott urn\u00e1val (1806), a gyalakutai L\u00e1z\u00e1r udvarh\u00e1zhoz is faragott k\u00f6veket (1812). A mv.-i v\u00e1ros sz\u00f6k\u0151k\u00fatj\u00e1nak k\u00f6veit faragta (1800-ban) a Nemes Gy\u00f6rgy szen\u00e1torral k\u00f6t\u00f6tt szerz\u0151d\u00e9s alapj\u00e1n. <br \/><strong>Irod.:<\/strong> B. Nagy Margit 1970; Orb\u00e1n J\u00e1nos: Hasznoss\u00e1g \u00e9s sz\u00e9ps\u00e9g hat\u00e1r\u00e1n. K\u00f6zkutak Mv.-en a 19. sz\u00e1zad els\u0151 fel\u00e9ben = Liber discipulorum.<\/br><\/p>\n","protected":false},"excerpt":{"rendered":"<p>? \u2020\u00a01821.: k\u0151farag\u00f3. \u2013 Els\u0151sorban Kv.-on dolgozott. Gernyeszegen a kast\u00e9ly ist\u00e1ll\u00f3j\u00e1hoz faragott k\u00f6veket \u00e9s p\u00e1rk\u00e1nyt (1796), a koronkai Toldalagi-kript\u00e1ba egy k\u0151kopors\u00f3t faragott, amibe k\u00e9t fakopors\u00f3 f\u00e9r el, a tetej\u00e9n faragott urn\u00e1val (1806), a gyalakutai L\u00e1z\u00e1r udvarh\u00e1zhoz is faragott k\u00f6veket (1812). A mv.-i v\u00e1ros sz\u00f6k\u0151k\u00fatj\u00e1nak k\u00f6veit faragta (1800-ban) a Nemes Gy\u00f6rgy szen\u00e1torral k\u00f6t\u00f6tt szerz\u0151d\u00e9s alapj\u00e1n. Irod.: [&hellip;]<\/p>\n","protected":false},"featured_media":0,"comment_status":"open","ping_status":"closed","template":"","meta":[],"product_brand":[],"product_cat":[137],"product_tag":[],"class_list":{"0":"post-19935","1":"product","2":"type-product","3":"status-publish","5":"product_cat-maros-megyei-eletrajzi-lexikon","7":"first","8":"instock","9":"shipping-taxable","10":"product-type-simple"},"_links":{"self":[{"href":"https:\/\/uj.adatbank.ro\/lexikon\/wp-json\/wp\/v2\/product\/19935","targetHints":{"allow":["GET"]}}],"collection":[{"href":"https:\/\/uj.adatbank.ro\/lexikon\/wp-json\/wp\/v2\/product"}],"about":[{"href":"https:\/\/uj.adatbank.ro\/lexikon\/wp-json\/wp\/v2\/types\/product"}],"replies":[{"embeddable":true,"href":"https:\/\/uj.adatbank.ro\/lexikon\/wp-json\/wp\/v2\/comments?post=19935"}],"wp:attachment":[{"href":"https:\/\/uj.adatbank.ro\/lexikon\/wp-json\/wp\/v2\/media?parent=19935"}],"wp:term":[{"taxonomy":"product_brand","embeddable":true,"href":"https:\/\/uj.adatbank.ro\/lexikon\/wp-json\/wp\/v2\/product_brand?post=19935"},{"taxonomy":"product_cat","embeddable":true,"href":"https:\/\/uj.adatbank.ro\/lexikon\/wp-json\/wp\/v2\/product_cat?post=19935"},{"taxonomy":"product_tag","embeddable":true,"href":"https:\/\/uj.adatbank.ro\/lexikon\/wp-json\/wp\/v2\/product_tag?post=19935"}],"curies":[{"name":"wp","href":"https:\/\/api.w.org\/{rel}","templated":true}]}}