{"id":19949,"date":"2025-07-22T18:31:01","date_gmt":"2025-07-22T16:31:01","guid":{"rendered":"https:\/\/uj.adatbank.ro\/lexikon\/termek\/schmidt-ferenc\/"},"modified":"2025-07-22T18:31:01","modified_gmt":"2025-07-22T16:31:01","slug":"schmidt-ferenc","status":"publish","type":"product","link":"https:\/\/uj.adatbank.ro\/lexikon\/termek\/schmidt-ferenc\/","title":{"rendered":"SCHMIDT Ferenc"},"content":{"rendered":"<p>Temesv\u00e1r, 1827. febr. 14., \u2020\u00a01901.: \u00e9p\u00edt\u00e9sz. \u2013 Tanulm\u00e1nyait B\u00e9csben \u00e9s M\u00fcnchenben v\u00e9gezte \u00e9s Budapesten mint \u00e9p\u00edt\u00e9sz m\u0171k\u00f6d\u00f6tt. Nagy \u00e9rdemei vannak a k\u00e9t nagy magyar matematikus Bolyai Farkas \u00e9s J\u00e1nos ismertet\u00e9se k\u00f6r\u00fcl a k\u00fclf\u00f6ld el\u0151tt. \u00c9letrajzukat a Grunert-f\u00e9le Archiv f\u00fcr Mathematik und Physikben 1868-ban \u00edrta meg; ez k\u00f6lt\u00f6tte fel a k\u00fclf\u00f6ldi tud\u00f3sok figyelm\u00e9t a h\u00edres Gauss ifj\u00fakori bar\u00e1tj\u00e1ra: Bolyai Farkasra \u00e9s m\u0171veire. Houel J. bordeauxi tan\u00e1r Sch. dolgozat\u00e1t francia nyelvre leford\u00edtotta (1868), Forti R\u00f3m\u00e1ban olasz nyelvre. Sch. a Petzval J\u00f3zsef jubileuma alkalm\u00e1b\u00f3l annak \u00e9letrajz\u00e1t \u00edrta meg a Term\u00e9szettudom. K\u00f6zl\u00f6nyben (1887). \u2013 <strong>F. m.<\/strong>: Bolyai Farkas \u00e9s Gauss Frigyes K\u00e1roly levelez\u00e9se. (Bp, 1899). <br \/><strong>Irod.:<\/strong> Apa \u00e9s fi\u00fa k\u00fczdelme a k\u00f3rokkal: Ol\u00e1h Anna: Bolyai Farkas gy\u00f3gy\u00e1szati munk\u00e1ss\u00e1ga; Vofkori J\u00f3zsef: Bolyai J\u00e1nos betegs\u00e9gei kordokumentumok \u00e9s a modern orvostudom\u00e1ny t\u00fckr\u00e9ben (Mv. 2005); Szinnyei; Weszely Tibor: Sch. F. \u00e9s G. J.Ho\u00fcel = Weszely Tibor: Bolyai J\u00e1nos (Bp., 2002).<\/br><\/p>\n","protected":false},"excerpt":{"rendered":"<p>Temesv\u00e1r, 1827. febr. 14., \u2020\u00a01901.: \u00e9p\u00edt\u00e9sz. \u2013 Tanulm\u00e1nyait B\u00e9csben \u00e9s M\u00fcnchenben v\u00e9gezte \u00e9s Budapesten mint \u00e9p\u00edt\u00e9sz m\u0171k\u00f6d\u00f6tt. Nagy \u00e9rdemei vannak a k\u00e9t nagy magyar matematikus Bolyai Farkas \u00e9s J\u00e1nos ismertet\u00e9se k\u00f6r\u00fcl a k\u00fclf\u00f6ld el\u0151tt. \u00c9letrajzukat a Grunert-f\u00e9le Archiv f\u00fcr Mathematik und Physikben 1868-ban \u00edrta meg; ez k\u00f6lt\u00f6tte fel a k\u00fclf\u00f6ldi tud\u00f3sok figyelm\u00e9t a h\u00edres Gauss [&hellip;]<\/p>\n","protected":false},"featured_media":0,"comment_status":"open","ping_status":"closed","template":"","meta":[],"product_brand":[],"product_cat":[137],"product_tag":[],"class_list":{"0":"post-19949","1":"product","2":"type-product","3":"status-publish","5":"product_cat-maros-megyei-eletrajzi-lexikon","7":"first","8":"instock","9":"shipping-taxable","10":"product-type-simple"},"_links":{"self":[{"href":"https:\/\/uj.adatbank.ro\/lexikon\/wp-json\/wp\/v2\/product\/19949","targetHints":{"allow":["GET"]}}],"collection":[{"href":"https:\/\/uj.adatbank.ro\/lexikon\/wp-json\/wp\/v2\/product"}],"about":[{"href":"https:\/\/uj.adatbank.ro\/lexikon\/wp-json\/wp\/v2\/types\/product"}],"replies":[{"embeddable":true,"href":"https:\/\/uj.adatbank.ro\/lexikon\/wp-json\/wp\/v2\/comments?post=19949"}],"wp:attachment":[{"href":"https:\/\/uj.adatbank.ro\/lexikon\/wp-json\/wp\/v2\/media?parent=19949"}],"wp:term":[{"taxonomy":"product_brand","embeddable":true,"href":"https:\/\/uj.adatbank.ro\/lexikon\/wp-json\/wp\/v2\/product_brand?post=19949"},{"taxonomy":"product_cat","embeddable":true,"href":"https:\/\/uj.adatbank.ro\/lexikon\/wp-json\/wp\/v2\/product_cat?post=19949"},{"taxonomy":"product_tag","embeddable":true,"href":"https:\/\/uj.adatbank.ro\/lexikon\/wp-json\/wp\/v2\/product_tag?post=19949"}],"curies":[{"name":"wp","href":"https:\/\/api.w.org\/{rel}","templated":true}]}}

<p>Temesvár, 1827. febr. 14., † 1901.: építész. – Tanulmányait Bécsben és Münchenben végezte és Budapesten mint építész működött. Nagy érdemei vannak a két nagy magyar matematikus Bolyai Farkas és János ismertetése körül a külföld előtt. Életrajzukat a Grunert-féle Archiv für Mathematik und Physikben 1868-ban írta meg; ez költötte fel a külföldi tudósok figyelmét a híres Gauss ifjúkori barátjára: Bolyai Farkasra és műveire. Houel J. bordeauxi tanár Sch. dolgozatát francia nyelvre lefordította (1868), Forti Rómában olasz nyelvre. Sch. a Petzval József jubileuma alkalmából annak életrajzát írta meg a Természettudom. Közlönyben (1887). – <strong>F. m.</strong>: Bolyai Farkas és Gauss Frigyes Károly levelezése. (Bp, 1899). <br /><strong>Irod.:</strong> Apa és fiú küzdelme a kórokkal: Oláh Anna: Bolyai Farkas gyógyászati munkássága; Vofkori József: Bolyai János betegségei kordokumentumok és a modern orvostudomány tükrében (Mv. 2005); Szinnyei; Weszely Tibor: Sch. F. és G. J.Hoüel = Weszely Tibor: Bolyai János (Bp., 2002).</br></p>

<p>Temesvár, 1827. febr. 14., † 1901.: építész. – Tanulmányait Bécsben és Münchenben végezte és Budapesten mint építész működött. Nagy érdemei vannak a két nagy magyar matematikus Bolyai Farkas és János ismertetése körül a külföld előtt. Életrajzukat a Grunert-féle Archiv für Mathematik und Physikben 1868-ban írta meg; ez költötte fel a külföldi tudósok figyelmét a híres Gauss [&hellip;]</p>
