{"id":19952,"date":"2025-07-22T18:31:08","date_gmt":"2025-07-22T16:31:08","guid":{"rendered":"https:\/\/uj.adatbank.ro\/lexikon\/termek\/schmidt-imre-%c2%a7\/"},"modified":"2025-07-22T18:31:08","modified_gmt":"2025-07-22T16:31:08","slug":"schmidt-imre-%c2%a7","status":"publish","type":"product","link":"https:\/\/uj.adatbank.ro\/lexikon\/termek\/schmidt-imre-%c2%a7\/","title":{"rendered":"SCHMIDT Imre, \u00a7"},"content":{"rendered":"<p>1885, \u2020?: polg\u00e1rmester Sz\u00e1szr\u00e9genben. \u2013 K\u00f6z\u00e9piskolai tanulm\u00e1nyait Marosvizsolyon, az egyetemet Bp.-en v\u00e9gezte. Doktor\u00e1tust szerzett. A v\u00e1rmegy\u00e9n\u00e9l mint szolgab\u00edr\u00f3 kezdte p\u00e1lyafut\u00e1s\u00e1t, majd Sz\u00e1szr\u00e9gen polg\u00e1rmestere (1940. nov. \u2013 1944. \u0151sz). T\u00f6bb kultur\u00e1lis egyes\u00fclet eln\u00f6ke \u00e9s megalap\u00edt\u00f3ja. \u00dajj\u00e1alak\u00edtotta a MP \u00e9s a R. K. egyh\u00e1zk\u00f6z\u00f6ss\u00e9get. F\u0151munkat\u00e1rsa a r\u00f6vid ideig megjelen\u0151 Sz\u00e1szr\u00e9gen v\u00e1ros t\u00e1rsadalmi hetilapj\u00e1nak A Jelen c.-nek (1910). Magyaro.-ra, majd Ausztri\u00e1ba menek\u00fclt (1944\u201345), visszat\u00e9rt Sz\u00e1szr\u00e9genbe (1945. dec.), ahol a n\u00e9p\u00fcgy\u00e9sz letart\u00f3ztatta. Sportolt: a labdar\u00fag\u00f3 \u2013 ker\u00e9kp\u00e1r \u2013 t\u00e9li sportok- \u00e9s turisztik\u00e1ban szerepelt, a MAFC, majd az MSE sz\u00edneiben. Megalap\u00edtotta a sz\u00e1szr\u00e9geni AC-t (1909) \u00e9s meghonos\u00edtotta a labdar\u00fag\u00e1st. P\u00e1ly\u00e1t \u00e9p\u00edttetett, teljes felszerel\u00e9ssel, majd bevezette az atl\u00e9tik\u00e1t is. Egyes\u00fclet\u00e9t SzTK n\u00e9ven \u00fajj\u00e1alak\u00edtotta (1923), majd megalap\u00edtotta a PSE-t (1924). A Turul SE eln\u00f6ke is volt. \u2013 <strong>F. m.<\/strong>: Sz\u00e1szr\u00e9gen v\u00e1ros t\u00f6rt\u00e9nete (Sz\u00e1szr\u00e9gen, 1941). <br \/><strong>Irod.:<\/strong> B\u00edr\u00f3 Don\u00e1t; Letart\u00f3ztatta a n\u00e9p\u00fcgy\u00e9sz Schmidt volt r\u00e9geni polg\u00e1rmestert \u00e9s dr. Szab\u00f3 \u00fcgyv\u00e9det (Szabad Sz\u00f3, 1946. febr. 7.); Pluh\u00e1r; Szab\u00f3 Mih\u00e1ly: A r\u00e9geni sajt\u00f3 t\u00f6rt\u00e9net\u00e9b\u0151l (1.) (V. Z., 1983. m\u00e1rc. 20.); Sz\u00e9kelyf\u00f6ld \u00ed. k.<\/br><\/p>\n","protected":false},"excerpt":{"rendered":"<p>1885, \u2020?: polg\u00e1rmester Sz\u00e1szr\u00e9genben. \u2013 K\u00f6z\u00e9piskolai tanulm\u00e1nyait Marosvizsolyon, az egyetemet Bp.-en v\u00e9gezte. Doktor\u00e1tust szerzett. A v\u00e1rmegy\u00e9n\u00e9l mint szolgab\u00edr\u00f3 kezdte p\u00e1lyafut\u00e1s\u00e1t, majd Sz\u00e1szr\u00e9gen polg\u00e1rmestere (1940. nov. \u2013 1944. \u0151sz). T\u00f6bb kultur\u00e1lis egyes\u00fclet eln\u00f6ke \u00e9s megalap\u00edt\u00f3ja. \u00dajj\u00e1alak\u00edtotta a MP \u00e9s a R. K. egyh\u00e1zk\u00f6z\u00f6ss\u00e9get. F\u0151munkat\u00e1rsa a r\u00f6vid ideig megjelen\u0151 Sz\u00e1szr\u00e9gen v\u00e1ros t\u00e1rsadalmi hetilapj\u00e1nak A Jelen c.-nek (1910). [&hellip;]<\/p>\n","protected":false},"featured_media":0,"comment_status":"open","ping_status":"closed","template":"","meta":[],"product_brand":[],"product_cat":[137],"product_tag":[],"class_list":{"0":"post-19952","1":"product","2":"type-product","3":"status-publish","5":"product_cat-maros-megyei-eletrajzi-lexikon","7":"first","8":"instock","9":"shipping-taxable","10":"product-type-simple"},"_links":{"self":[{"href":"https:\/\/uj.adatbank.ro\/lexikon\/wp-json\/wp\/v2\/product\/19952","targetHints":{"allow":["GET"]}}],"collection":[{"href":"https:\/\/uj.adatbank.ro\/lexikon\/wp-json\/wp\/v2\/product"}],"about":[{"href":"https:\/\/uj.adatbank.ro\/lexikon\/wp-json\/wp\/v2\/types\/product"}],"replies":[{"embeddable":true,"href":"https:\/\/uj.adatbank.ro\/lexikon\/wp-json\/wp\/v2\/comments?post=19952"}],"wp:attachment":[{"href":"https:\/\/uj.adatbank.ro\/lexikon\/wp-json\/wp\/v2\/media?parent=19952"}],"wp:term":[{"taxonomy":"product_brand","embeddable":true,"href":"https:\/\/uj.adatbank.ro\/lexikon\/wp-json\/wp\/v2\/product_brand?post=19952"},{"taxonomy":"product_cat","embeddable":true,"href":"https:\/\/uj.adatbank.ro\/lexikon\/wp-json\/wp\/v2\/product_cat?post=19952"},{"taxonomy":"product_tag","embeddable":true,"href":"https:\/\/uj.adatbank.ro\/lexikon\/wp-json\/wp\/v2\/product_tag?post=19952"}],"curies":[{"name":"wp","href":"https:\/\/api.w.org\/{rel}","templated":true}]}}

<p>1885, †?: polgármester Szászrégenben. – Középiskolai tanulmányait Marosvizsolyon, az egyetemet Bp.-en végezte. Doktorátust szerzett. A vármegyénél mint szolgabíró kezdte pályafutását, majd Szászrégen polgármestere (1940. nov. – 1944. ősz). Több kulturális egyesület elnöke és megalapítója. Újjáalakította a MP és a R. K. egyházközösséget. Főmunkatársa a rövid ideig megjelenő Szászrégen város társadalmi hetilapjának A Jelen c.-nek (1910). Magyaro.-ra, majd Ausztriába menekült (1944–45), visszatért Szászrégenbe (1945. dec.), ahol a népügyész letartóztatta. Sportolt: a labdarúgó – kerékpár – téli sportok- és turisztikában szerepelt, a MAFC, majd az MSE színeiben. Megalapította a szászrégeni AC-t (1909) és meghonosította a labdarúgást. Pályát építtetett, teljes felszereléssel, majd bevezette az atlétikát is. Egyesületét SzTK néven újjáalakította (1923), majd megalapította a PSE-t (1924). A Turul SE elnöke is volt. – <strong>F. m.</strong>: Szászrégen város története (Szászrégen, 1941). <br /><strong>Irod.:</strong> Bíró Donát; Letartóztatta a népügyész Schmidt volt régeni polgármestert és dr. Szabó ügyvédet (Szabad Szó, 1946. febr. 7.); Pluhár; Szabó Mihály: A régeni sajtó történetéből (1.) (V. Z., 1983. márc. 20.); Székelyföld í. k.</br></p>

<p>1885, †?: polgármester Szászrégenben. – Középiskolai tanulmányait Marosvizsolyon, az egyetemet Bp.-en végezte. Doktorátust szerzett. A vármegyénél mint szolgabíró kezdte pályafutását, majd Szászrégen polgármestere (1940. nov. – 1944. ősz). Több kulturális egyesület elnöke és megalapítója. Újjáalakította a MP és a R. K. egyházközösséget. Főmunkatársa a rövid ideig megjelenő Szászrégen város társadalmi hetilapjának A Jelen c.-nek (1910). [&hellip;]</p>
