{"id":19955,"date":"2025-07-22T18:31:15","date_gmt":"2025-07-22T16:31:15","guid":{"rendered":"https:\/\/uj.adatbank.ro\/lexikon\/termek\/schmidt-johannes-schmidt-joannes\/"},"modified":"2025-07-22T18:31:15","modified_gmt":"2025-07-22T16:31:15","slug":"schmidt-johannes-schmidt-joannes","status":"publish","type":"product","link":"https:\/\/uj.adatbank.ro\/lexikon\/termek\/schmidt-johannes-schmidt-joannes\/","title":{"rendered":"SCHMIDT, Johannes, Schmidt Joannes"},"content":{"rendered":"<p>Segesv\u00e1r, 1734. \u00e1pr. 9., \u2020 Medgyes, 1821. jan. 16.: \u00e1g. ev. lelk\u00e9sz, apja Sch. Andr\u00e1s sz\u00edjgy\u00e1rt\u00f3 \u00e9s v\u00e1rosi tan\u00e1csbeli volt. \u2013 Sch. nyolc\u00e9ves kor\u00e1t\u00f3l k\u00e9t \u00e9vig sz\u00fcleivel Berethalomban lakott, azut\u00e1n ism\u00e9t visszat\u00e9rt Segesv\u00e1rra, majd a nagyszebeni gimn\u00e1ziumban tanult (1754\u2013), a vizsga let\u00e9tele ut\u00e1n pedig Knoblauch Kereszt\u00e9ly keresked\u0151 seg\u00edts\u00e9g\u00e9vel az erlangeni egyetemen (1758\u201361) folytatta teol\u00f3giai tanulm\u00e1nyait, hol magisteri oklevelet nyert. Haz\u00e1j\u00e1ba visszat\u00e9rve Bauszner S\u00e1muel fi\u00e1n\u00e1l volt nevel\u0151, akit azt\u00e1n k\u00fclf\u00f6ldi egyetemre k\u00eds\u00e9rt (1764\u201365). Beutazt\u00e1k N\u00e9metorsz\u00e1g v\u00e1rosait, majd Csehorsz\u00e1gon \u00e9s Magyaro.-n \u00e1t vissza\u00e9rkeztek Nagyszebenbe. Ekkor megv\u00e1lasztott\u00e1k kv.-i \u00e1g. ev. lelk\u00e9sznek (1765\u2013), hol a sz\u00f3sz\u00e9ken a sz\u00e1sz nyelvj\u00e1r\u00e1s mellett a tiszta n\u00e9metet hozta szok\u00e1sba; medgyesi lelk\u00e9sznek v\u00e1lasztott\u00e1k meg (1783\u2013), itten kilenc \u00e9vig syndikus (1784\u2013), a medgyesi k\u00e1ptalan d\u00e9k\u00e1nja volt (1797\u20131807); \u00e9lete utols\u00f3 \u00e9veiben a superintendensi teend\u0151ket is v\u00e9gezte. \u2013 <strong>F. m.<\/strong>: Disputatio theologica de vi et efficia scripturae sacrae, quam \u2026 praeside \u2026Joachim Ehrenfried Pfeiffer publicae eruditorum disquisitioni submittit auctor et respondens (Erlangae, 1761); Trauerrede auf den Tod Mariae Theresiae. In der evang. Kirche zu Klausenburg unter einer ansehnlichen Versammlung aus allen St\u00e4nden gehalten am 31. Dezember 1780. und auf Verlangen herausgegeben. (Klausenburg, 1781.); Christliche Predigt und Trauerrede auf den Tod Josephs II. In der evang. Stadtkirche zu Mediasch gehalten den 25. April 1790. und auf Verlangen herausgegeben. (Hermannstadt). <br \/><strong>Irod.:<\/strong> RMK III\/18. sz.; Szab\u00f3\u2013Sz\u00f6gi; Szinnyei.<\/br><\/p>\n","protected":false},"excerpt":{"rendered":"<p>Segesv\u00e1r, 1734. \u00e1pr. 9., \u2020 Medgyes, 1821. jan. 16.: \u00e1g. ev. lelk\u00e9sz, apja Sch. Andr\u00e1s sz\u00edjgy\u00e1rt\u00f3 \u00e9s v\u00e1rosi tan\u00e1csbeli volt. \u2013 Sch. nyolc\u00e9ves kor\u00e1t\u00f3l k\u00e9t \u00e9vig sz\u00fcleivel Berethalomban lakott, azut\u00e1n ism\u00e9t visszat\u00e9rt Segesv\u00e1rra, majd a nagyszebeni gimn\u00e1ziumban tanult (1754\u2013), a vizsga let\u00e9tele ut\u00e1n pedig Knoblauch Kereszt\u00e9ly keresked\u0151 seg\u00edts\u00e9g\u00e9vel az erlangeni egyetemen (1758\u201361) folytatta teol\u00f3giai tanulm\u00e1nyait, [&hellip;]<\/p>\n","protected":false},"featured_media":0,"comment_status":"open","ping_status":"closed","template":"","meta":[],"product_brand":[],"product_cat":[137],"product_tag":[],"class_list":{"0":"post-19955","1":"product","2":"type-product","3":"status-publish","5":"product_cat-maros-megyei-eletrajzi-lexikon","7":"first","8":"instock","9":"shipping-taxable","10":"product-type-simple"},"_links":{"self":[{"href":"https:\/\/uj.adatbank.ro\/lexikon\/wp-json\/wp\/v2\/product\/19955","targetHints":{"allow":["GET"]}}],"collection":[{"href":"https:\/\/uj.adatbank.ro\/lexikon\/wp-json\/wp\/v2\/product"}],"about":[{"href":"https:\/\/uj.adatbank.ro\/lexikon\/wp-json\/wp\/v2\/types\/product"}],"replies":[{"embeddable":true,"href":"https:\/\/uj.adatbank.ro\/lexikon\/wp-json\/wp\/v2\/comments?post=19955"}],"wp:attachment":[{"href":"https:\/\/uj.adatbank.ro\/lexikon\/wp-json\/wp\/v2\/media?parent=19955"}],"wp:term":[{"taxonomy":"product_brand","embeddable":true,"href":"https:\/\/uj.adatbank.ro\/lexikon\/wp-json\/wp\/v2\/product_brand?post=19955"},{"taxonomy":"product_cat","embeddable":true,"href":"https:\/\/uj.adatbank.ro\/lexikon\/wp-json\/wp\/v2\/product_cat?post=19955"},{"taxonomy":"product_tag","embeddable":true,"href":"https:\/\/uj.adatbank.ro\/lexikon\/wp-json\/wp\/v2\/product_tag?post=19955"}],"curies":[{"name":"wp","href":"https:\/\/api.w.org\/{rel}","templated":true}]}}

<p>Segesvár, 1734. ápr. 9., † Medgyes, 1821. jan. 16.: ág. ev. lelkész, apja Sch. András szíjgyártó és városi tanácsbeli volt. – Sch. nyolcéves korától két évig szüleivel Berethalomban lakott, azután ismét visszatért Segesvárra, majd a nagyszebeni gimnáziumban tanult (1754–), a vizsga letétele után pedig Knoblauch Keresztély kereskedő segítségével az erlangeni egyetemen (1758–61) folytatta teológiai tanulmányait, hol magisteri oklevelet nyert. Hazájába visszatérve Bauszner Sámuel fiánál volt nevelő, akit aztán külföldi egyetemre kísért (1764–65). Beutazták Németország városait, majd Csehországon és Magyaro.-n át visszaérkeztek Nagyszebenbe. Ekkor megválasztották kv.-i ág. ev. lelkésznek (1765–), hol a szószéken a szász nyelvjárás mellett a tiszta németet hozta szokásba; medgyesi lelkésznek választották meg (1783–), itten kilenc évig syndikus (1784–), a medgyesi káptalan dékánja volt (1797–1807); élete utolsó éveiben a superintendensi teendőket is végezte. – <strong>F. m.</strong>: Disputatio theologica de vi et efficia scripturae sacrae, quam … praeside …Joachim Ehrenfried Pfeiffer publicae eruditorum disquisitioni submittit auctor et respondens (Erlangae, 1761); Trauerrede auf den Tod Mariae Theresiae. In der evang. Kirche zu Klausenburg unter einer ansehnlichen Versammlung aus allen Ständen gehalten am 31. Dezember 1780. und auf Verlangen herausgegeben. (Klausenburg, 1781.); Christliche Predigt und Trauerrede auf den Tod Josephs II. In der evang. Stadtkirche zu Mediasch gehalten den 25. April 1790. und auf Verlangen herausgegeben. (Hermannstadt). <br /><strong>Irod.:</strong> RMK III/18. sz.; Szabó–Szögi; Szinnyei.</br></p>

<p>Segesvár, 1734. ápr. 9., † Medgyes, 1821. jan. 16.: ág. ev. lelkész, apja Sch. András szíjgyártó és városi tanácsbeli volt. – Sch. nyolcéves korától két évig szüleivel Berethalomban lakott, azután ismét visszatért Segesvárra, majd a nagyszebeni gimnáziumban tanult (1754–), a vizsga letétele után pedig Knoblauch Keresztély kereskedő segítségével az erlangeni egyetemen (1758–61) folytatta teológiai tanulmányait, [&hellip;]</p>
