{"id":19966,"date":"2025-07-22T18:31:38","date_gmt":"2025-07-22T16:31:38","guid":{"rendered":"https:\/\/uj.adatbank.ro\/lexikon\/termek\/schnedarek-ervin-bela-%c2%a7\/"},"modified":"2025-07-22T18:31:38","modified_gmt":"2025-07-22T16:31:38","slug":"schnedarek-ervin-bela-%c2%a7","status":"publish","type":"product","link":"https:\/\/uj.adatbank.ro\/lexikon\/termek\/schnedarek-ervin-bela-%c2%a7\/","title":{"rendered":"SCHNEDAREK Ervin B\u00e9la, \u00a7"},"content":{"rendered":"<p>Mv., 1920. jan. 21., \u2020 Mv., 2008. jan. 14.: tan\u00e1r, fot\u00f3 \u00e9s filmes. \u2013 Apja B\u00e9csben saj\u00e1t\u00edtotta el a vir\u00e1gtermeszt\u00e9s tudom\u00e1ny\u00e1t. H\u00e9t fia volt egyik sem k\u00f6vette mesters\u00e9g\u00e9t, technikai, m\u0171v\u00e9szi elhivatotts\u00e1got \u00e9reztek magukban. \u2013 Mv.-en v\u00e9gezte a k\u00f6z\u00e9piskol\u00e1t (1938), a kv.-i BTE matematika-fizika szak\u00e1n szerzett oklevelet (1958), de m\u00e1r kor\u00e1bban technikusi beoszt\u00e1sban dolgozott a MOGYI-n (1951\u201358). M\u00e1r gyermekkor\u00e1ban szerette a mozg\u00f3k\u00e9peket. Vilmos b\u00e1tyj\u00e1val vet\u00edt\u0151g\u00e9pet k\u00e9sz\u00edtettek (1947). Mv.-en mozig\u00e9p\u00e9szeti szakiskola m\u0171k\u00f6d\u00f6tt (1952\u201360, a volt Kisfaludi K\u00e1roly u.-ban), amelynek tan\u00e1ra volt. V\u00e9gk\u00e9pp kik\u00f6t\u00f6tt a filmn\u00e9l, mozg\u00f3k\u00e9peket k\u00e9sz\u00edtett (1958). N\u00e9h\u00e1ny lelkes amat\u0151rrel megalak\u00edtotta a filmklubbot a Szakszervezetek M\u0171vel\u0151d\u00e9si H\u00e1z\u00e1ban (1958), amelyet \u00e9vtizedekig vezetett. Indul\u00e1skor a klubnak Popescu P\u0103un \u00e9s T\u00f6r\u00f6k L\u00e1szl\u00f3, Schnedarek Ervin voltak a tagjai. Fot\u00f3tanfolyamokat tartott. Munkater\u00fclete a fot\u00f3- \u00e9s filmm\u0171v\u00e9szet. A mv.-i filmiskola vagyis mozig\u00e9p\u00e9szeti szakiskola el\u0151ad\u00f3ja (1950\u201358), tan\u00edtotta a mozig\u00e9p\u00e9szeket, a filmes szakma tanul\u00f3it, el\u0151adott a buk.-i Buftea filmgy\u00e1rban is. A szaktant\u00e1rgyai: filmk\u00e9sz\u00edt\u00e9s, forgat\u00f3k\u00f6nyv\u00edr\u00e1s, rendez\u00e9s, v\u00e1g\u00e1s, operat\u0151r feladatok. A Pion\u00edrh\u00e1z filmklubj\u00e1nak oktat\u00f3ja. Az RTV m. ad\u00e1s\u00e1nak tud\u00f3s\u00edt\u00f3ja-k\u00fcls\u0151 munkat\u00e1rsa (1970\u2013), t\u00f6bb riport- \u00e9s dokumentumfilm rendez\u0151je, ill. operat\u0151re. Studio 7 n\u00e9ven vide\u00f3st\u00fadi\u00f3t alap\u00edtott (1989\u2013). Az 1989-es v\u00e1ltoz\u00e1s ut\u00e1n elind\u00edtotta az els\u0151 mag\u00e1nst\u00fadi\u00f3t, ahol sz\u00e1mos operat\u0151r, filmes, fot\u00f3s, mozig\u00e9p\u00e9sz tanulhatott szakm\u00e1t t\u0151le, \u00e9s a hordozhat\u00f3 szovjet mozig\u00e9p haszn\u00e1lat\u00e1t. Sz\u00e1mos riport mellett a Bolyai eml\u00e9km\u00fazeum, Farsangment\u00e9s Als\u00f3s\u00f3falv\u00e1n, Jobb\u00e1gytelki arat\u00f3kal\u00e1ka c. filmjei jelent\u0151sek; L\u00f6v\u00e9tei esk\u00fcv\u0151 \u00e9s Nem c. filmjeivel nemzetk\u00f6zi d\u00edjat is nyert. T\u00f6bbedmag\u00e1val elk\u00e9sz\u00edtette a rom\u00e1n forradalom filmj\u00e9t (1989. dec.). Filmet k\u00e9sz\u00edtett m\u00e9g az 1970-es \u00e9vekbeli mv.-i \u00e1rv\u00edzr\u0151l, az 1990-es gyerty\u00e1s-k\u00f6nyves m. felvonul\u00e1sr\u00f3l, az 1990-es v\u00e9res mv.-i m\u00e1rciusi esem\u00e9nyekr\u0151l. Megszervezt\u00e9k Marosi k\u00e9perny\u0151 n\u00e9ven az orsz\u00e1gos amat\u0151rfilmes versenyt. A filmm\u0171v\u00e9szet n\u00e9pszer\u0171s\u00edt\u00e9s\u00e9\u00e9rt, valamint az Alternat\u00edv Filmfesztiv\u00e1l szervez\u00e9s\u00e9hez ny\u00fajtott t\u00e1mogat\u00e1s\u00e9rt Kiv\u00e1l\u00f3 Tan\u00e1r c. kapott (1997), \u00e9letm\u0171d\u00edjjal t\u00fcntett\u00e9k ki a Lakiteleki Filmszeml\u00e9n (1995), a mv.-i filmszeml\u00e9n (2000); a mv.-i AlterNative Nemzetk\u00f6zi R\u00f6vidfilmfesztiv\u00e1lon (2002). P\u00e1ly\u00e1j\u00e1r\u00f3l Simonffy Katalin k\u00e9sz\u00edtett film-nekrol\u00f3got a tv. buk.-i m. ad\u00e1s\u00e1ban. \u2013 F. filmjei: Bolyai eml\u00e9km\u00fazeum (1970), Farsangment\u00e9s Als\u00f3s\u00f3falv\u00e1n, Bobo p\u00f3tvizsg\u00e1ra k\u00e9sz\u00fcl, A k\u00e9nyes kor, A r\u00e1di\u00f3jelek titka. <br \/><strong>Irod.:<\/strong> 60 \u00e9ves mozig\u00e9p\u00e9sz-tal\u00e1lkoz\u00f3 (N\u00fa., 2016. aug. 17.); Chertes; Elm\u00falt jelen; G\u00e1sp\u00e1r Botond: Gy\u00e1szol a mv.-i f\u00e9nyk\u00e9p\u00e9sz-t\u00e1rsadalom (K\u00f6zPont, 2008. jan. 21\u201327.); H\u00e1t elment Ervin b\u00e1csi is (V\u00e1s\u00e1rhelyi H\u00edrlap, 2008. jan. 21.); Incze P\u00e9ter id. Vajda Gy\u00f6rgy: In memoriam Sch. E. (N\u00fa., 2009. jan. 13.); Incze P\u00e9ter: Volt egyszer egy mozig\u00e9p\u00e9szeti szakiskola (N\u00fa., 2006. aug. 21 v.22?); Incze P\u00e9ter: In memoriam Sch. E. (N\u00fa., 2011. jan. 18.); KKACs; Kusz\u00e1lik; [Nekrol\u00f3g] (N\u00fa., 2008. jan. 16.); RMIL, Simonfffy Katalin: B\u00facs\u00fa Sch. Ervint\u0151l (N\u00fa., 2008. jan. 18.); Sz\u00e9pr\u00e9ti Lilla: Egy d\u00e9lut\u00e1n a filmklubban (\u00daj \u00c9let, 18. sz., 1983.); Todea 2013.<\/br><\/p>\n","protected":false},"excerpt":{"rendered":"<p>Mv., 1920. jan. 21., \u2020 Mv., 2008. jan. 14.: tan\u00e1r, fot\u00f3 \u00e9s filmes. \u2013 Apja B\u00e9csben saj\u00e1t\u00edtotta el a vir\u00e1gtermeszt\u00e9s tudom\u00e1ny\u00e1t. H\u00e9t fia volt egyik sem k\u00f6vette mesters\u00e9g\u00e9t, technikai, m\u0171v\u00e9szi elhivatotts\u00e1got \u00e9reztek magukban. \u2013 Mv.-en v\u00e9gezte a k\u00f6z\u00e9piskol\u00e1t (1938), a kv.-i BTE matematika-fizika szak\u00e1n szerzett oklevelet (1958), de m\u00e1r kor\u00e1bban technikusi beoszt\u00e1sban dolgozott a MOGYI-n [&hellip;]<\/p>\n","protected":false},"featured_media":0,"comment_status":"open","ping_status":"closed","template":"","meta":[],"product_brand":[],"product_cat":[137],"product_tag":[],"class_list":{"0":"post-19966","1":"product","2":"type-product","3":"status-publish","5":"product_cat-maros-megyei-eletrajzi-lexikon","7":"first","8":"instock","9":"shipping-taxable","10":"product-type-simple"},"_links":{"self":[{"href":"https:\/\/uj.adatbank.ro\/lexikon\/wp-json\/wp\/v2\/product\/19966","targetHints":{"allow":["GET"]}}],"collection":[{"href":"https:\/\/uj.adatbank.ro\/lexikon\/wp-json\/wp\/v2\/product"}],"about":[{"href":"https:\/\/uj.adatbank.ro\/lexikon\/wp-json\/wp\/v2\/types\/product"}],"replies":[{"embeddable":true,"href":"https:\/\/uj.adatbank.ro\/lexikon\/wp-json\/wp\/v2\/comments?post=19966"}],"wp:attachment":[{"href":"https:\/\/uj.adatbank.ro\/lexikon\/wp-json\/wp\/v2\/media?parent=19966"}],"wp:term":[{"taxonomy":"product_brand","embeddable":true,"href":"https:\/\/uj.adatbank.ro\/lexikon\/wp-json\/wp\/v2\/product_brand?post=19966"},{"taxonomy":"product_cat","embeddable":true,"href":"https:\/\/uj.adatbank.ro\/lexikon\/wp-json\/wp\/v2\/product_cat?post=19966"},{"taxonomy":"product_tag","embeddable":true,"href":"https:\/\/uj.adatbank.ro\/lexikon\/wp-json\/wp\/v2\/product_tag?post=19966"}],"curies":[{"name":"wp","href":"https:\/\/api.w.org\/{rel}","templated":true}]}}

SCHNEDAREK Ervin Béla, §

<p>Mv., 1920. jan. 21., † Mv., 2008. jan. 14.: tanár, fotó és filmes. – Apja Bécsben sajátította el a virágtermesztés tudományát. Hét fia volt egyik sem követte mesterségét, technikai, művészi elhivatottságot éreztek magukban. – Mv.-en végezte a középiskolát (1938), a kv.-i BTE matematika-fizika szakán szerzett oklevelet (1958), de már korábban technikusi beosztásban dolgozott a MOGYI-n (1951–58). Már gyermekkorában szerette a mozgóképeket. Vilmos bátyjával vetítőgépet készítettek (1947). Mv.-en mozigépészeti szakiskola működött (1952–60, a volt Kisfaludi Károly u.-ban), amelynek tanára volt. Végképp kikötött a filmnél, mozgóképeket készített (1958). Néhány lelkes amatőrrel megalakította a filmklubbot a Szakszervezetek Művelődési Házában (1958), amelyet évtizedekig vezetett. Induláskor a klubnak Popescu Păun és Török László, Schnedarek Ervin voltak a tagjai. Fotótanfolyamokat tartott. Munkaterülete a fotó- és filmművészet. A mv.-i filmiskola vagyis mozigépészeti szakiskola előadója (1950–58), tanította a mozigépészeket, a filmes szakma tanulóit, előadott a buk.-i Buftea filmgyárban is. A szaktantárgyai: filmkészítés, forgatókönyvírás, rendezés, vágás, operatőr feladatok. A Pionírház filmklubjának oktatója. Az RTV m. adásának tudósítója-külső munkatársa (1970–), több riport- és dokumentumfilm rendezője, ill. operatőre. Studio 7 néven videóstúdiót alapított (1989–). Az 1989-es változás után elindította az első magánstúdiót, ahol számos operatőr, filmes, fotós, mozigépész tanulhatott szakmát tőle, és a hordozható szovjet mozigép használatát. Számos riport mellett a Bolyai emlékmúzeum, Farsangmentés Alsósófalván, Jobbágytelki aratókaláka c. filmjei jelentősek; Lövétei esküvő és Nem c. filmjeivel nemzetközi díjat is nyert. Többedmagával elkészítette a román forradalom filmjét (1989. dec.). Filmet készített még az 1970-es évekbeli mv.-i árvízről, az 1990-es gyertyás-könyves m. felvonulásról, az 1990-es véres mv.-i márciusi eseményekről. Megszervezték Marosi képernyő néven az országos amatőrfilmes versenyt. A filmművészet népszerűsítéséért, valamint az Alternatív Filmfesztivál szervezéséhez nyújtott támogatásért Kiváló Tanár c. kapott (1997), életműdíjjal tüntették ki a Lakiteleki Filmszemlén (1995), a mv.-i filmszemlén (2000); a mv.-i AlterNative Nemzetközi Rövidfilmfesztiválon (2002). Pályájáról Simonffy Katalin készített film-nekrológot a tv. buk.-i m. adásában. – F. filmjei: Bolyai emlékmúzeum (1970), Farsangmentés Alsósófalván, Bobo pótvizsgára készül, A kényes kor, A rádiójelek titka. <br /><strong>Irod.:</strong> 60 éves mozigépész-találkozó (Nú., 2016. aug. 17.); Chertes; Elmúlt jelen; Gáspár Botond: Gyászol a mv.-i fényképész-társadalom (KözPont, 2008. jan. 21–27.); Hát elment Ervin bácsi is (Vásárhelyi Hírlap, 2008. jan. 21.); Incze Péter id. Vajda György: In memoriam Sch. E. (Nú., 2009. jan. 13.); Incze Péter: Volt egyszer egy mozigépészeti szakiskola (Nú., 2006. aug. 21 v.22?); Incze Péter: In memoriam Sch. E. (Nú., 2011. jan. 18.); KKACs; Kuszálik; [Nekrológ] (Nú., 2008. jan. 16.); RMIL, Simonfffy Katalin: Búcsú Sch. Ervintől (Nú., 2008. jan. 18.); Szépréti Lilla: Egy délután a filmklubban (Új Élet, 18. sz., 1983.); Todea 2013.</br></p>

<p>Mv., 1920. jan. 21., † Mv., 2008. jan. 14.: tanár, fotó és filmes. – Apja Bécsben sajátította el a virágtermesztés tudományát. Hét fia volt egyik sem követte mesterségét, technikai, művészi elhivatottságot éreztek magukban. – Mv.-en végezte a középiskolát (1938), a kv.-i BTE matematika-fizika szakán szerzett oklevelet (1958), de már korábban technikusi beosztásban dolgozott a MOGYI-n [&hellip;]</p>
