{"id":19968,"date":"2025-07-22T18:31:43","date_gmt":"2025-07-22T16:31:43","guid":{"rendered":"https:\/\/uj.adatbank.ro\/lexikon\/termek\/schnedarek-janos\/"},"modified":"2025-07-22T18:31:43","modified_gmt":"2025-07-22T16:31:43","slug":"schnedarek-janos","status":"publish","type":"product","link":"https:\/\/uj.adatbank.ro\/lexikon\/termek\/schnedarek-janos\/","title":{"rendered":"SCHNEDAREK J\u00e1nos"},"content":{"rendered":"<p>Mv., 1909. j\u00fal.18., \u2020 Mv., 1985. \u00e1pr. 18.: k\u00e9pz\u0151m\u0171v\u00e9sz, iparm\u0171v\u00e9sz. \u2013 Feles\u00e9ge: Ternei Ter\u00e9zia. Fi\u00fak: S\u00e1ndor. \u2013 A mv.-i fest\u0151iskol\u00e1ban Ciupe kurzus\u00e1n tanult (1935). Tervezett b\u00fatorokat, volt grafikus \u00e9s plak\u00e1ttervez\u0151. R\u00e9szt vett mv.-i ki\u00e1ll\u00edt\u00e1sokon (1933\u2013). A mv.-i Csizmak\u00e9sz\u00edt\u0151 Ipart\u00e1rsulat r\u00e9gi sz\u00e9kh\u00e1za \u00e9tterm\u00e9nek \u00fajrafest\u00e9s\u00e9re k\u00e9sz\u00edtett tervet (1936). Plak\u00e1tp\u00e1ly\u00e1zatokon \u00e1lland\u00f3 nyertes volt, felt\u0171nt \u00f6tletes rajzaival. K\u00f6nyvbor\u00edt\u00f3t is k\u00e9sz\u00edtett. A mv.-i M\u0171v\u00e9szeti Iskola tan\u00e1ra (1950\u2013). A K\u00e9pz\u0151m\u0171v\u00e9sz Sz\u00f6vets\u00e9g mv.-i fi\u00f3kj\u00e1nak tagja (1970) \u2013 <strong>F. ki\u00e1ll.:<\/strong> Mv. (1951, 55). <br \/><strong>Irod.:<\/strong> Banner; A K\u00e9pz\u0151m\u0171v\u00e9sz Sz\u00f6vets\u00e9g mv.-i fi\u00f3kj\u00e1nak tagja (1970) Moln\u00e1r; [Nekrol\u00f3g] (V. Z., 1984. \u00e1pr. 20.); \u00d6kr\u00f6s.<\/br><\/p>\n","protected":false},"excerpt":{"rendered":"<p>Mv., 1909. j\u00fal.18., \u2020 Mv., 1985. \u00e1pr. 18.: k\u00e9pz\u0151m\u0171v\u00e9sz, iparm\u0171v\u00e9sz. \u2013 Feles\u00e9ge: Ternei Ter\u00e9zia. Fi\u00fak: S\u00e1ndor. \u2013 A mv.-i fest\u0151iskol\u00e1ban Ciupe kurzus\u00e1n tanult (1935). Tervezett b\u00fatorokat, volt grafikus \u00e9s plak\u00e1ttervez\u0151. R\u00e9szt vett mv.-i ki\u00e1ll\u00edt\u00e1sokon (1933\u2013). A mv.-i Csizmak\u00e9sz\u00edt\u0151 Ipart\u00e1rsulat r\u00e9gi sz\u00e9kh\u00e1za \u00e9tterm\u00e9nek \u00fajrafest\u00e9s\u00e9re k\u00e9sz\u00edtett tervet (1936). Plak\u00e1tp\u00e1ly\u00e1zatokon \u00e1lland\u00f3 nyertes volt, felt\u0171nt \u00f6tletes rajzaival. K\u00f6nyvbor\u00edt\u00f3t is [&hellip;]<\/p>\n","protected":false},"featured_media":0,"comment_status":"open","ping_status":"closed","template":"","meta":[],"product_brand":[],"product_cat":[137],"product_tag":[],"class_list":{"0":"post-19968","1":"product","2":"type-product","3":"status-publish","5":"product_cat-maros-megyei-eletrajzi-lexikon","7":"first","8":"instock","9":"shipping-taxable","10":"product-type-simple"},"_links":{"self":[{"href":"https:\/\/uj.adatbank.ro\/lexikon\/wp-json\/wp\/v2\/product\/19968","targetHints":{"allow":["GET"]}}],"collection":[{"href":"https:\/\/uj.adatbank.ro\/lexikon\/wp-json\/wp\/v2\/product"}],"about":[{"href":"https:\/\/uj.adatbank.ro\/lexikon\/wp-json\/wp\/v2\/types\/product"}],"replies":[{"embeddable":true,"href":"https:\/\/uj.adatbank.ro\/lexikon\/wp-json\/wp\/v2\/comments?post=19968"}],"wp:attachment":[{"href":"https:\/\/uj.adatbank.ro\/lexikon\/wp-json\/wp\/v2\/media?parent=19968"}],"wp:term":[{"taxonomy":"product_brand","embeddable":true,"href":"https:\/\/uj.adatbank.ro\/lexikon\/wp-json\/wp\/v2\/product_brand?post=19968"},{"taxonomy":"product_cat","embeddable":true,"href":"https:\/\/uj.adatbank.ro\/lexikon\/wp-json\/wp\/v2\/product_cat?post=19968"},{"taxonomy":"product_tag","embeddable":true,"href":"https:\/\/uj.adatbank.ro\/lexikon\/wp-json\/wp\/v2\/product_tag?post=19968"}],"curies":[{"name":"wp","href":"https:\/\/api.w.org\/{rel}","templated":true}]}}

SCHNEDAREK János

<p>Mv., 1909. júl.18., † Mv., 1985. ápr. 18.: képzőművész, iparművész. – Felesége: Ternei Terézia. Fiúk: Sándor. – A mv.-i festőiskolában Ciupe kurzusán tanult (1935). Tervezett bútorokat, volt grafikus és plakáttervező. Részt vett mv.-i kiállításokon (1933–). A mv.-i Csizmakészítő Ipartársulat régi székháza éttermének újrafestésére készített tervet (1936). Plakátpályázatokon állandó nyertes volt, feltűnt ötletes rajzaival. Könyvborítót is készített. A mv.-i Művészeti Iskola tanára (1950–). A Képzőművész Szövetség mv.-i fiókjának tagja (1970) – <strong>F. kiáll.:</strong> Mv. (1951, 55). <br /><strong>Irod.:</strong> Banner; A Képzőművész Szövetség mv.-i fiókjának tagja (1970) Molnár; [Nekrológ] (V. Z., 1984. ápr. 20.); Ökrös.</br></p>

<p>Mv., 1909. júl.18., † Mv., 1985. ápr. 18.: képzőművész, iparművész. – Felesége: Ternei Terézia. Fiúk: Sándor. – A mv.-i festőiskolában Ciupe kurzusán tanult (1935). Tervezett bútorokat, volt grafikus és plakáttervező. Részt vett mv.-i kiállításokon (1933–). A mv.-i Csizmakészítő Ipartársulat régi székháza éttermének újrafestésére készített tervet (1936). Plakátpályázatokon állandó nyertes volt, feltűnt ötletes rajzaival. Könyvborítót is [&hellip;]</p>
