{"id":19971,"date":"2025-07-22T18:31:48","date_gmt":"2025-07-22T16:31:48","guid":{"rendered":"https:\/\/uj.adatbank.ro\/lexikon\/termek\/schneider-ivan\/"},"modified":"2025-07-22T18:31:48","modified_gmt":"2025-07-22T16:31:48","slug":"schneider-ivan","status":"publish","type":"product","link":"https:\/\/uj.adatbank.ro\/lexikon\/termek\/schneider-ivan\/","title":{"rendered":"SCHNEIDER Iv\u00e1n"},"content":{"rendered":"<p>? \u2020?: \u00e9p\u00edt\u0151mester a 20. sz. elej\u00e9n. \u2013 Bp.-i \u00e9p\u00edt\u00e9sz. Mv.-en a v\u00e1rosh\u00e1za p\u00e1ly\u00e1zatra harmadik d\u00edjat megosztva kapta V\u00e1rady \u00c1rp\u00e1ddal (1905. m\u00e1j. 24.). <br \/><strong>Irod.:<\/strong> Id\u0151t\u00e1r 5\/3.<\/br><\/p>\n","protected":false},"excerpt":{"rendered":"<p>? \u2020?: \u00e9p\u00edt\u0151mester a 20. sz. elej\u00e9n. \u2013 Bp.-i \u00e9p\u00edt\u00e9sz. Mv.-en a v\u00e1rosh\u00e1za p\u00e1ly\u00e1zatra harmadik d\u00edjat megosztva kapta V\u00e1rady \u00c1rp\u00e1ddal (1905. m\u00e1j. 24.). Irod.: Id\u0151t\u00e1r 5\/3.<\/p>\n","protected":false},"featured_media":0,"comment_status":"open","ping_status":"closed","template":"","meta":[],"product_brand":[],"product_cat":[137],"product_tag":[],"class_list":{"0":"post-19971","1":"product","2":"type-product","3":"status-publish","5":"product_cat-maros-megyei-eletrajzi-lexikon","7":"first","8":"instock","9":"shipping-taxable","10":"product-type-simple"},"_links":{"self":[{"href":"https:\/\/uj.adatbank.ro\/lexikon\/wp-json\/wp\/v2\/product\/19971","targetHints":{"allow":["GET"]}}],"collection":[{"href":"https:\/\/uj.adatbank.ro\/lexikon\/wp-json\/wp\/v2\/product"}],"about":[{"href":"https:\/\/uj.adatbank.ro\/lexikon\/wp-json\/wp\/v2\/types\/product"}],"replies":[{"embeddable":true,"href":"https:\/\/uj.adatbank.ro\/lexikon\/wp-json\/wp\/v2\/comments?post=19971"}],"wp:attachment":[{"href":"https:\/\/uj.adatbank.ro\/lexikon\/wp-json\/wp\/v2\/media?parent=19971"}],"wp:term":[{"taxonomy":"product_brand","embeddable":true,"href":"https:\/\/uj.adatbank.ro\/lexikon\/wp-json\/wp\/v2\/product_brand?post=19971"},{"taxonomy":"product_cat","embeddable":true,"href":"https:\/\/uj.adatbank.ro\/lexikon\/wp-json\/wp\/v2\/product_cat?post=19971"},{"taxonomy":"product_tag","embeddable":true,"href":"https:\/\/uj.adatbank.ro\/lexikon\/wp-json\/wp\/v2\/product_tag?post=19971"}],"curies":[{"name":"wp","href":"https:\/\/api.w.org\/{rel}","templated":true}]}}