{"id":19976,"date":"2025-07-22T18:31:58","date_gmt":"2025-07-22T16:31:58","guid":{"rendered":"https:\/\/uj.adatbank.ro\/lexikon\/termek\/schneidhoffer-janos\/"},"modified":"2025-07-22T18:31:58","modified_gmt":"2025-07-22T16:31:58","slug":"schneidhoffer-janos","status":"publish","type":"product","link":"https:\/\/uj.adatbank.ro\/lexikon\/termek\/schneidhoffer-janos\/","title":{"rendered":"SCHNEIDHOFFER J\u00e1nos"},"content":{"rendered":"<p>Sz\u00e1szr\u00e9gen, 1885., \u2020?: asztalos, v\u00e1rosi k\u00e9m\u00e9nysepr\u0151. \u2013 Apja iparos volt. K\u00f6z\u00e9piskol\u00e1t v\u00e9gzett, majd a k\u00e9m\u00e9nysepr\u0151 mesters\u00e9get tanulta ki \u00e9s mint \u00f6n\u00e1ll\u00f3 m\u0171k\u00f6d\u00f6tt Sz\u00e1szr\u00e9genben (1919\u2013), ugyanakkor v\u00e1rosi k\u00e9m\u00e9nysepr\u0151nek nevezt\u00e9k ki. A Maros \u00e9s Nasz\u00f3di K\u00e9m\u00e9nysepr\u0151mesterek Szindik\u00e1tus\u00e1nak eln\u00f6ke, az Orsz\u00e1gos K\u00e9m\u00e9nysepr\u0151mesterek Egyes\u00fclet\u00e9nek aleln\u00f6ke volt. A Hornarul c. szaklapban cikkeket \u00edrt. Sz\u00e1szr\u00e9genben volt asztalosm\u0171helye: Schneidhoffer \u00e9s Fia (1926). <br \/><strong>Irod.:<\/strong> Ki kicsoda?; Pan\u0103.<\/br><\/p>\n","protected":false},"excerpt":{"rendered":"<p>Sz\u00e1szr\u00e9gen, 1885., \u2020?: asztalos, v\u00e1rosi k\u00e9m\u00e9nysepr\u0151. \u2013 Apja iparos volt. K\u00f6z\u00e9piskol\u00e1t v\u00e9gzett, majd a k\u00e9m\u00e9nysepr\u0151 mesters\u00e9get tanulta ki \u00e9s mint \u00f6n\u00e1ll\u00f3 m\u0171k\u00f6d\u00f6tt Sz\u00e1szr\u00e9genben (1919\u2013), ugyanakkor v\u00e1rosi k\u00e9m\u00e9nysepr\u0151nek nevezt\u00e9k ki. A Maros \u00e9s Nasz\u00f3di K\u00e9m\u00e9nysepr\u0151mesterek Szindik\u00e1tus\u00e1nak eln\u00f6ke, az Orsz\u00e1gos K\u00e9m\u00e9nysepr\u0151mesterek Egyes\u00fclet\u00e9nek aleln\u00f6ke volt. A Hornarul c. szaklapban cikkeket \u00edrt. Sz\u00e1szr\u00e9genben volt asztalosm\u0171helye: Schneidhoffer \u00e9s Fia (1926). [&hellip;]<\/p>\n","protected":false},"featured_media":0,"comment_status":"open","ping_status":"closed","template":"","meta":[],"product_brand":[],"product_cat":[137],"product_tag":[],"class_list":{"0":"post-19976","1":"product","2":"type-product","3":"status-publish","5":"product_cat-maros-megyei-eletrajzi-lexikon","7":"first","8":"instock","9":"shipping-taxable","10":"product-type-simple"},"_links":{"self":[{"href":"https:\/\/uj.adatbank.ro\/lexikon\/wp-json\/wp\/v2\/product\/19976","targetHints":{"allow":["GET"]}}],"collection":[{"href":"https:\/\/uj.adatbank.ro\/lexikon\/wp-json\/wp\/v2\/product"}],"about":[{"href":"https:\/\/uj.adatbank.ro\/lexikon\/wp-json\/wp\/v2\/types\/product"}],"replies":[{"embeddable":true,"href":"https:\/\/uj.adatbank.ro\/lexikon\/wp-json\/wp\/v2\/comments?post=19976"}],"wp:attachment":[{"href":"https:\/\/uj.adatbank.ro\/lexikon\/wp-json\/wp\/v2\/media?parent=19976"}],"wp:term":[{"taxonomy":"product_brand","embeddable":true,"href":"https:\/\/uj.adatbank.ro\/lexikon\/wp-json\/wp\/v2\/product_brand?post=19976"},{"taxonomy":"product_cat","embeddable":true,"href":"https:\/\/uj.adatbank.ro\/lexikon\/wp-json\/wp\/v2\/product_cat?post=19976"},{"taxonomy":"product_tag","embeddable":true,"href":"https:\/\/uj.adatbank.ro\/lexikon\/wp-json\/wp\/v2\/product_tag?post=19976"}],"curies":[{"name":"wp","href":"https:\/\/api.w.org\/{rel}","templated":true}]}}

SCHNEIDHOFFER János

<p>Szászrégen, 1885., †?: asztalos, városi kéményseprő. – Apja iparos volt. Középiskolát végzett, majd a kéményseprő mesterséget tanulta ki és mint önálló működött Szászrégenben (1919–), ugyanakkor városi kéményseprőnek nevezték ki. A Maros és Naszódi Kéményseprőmesterek Szindikátusának elnöke, az Országos Kéményseprőmesterek Egyesületének alelnöke volt. A Hornarul c. szaklapban cikkeket írt. Szászrégenben volt asztalosműhelye: Schneidhoffer és Fia (1926). <br /><strong>Irod.:</strong> Ki kicsoda?; Pană.</br></p>

<p>Szászrégen, 1885., †?: asztalos, városi kéményseprő. – Apja iparos volt. Középiskolát végzett, majd a kéményseprő mesterséget tanulta ki és mint önálló működött Szászrégenben (1919–), ugyanakkor városi kéményseprőnek nevezték ki. A Maros és Naszódi Kéményseprőmesterek Szindikátusának elnöke, az Országos Kéményseprőmesterek Egyesületének alelnöke volt. A Hornarul c. szaklapban cikkeket írt. Szászrégenben volt asztalosműhelye: Schneidhoffer és Fia (1926). [&hellip;]</p>
