{"id":1998,"date":"2025-06-28T12:00:31","date_gmt":"2025-06-28T10:00:31","guid":{"rendered":"https:\/\/uj.adatbank.ro\/lexikon\/termek\/balia-samuel-felsoszilvasi\/"},"modified":"2025-06-28T12:00:31","modified_gmt":"2025-06-28T10:00:31","slug":"balia-samuel-felsoszilvasi","status":"publish","type":"product","link":"https:\/\/uj.adatbank.ro\/lexikon\/termek\/balia-samuel-felsoszilvasi\/","title":{"rendered":"BALIA S\u00e1muel, fels\u0151szilv\u00e1si"},"content":{"rendered":"<p>1744., \u2020 1796. aug.: jog\u00e1sz, kir. Jogtan\u00e1csos. \u2013 Hunyad vm.-i nemesi csal\u00e1db\u00f3l sz\u00e1rmazott. A k\u00f6z\u00e9piskol\u00e1t Nagyenyedem v\u00e9gezte, a kv.-i jogakad\u00e9mi\u00e1n tanult. Hunyad megy\u00e9ben aljegyz\u0151 (1772), megyei f\u0151jegyz\u0151 (1781). A mv.-i Kir. T\u00e1bla asszesszora, b\u00edr\u00e1ja (1791\u201396). H\u00e1rom fi\u00e1t Sz\u0151ts Albert tan\u00edtotta. Felszeghy B\u00e9la jog\u00e1sz \u00e1ll\u00edtott eml\u00e9ket neki a K\u00f6zjogi \u00f6nkorm\u00e1nyzat elve \u00e9s egy elfelejtett r\u00e9gi erd\u00e9lyi jog\u00e1sz c. Tanulm\u00e1ny\u00e1val (Erd\u00e9lyi M\u00fazeum, 4\u20136 sz., 1933.). M\u0171v\u00e9ben megjelent a felvil\u00e1gosod\u00e1s kor\u00e1nak szerz\u0151d\u00e9selm\u00e9lete, amely a rendi szeml\u00e9lettel eg\u00e9sz\u00fcl ki \u00e9s a Szent Koroon\u00e1nak \u201et\u00f6rv\u00e9nyes\u00edt\u0151 er\u0151t\u201d tulajdon\u00edt. \u2013 <strong>F. m.:<\/strong> Erd\u00e9lly Orsz\u00e1g k\u00f6z\u00f6ns\u00e9ges nemzeti t\u00f6rv\u00e9nyeinek els\u0151 r\u00e9sze (Kv., 1791). <br \/><strong>Irod.:<\/strong> Fogarasi; Hor\u00e1nyi; R\u00f3th: Sz\u00fcletett nyelv\u00fcnk\u00f6n; Szinnyei; Szinnyei J.; Wikipedia<\/br><\/p>\n","protected":false},"excerpt":{"rendered":"<p>1744., \u2020 1796. aug.: jog\u00e1sz, kir. Jogtan\u00e1csos. \u2013 Hunyad vm.-i nemesi csal\u00e1db\u00f3l sz\u00e1rmazott. A k\u00f6z\u00e9piskol\u00e1t Nagyenyedem v\u00e9gezte, a kv.-i jogakad\u00e9mi\u00e1n tanult. Hunyad megy\u00e9ben aljegyz\u0151 (1772), megyei f\u0151jegyz\u0151 (1781). A mv.-i Kir. T\u00e1bla asszesszora, b\u00edr\u00e1ja (1791\u201396). H\u00e1rom fi\u00e1t Sz\u0151ts Albert tan\u00edtotta. Felszeghy B\u00e9la jog\u00e1sz \u00e1ll\u00edtott eml\u00e9ket neki a K\u00f6zjogi \u00f6nkorm\u00e1nyzat elve \u00e9s egy elfelejtett r\u00e9gi erd\u00e9lyi [&hellip;]<\/p>\n","protected":false},"featured_media":0,"comment_status":"open","ping_status":"closed","template":"","meta":[],"product_brand":[],"product_cat":[137],"product_tag":[],"class_list":{"0":"post-1998","1":"product","2":"type-product","3":"status-publish","5":"product_cat-maros-megyei-eletrajzi-lexikon","7":"first","8":"instock","9":"shipping-taxable","10":"product-type-simple"},"_links":{"self":[{"href":"https:\/\/uj.adatbank.ro\/lexikon\/wp-json\/wp\/v2\/product\/1998","targetHints":{"allow":["GET"]}}],"collection":[{"href":"https:\/\/uj.adatbank.ro\/lexikon\/wp-json\/wp\/v2\/product"}],"about":[{"href":"https:\/\/uj.adatbank.ro\/lexikon\/wp-json\/wp\/v2\/types\/product"}],"replies":[{"embeddable":true,"href":"https:\/\/uj.adatbank.ro\/lexikon\/wp-json\/wp\/v2\/comments?post=1998"}],"wp:attachment":[{"href":"https:\/\/uj.adatbank.ro\/lexikon\/wp-json\/wp\/v2\/media?parent=1998"}],"wp:term":[{"taxonomy":"product_brand","embeddable":true,"href":"https:\/\/uj.adatbank.ro\/lexikon\/wp-json\/wp\/v2\/product_brand?post=1998"},{"taxonomy":"product_cat","embeddable":true,"href":"https:\/\/uj.adatbank.ro\/lexikon\/wp-json\/wp\/v2\/product_cat?post=1998"},{"taxonomy":"product_tag","embeddable":true,"href":"https:\/\/uj.adatbank.ro\/lexikon\/wp-json\/wp\/v2\/product_tag?post=1998"}],"curies":[{"name":"wp","href":"https:\/\/api.w.org\/{rel}","templated":true}]}}

BALIA Sámuel, felsőszilvási

<p>1744., † 1796. aug.: jogász, kir. Jogtanácsos. – Hunyad vm.-i nemesi családból származott. A középiskolát Nagyenyedem végezte, a kv.-i jogakadémián tanult. Hunyad megyében aljegyző (1772), megyei főjegyző (1781). A mv.-i Kir. Tábla asszesszora, bírája (1791–96). Három fiát Szőts Albert tanította. Felszeghy Béla jogász állított emléket neki a Közjogi önkormányzat elve és egy elfelejtett régi erdélyi jogász c. Tanulmányával (Erdélyi Múzeum, 4–6 sz., 1933.). Művében megjelent a felvilágosodás korának szerződéselmélete, amely a rendi szemlélettel egészül ki és a Szent Koroonának „törvényesítő erőt” tulajdonít. – <strong>F. m.:</strong> Erdélly Ország közönséges nemzeti törvényeinek első része (Kv., 1791). <br /><strong>Irod.:</strong> Fogarasi; Horányi; Róth: Született nyelvünkön; Szinnyei; Szinnyei J.; Wikipedia</br></p>

<p>1744., † 1796. aug.: jogász, kir. Jogtanácsos. – Hunyad vm.-i nemesi családból származott. A középiskolát Nagyenyedem végezte, a kv.-i jogakadémián tanult. Hunyad megyében aljegyző (1772), megyei főjegyző (1781). A mv.-i Kir. Tábla asszesszora, bírája (1791–96). Három fiát Szőts Albert tanította. Felszeghy Béla jogász állított emléket neki a Közjogi önkormányzat elve és egy elfelejtett régi erdélyi [&hellip;]</p>
