{"id":19980,"date":"2025-07-22T18:32:08","date_gmt":"2025-07-22T16:32:08","guid":{"rendered":"https:\/\/uj.adatbank.ro\/lexikon\/termek\/schnitzer-marton\/"},"modified":"2025-07-22T18:32:08","modified_gmt":"2025-07-22T16:32:08","slug":"schnitzer-marton","status":"publish","type":"product","link":"https:\/\/uj.adatbank.ro\/lexikon\/termek\/schnitzer-marton\/","title":{"rendered":"SCHNITZER M\u00e1rton"},"content":{"rendered":"<p>Brass\u00f3, 1897., \u2020?: hadapr\u00f3djel\u00f6lt \u0151rmester, tisztvisel\u0151 Mv.-en. \u2013 R\u00e9szt vett az els\u0151 vh.-ban (1918\u201319), a 22. h. gy. e.-be vonult be, a tisztiiskola elv\u00e9gz\u00e9se ut\u00e1n kit\u00f6rt a forradalom, azut\u00e1n a sz\u00e9kely hadoszt\u00e1lyban teljes\u00edtett szolg\u00e1latot. <br \/><strong>Irod.:<\/strong> Erd\u00e9lyi ezredek.<\/br><\/p>\n","protected":false},"excerpt":{"rendered":"<p>Brass\u00f3, 1897., \u2020?: hadapr\u00f3djel\u00f6lt \u0151rmester, tisztvisel\u0151 Mv.-en. \u2013 R\u00e9szt vett az els\u0151 vh.-ban (1918\u201319), a 22. h. gy. e.-be vonult be, a tisztiiskola elv\u00e9gz\u00e9se ut\u00e1n kit\u00f6rt a forradalom, azut\u00e1n a sz\u00e9kely hadoszt\u00e1lyban teljes\u00edtett szolg\u00e1latot. Irod.: Erd\u00e9lyi ezredek.<\/p>\n","protected":false},"featured_media":0,"comment_status":"open","ping_status":"closed","template":"","meta":[],"product_brand":[],"product_cat":[137],"product_tag":[],"class_list":{"0":"post-19980","1":"product","2":"type-product","3":"status-publish","5":"product_cat-maros-megyei-eletrajzi-lexikon","7":"first","8":"instock","9":"shipping-taxable","10":"product-type-simple"},"_links":{"self":[{"href":"https:\/\/uj.adatbank.ro\/lexikon\/wp-json\/wp\/v2\/product\/19980","targetHints":{"allow":["GET"]}}],"collection":[{"href":"https:\/\/uj.adatbank.ro\/lexikon\/wp-json\/wp\/v2\/product"}],"about":[{"href":"https:\/\/uj.adatbank.ro\/lexikon\/wp-json\/wp\/v2\/types\/product"}],"replies":[{"embeddable":true,"href":"https:\/\/uj.adatbank.ro\/lexikon\/wp-json\/wp\/v2\/comments?post=19980"}],"wp:attachment":[{"href":"https:\/\/uj.adatbank.ro\/lexikon\/wp-json\/wp\/v2\/media?parent=19980"}],"wp:term":[{"taxonomy":"product_brand","embeddable":true,"href":"https:\/\/uj.adatbank.ro\/lexikon\/wp-json\/wp\/v2\/product_brand?post=19980"},{"taxonomy":"product_cat","embeddable":true,"href":"https:\/\/uj.adatbank.ro\/lexikon\/wp-json\/wp\/v2\/product_cat?post=19980"},{"taxonomy":"product_tag","embeddable":true,"href":"https:\/\/uj.adatbank.ro\/lexikon\/wp-json\/wp\/v2\/product_tag?post=19980"}],"curies":[{"name":"wp","href":"https:\/\/api.w.org\/{rel}","templated":true}]}}