{"id":19985,"date":"2025-07-22T18:32:18","date_gmt":"2025-07-22T16:32:18","guid":{"rendered":"https:\/\/uj.adatbank.ro\/lexikon\/termek\/scholler-rezso\/"},"modified":"2025-07-22T18:32:18","modified_gmt":"2025-07-22T16:32:18","slug":"scholler-rezso","status":"publish","type":"product","link":"https:\/\/uj.adatbank.ro\/lexikon\/termek\/scholler-rezso\/","title":{"rendered":"SCHOLLER Rezs\u0151"},"content":{"rendered":"<p>Mv., 1882. j\u00fan. 28., \u2020?: t\u00e1jk\u00e9pfest\u0151. \u2013 Bp.-en tanult Pap Henrikn\u00e9l \u00e9s Sz\u00e1sz Istv\u00e1nn\u00e1l. Bp.-en \u00e9lt (1918\u2013) \u00e9s f\u0151leg t\u00e1jk\u00e9peket \u00e1ll\u00edtott ki a Nemzeti Szalonban. \u2013 Kollekt\u00edv ki\u00e1ll.: P\u00e9csett (1927), Bp. (19 31). <br \/><strong>Irod.:<\/strong> \u00c9ber Moln\u00e1r; Szab\u00f3\u2013K\u00e1llai.<\/br><\/p>\n","protected":false},"excerpt":{"rendered":"<p>Mv., 1882. j\u00fan. 28., \u2020?: t\u00e1jk\u00e9pfest\u0151. \u2013 Bp.-en tanult Pap Henrikn\u00e9l \u00e9s Sz\u00e1sz Istv\u00e1nn\u00e1l. Bp.-en \u00e9lt (1918\u2013) \u00e9s f\u0151leg t\u00e1jk\u00e9peket \u00e1ll\u00edtott ki a Nemzeti Szalonban. \u2013 Kollekt\u00edv ki\u00e1ll.: P\u00e9csett (1927), Bp. (19 31). Irod.: \u00c9ber Moln\u00e1r; Szab\u00f3\u2013K\u00e1llai.<\/p>\n","protected":false},"featured_media":0,"comment_status":"open","ping_status":"closed","template":"","meta":[],"product_brand":[],"product_cat":[137],"product_tag":[],"class_list":{"0":"post-19985","1":"product","2":"type-product","3":"status-publish","5":"product_cat-maros-megyei-eletrajzi-lexikon","7":"first","8":"instock","9":"shipping-taxable","10":"product-type-simple"},"_links":{"self":[{"href":"https:\/\/uj.adatbank.ro\/lexikon\/wp-json\/wp\/v2\/product\/19985","targetHints":{"allow":["GET"]}}],"collection":[{"href":"https:\/\/uj.adatbank.ro\/lexikon\/wp-json\/wp\/v2\/product"}],"about":[{"href":"https:\/\/uj.adatbank.ro\/lexikon\/wp-json\/wp\/v2\/types\/product"}],"replies":[{"embeddable":true,"href":"https:\/\/uj.adatbank.ro\/lexikon\/wp-json\/wp\/v2\/comments?post=19985"}],"wp:attachment":[{"href":"https:\/\/uj.adatbank.ro\/lexikon\/wp-json\/wp\/v2\/media?parent=19985"}],"wp:term":[{"taxonomy":"product_brand","embeddable":true,"href":"https:\/\/uj.adatbank.ro\/lexikon\/wp-json\/wp\/v2\/product_brand?post=19985"},{"taxonomy":"product_cat","embeddable":true,"href":"https:\/\/uj.adatbank.ro\/lexikon\/wp-json\/wp\/v2\/product_cat?post=19985"},{"taxonomy":"product_tag","embeddable":true,"href":"https:\/\/uj.adatbank.ro\/lexikon\/wp-json\/wp\/v2\/product_tag?post=19985"}],"curies":[{"name":"wp","href":"https:\/\/api.w.org\/{rel}","templated":true}]}}