{"id":19992,"date":"2025-07-22T18:32:36","date_gmt":"2025-07-22T16:32:36","guid":{"rendered":"https:\/\/uj.adatbank.ro\/lexikon\/termek\/schonfeld-lajos\/"},"modified":"2025-07-22T18:32:36","modified_gmt":"2025-07-22T16:32:36","slug":"schonfeld-lajos","status":"publish","type":"product","link":"https:\/\/uj.adatbank.ro\/lexikon\/termek\/schonfeld-lajos\/","title":{"rendered":"SCH\u00d6NFELD Lajos"},"content":{"rendered":"<p>1896., \u2020 1967: orvos. \u2013 Bel- \u00e9s n\u0151gy\u00f3gy\u00e1sz orvos. \u2013 Mv.-en rendel\u0151je volt bel- \u00e9s n\u0151gy\u00f3gy\u00e1szati betegek sz\u00e1m\u00e1ra (1939\u2013). <br \/><strong>Irod.:<\/strong> Kiss Cs.M.3.<\/br><\/p>\n","protected":false},"excerpt":{"rendered":"<p>1896., \u2020 1967: orvos. \u2013 Bel- \u00e9s n\u0151gy\u00f3gy\u00e1sz orvos. \u2013 Mv.-en rendel\u0151je volt bel- \u00e9s n\u0151gy\u00f3gy\u00e1szati betegek sz\u00e1m\u00e1ra (1939\u2013). Irod.: Kiss Cs.M.3.<\/p>\n","protected":false},"featured_media":0,"comment_status":"open","ping_status":"closed","template":"","meta":[],"product_brand":[],"product_cat":[137],"product_tag":[],"class_list":{"0":"post-19992","1":"product","2":"type-product","3":"status-publish","5":"product_cat-maros-megyei-eletrajzi-lexikon","7":"first","8":"instock","9":"shipping-taxable","10":"product-type-simple"},"_links":{"self":[{"href":"https:\/\/uj.adatbank.ro\/lexikon\/wp-json\/wp\/v2\/product\/19992","targetHints":{"allow":["GET"]}}],"collection":[{"href":"https:\/\/uj.adatbank.ro\/lexikon\/wp-json\/wp\/v2\/product"}],"about":[{"href":"https:\/\/uj.adatbank.ro\/lexikon\/wp-json\/wp\/v2\/types\/product"}],"replies":[{"embeddable":true,"href":"https:\/\/uj.adatbank.ro\/lexikon\/wp-json\/wp\/v2\/comments?post=19992"}],"wp:attachment":[{"href":"https:\/\/uj.adatbank.ro\/lexikon\/wp-json\/wp\/v2\/media?parent=19992"}],"wp:term":[{"taxonomy":"product_brand","embeddable":true,"href":"https:\/\/uj.adatbank.ro\/lexikon\/wp-json\/wp\/v2\/product_brand?post=19992"},{"taxonomy":"product_cat","embeddable":true,"href":"https:\/\/uj.adatbank.ro\/lexikon\/wp-json\/wp\/v2\/product_cat?post=19992"},{"taxonomy":"product_tag","embeddable":true,"href":"https:\/\/uj.adatbank.ro\/lexikon\/wp-json\/wp\/v2\/product_tag?post=19992"}],"curies":[{"name":"wp","href":"https:\/\/api.w.org\/{rel}","templated":true}]}}