{"id":20000,"date":"2025-07-22T18:32:52","date_gmt":"2025-07-22T16:32:52","guid":{"rendered":"https:\/\/uj.adatbank.ro\/lexikon\/termek\/schreter-miklos\/"},"modified":"2025-07-22T18:32:52","modified_gmt":"2025-07-22T16:32:52","slug":"schreter-miklos","status":"publish","type":"product","link":"https:\/\/uj.adatbank.ro\/lexikon\/termek\/schreter-miklos\/","title":{"rendered":"SCHR\u00c9TER Mikl\u00f3s"},"content":{"rendered":"<p>M\u00e1ramarossziget, 1892.,\u00a0\u2020: j\u00e1t\u00e9k\u00e1rutervez\u0151 mester. \u2013 M\u00e1ramarosszigeten tanult, majd Bp.-en, B\u00e9csben \u00e9s N\u00e9meto.-ban szerezte szakmai ismereteit. Az els\u0151 vh.-ban a 85. \u00e9s a 103. k. gy. e.-ben teljes\u00edtett frontszolg\u00e1latot \u00e9s mint szakaszvezet\u0151 szerelt le., a bronz v. \u00e9. \u00e9s a K\u00e1roly Csapatkereszt kit\u00fcntet\u00e9ssel. Mv.-en volt g\u00e9pes\u00edtett modern j\u00e1t\u00e9k\u00e1r\u00fa \u00fczeme, amely vezet\u00e9s\u00e9ben gyermekei Zolt\u00e1n \u00e9s Hajnalka is r\u00e9szt vettek, 40\u201360 le\u00e1nyt foglalkoztatott, f\u0151leg j\u00e1t\u00e9kbaba k\u00e9sz\u00edt\u00e9ssel foglalkozott. <br \/><strong>Irod.:<\/strong> Sz\u00e9kelyf\u00f6ld \u00ed. k.<\/br><\/p>\n","protected":false},"excerpt":{"rendered":"<p>M\u00e1ramarossziget, 1892.,\u00a0\u2020: j\u00e1t\u00e9k\u00e1rutervez\u0151 mester. \u2013 M\u00e1ramarosszigeten tanult, majd Bp.-en, B\u00e9csben \u00e9s N\u00e9meto.-ban szerezte szakmai ismereteit. Az els\u0151 vh.-ban a 85. \u00e9s a 103. k. gy. e.-ben teljes\u00edtett frontszolg\u00e1latot \u00e9s mint szakaszvezet\u0151 szerelt le., a bronz v. \u00e9. \u00e9s a K\u00e1roly Csapatkereszt kit\u00fcntet\u00e9ssel. Mv.-en volt g\u00e9pes\u00edtett modern j\u00e1t\u00e9k\u00e1r\u00fa \u00fczeme, amely vezet\u00e9s\u00e9ben gyermekei Zolt\u00e1n \u00e9s Hajnalka is [&hellip;]<\/p>\n","protected":false},"featured_media":0,"comment_status":"open","ping_status":"closed","template":"","meta":[],"product_brand":[],"product_cat":[137],"product_tag":[],"class_list":{"0":"post-20000","1":"product","2":"type-product","3":"status-publish","5":"product_cat-maros-megyei-eletrajzi-lexikon","7":"first","8":"instock","9":"shipping-taxable","10":"product-type-simple"},"_links":{"self":[{"href":"https:\/\/uj.adatbank.ro\/lexikon\/wp-json\/wp\/v2\/product\/20000","targetHints":{"allow":["GET"]}}],"collection":[{"href":"https:\/\/uj.adatbank.ro\/lexikon\/wp-json\/wp\/v2\/product"}],"about":[{"href":"https:\/\/uj.adatbank.ro\/lexikon\/wp-json\/wp\/v2\/types\/product"}],"replies":[{"embeddable":true,"href":"https:\/\/uj.adatbank.ro\/lexikon\/wp-json\/wp\/v2\/comments?post=20000"}],"wp:attachment":[{"href":"https:\/\/uj.adatbank.ro\/lexikon\/wp-json\/wp\/v2\/media?parent=20000"}],"wp:term":[{"taxonomy":"product_brand","embeddable":true,"href":"https:\/\/uj.adatbank.ro\/lexikon\/wp-json\/wp\/v2\/product_brand?post=20000"},{"taxonomy":"product_cat","embeddable":true,"href":"https:\/\/uj.adatbank.ro\/lexikon\/wp-json\/wp\/v2\/product_cat?post=20000"},{"taxonomy":"product_tag","embeddable":true,"href":"https:\/\/uj.adatbank.ro\/lexikon\/wp-json\/wp\/v2\/product_tag?post=20000"}],"curies":[{"name":"wp","href":"https:\/\/api.w.org\/{rel}","templated":true}]}}