{"id":20005,"date":"2025-07-22T18:33:01","date_gmt":"2025-07-22T16:33:01","guid":{"rendered":"https:\/\/uj.adatbank.ro\/lexikon\/termek\/schronk-jeno\/"},"modified":"2025-07-22T18:33:01","modified_gmt":"2025-07-22T16:33:01","slug":"schronk-jeno","status":"publish","type":"product","link":"https:\/\/uj.adatbank.ro\/lexikon\/termek\/schronk-jeno\/","title":{"rendered":"SCHRONK Jen\u0151"},"content":{"rendered":"<p>1892. jan. 2., \u2020?: tan\u00e1r. \u2013 Bajor csal\u00e1db\u00f3l sz\u00e1rmazott, a csal\u00e1d \u0151sei elmagyarosodtak Sz\u00e9kelyf\u00f6ld\u00f6n. K\u00f6z\u00e9piskol\u00e1it Mv.-en, az egyetemet Kv.-on v\u00e9gezte, ahol mat.-\u00e9s fizikatan\u00e1ri diplom\u00e1t szerzett. Az els\u0151 vil\u00e1gh\u00e1bor\u00faban az olasz fronton harcolt, tartal\u00e9kos hadnagyk\u00e9nt szerelt le. Az imp\u00e9riumv\u00e1ltoz\u00e1s ut\u00e1n letart\u00f3ztatt\u00e1k \u00e9s 7. h\u00f3napi fogs\u00e1ggal s\u00fajtott\u00e1k, haza\u00e1rul\u00e1si per\u00e9t t\u00f6bbekkel egy\u00fctt a kv.-i hadi t\u00f6rv\u00e9nysz\u00e9k t\u00e1rgyalta (1922\u2013). Aradon m\u0171k\u00f6d\u00f6tt (1921\u2013), az aradi Credo Egyes\u00fclet titk\u00e1ra volt 10 \u00e9vig. Tan\u00edtott a mv.-i R. K. Gimn\u00e1ziumban mennyis\u00e9gtant \u00e9s term\u00e9szettant (1940\u201344 k.), majd a Ref. Koll.-ban. Kiskunf\u00e9legyh\u00e1z\u00e1ra ker\u00fclt. Kossuth d\u00edjat kapott cserk\u00e9szvezet\u0151i munk\u00e1j\u00e1\u00e9rt. Cikkei a J\u00f3bar\u00e1t c. ifj\u00fas\u00e1gi lapban, valamint sz\u00e1mos m\u00e1s erd\u00e9lyi lapban jelentek meg. <br \/><strong>Irod.:<\/strong> Id\u0151t\u00e1r 3; Recueil des griefs de la minorit\u00e9 hongroise de Roumanie: (Bp., 1922); R. K. Okt.\u20131; Sipos; Sz\u00e9kelyf\u00f6ld \u00ed. k.<\/br><\/p>\n","protected":false},"excerpt":{"rendered":"<p>1892. jan. 2., \u2020?: tan\u00e1r. \u2013 Bajor csal\u00e1db\u00f3l sz\u00e1rmazott, a csal\u00e1d \u0151sei elmagyarosodtak Sz\u00e9kelyf\u00f6ld\u00f6n. K\u00f6z\u00e9piskol\u00e1it Mv.-en, az egyetemet Kv.-on v\u00e9gezte, ahol mat.-\u00e9s fizikatan\u00e1ri diplom\u00e1t szerzett. Az els\u0151 vil\u00e1gh\u00e1bor\u00faban az olasz fronton harcolt, tartal\u00e9kos hadnagyk\u00e9nt szerelt le. Az imp\u00e9riumv\u00e1ltoz\u00e1s ut\u00e1n letart\u00f3ztatt\u00e1k \u00e9s 7. h\u00f3napi fogs\u00e1ggal s\u00fajtott\u00e1k, haza\u00e1rul\u00e1si per\u00e9t t\u00f6bbekkel egy\u00fctt a kv.-i hadi t\u00f6rv\u00e9nysz\u00e9k t\u00e1rgyalta (1922\u2013). [&hellip;]<\/p>\n","protected":false},"featured_media":0,"comment_status":"open","ping_status":"closed","template":"","meta":[],"product_brand":[],"product_cat":[137],"product_tag":[],"class_list":{"0":"post-20005","1":"product","2":"type-product","3":"status-publish","5":"product_cat-maros-megyei-eletrajzi-lexikon","7":"first","8":"instock","9":"shipping-taxable","10":"product-type-simple"},"_links":{"self":[{"href":"https:\/\/uj.adatbank.ro\/lexikon\/wp-json\/wp\/v2\/product\/20005","targetHints":{"allow":["GET"]}}],"collection":[{"href":"https:\/\/uj.adatbank.ro\/lexikon\/wp-json\/wp\/v2\/product"}],"about":[{"href":"https:\/\/uj.adatbank.ro\/lexikon\/wp-json\/wp\/v2\/types\/product"}],"replies":[{"embeddable":true,"href":"https:\/\/uj.adatbank.ro\/lexikon\/wp-json\/wp\/v2\/comments?post=20005"}],"wp:attachment":[{"href":"https:\/\/uj.adatbank.ro\/lexikon\/wp-json\/wp\/v2\/media?parent=20005"}],"wp:term":[{"taxonomy":"product_brand","embeddable":true,"href":"https:\/\/uj.adatbank.ro\/lexikon\/wp-json\/wp\/v2\/product_brand?post=20005"},{"taxonomy":"product_cat","embeddable":true,"href":"https:\/\/uj.adatbank.ro\/lexikon\/wp-json\/wp\/v2\/product_cat?post=20005"},{"taxonomy":"product_tag","embeddable":true,"href":"https:\/\/uj.adatbank.ro\/lexikon\/wp-json\/wp\/v2\/product_tag?post=20005"}],"curies":[{"name":"wp","href":"https:\/\/api.w.org\/{rel}","templated":true}]}}

SCHRONK Jenő

<p>1892. jan. 2., †?: tanár. – Bajor családból származott, a család ősei elmagyarosodtak Székelyföldön. Középiskoláit Mv.-en, az egyetemet Kv.-on végezte, ahol mat.-és fizikatanári diplomát szerzett. Az első világháborúban az olasz fronton harcolt, tartalékos hadnagyként szerelt le. Az impériumváltozás után letartóztatták és 7. hónapi fogsággal sújtották, hazaárulási perét többekkel együtt a kv.-i hadi törvényszék tárgyalta (1922–). Aradon működött (1921–), az aradi Credo Egyesület titkára volt 10 évig. Tanított a mv.-i R. K. Gimnáziumban mennyiségtant és természettant (1940–44 k.), majd a Ref. Koll.-ban. Kiskunfélegyházára került. Kossuth díjat kapott cserkészvezetői munkájáért. Cikkei a Jóbarát c. ifjúsági lapban, valamint számos más erdélyi lapban jelentek meg. <br /><strong>Irod.:</strong> Időtár 3; Recueil des griefs de la minorité hongroise de Roumanie: (Bp., 1922); R. K. Okt.–1; Sipos; Székelyföld í. k.</br></p>

<p>1892. jan. 2., †?: tanár. – Bajor családból származott, a család ősei elmagyarosodtak Székelyföldön. Középiskoláit Mv.-en, az egyetemet Kv.-on végezte, ahol mat.-és fizikatanári diplomát szerzett. Az első világháborúban az olasz fronton harcolt, tartalékos hadnagyként szerelt le. Az impériumváltozás után letartóztatták és 7. hónapi fogsággal sújtották, hazaárulási perét többekkel együtt a kv.-i hadi törvényszék tárgyalta (1922–). [&hellip;]</p>
