{"id":20007,"date":"2025-07-22T18:33:08","date_gmt":"2025-07-22T16:33:08","guid":{"rendered":"https:\/\/uj.adatbank.ro\/lexikon\/termek\/schrotsch-gustav\/"},"modified":"2025-07-22T18:33:08","modified_gmt":"2025-07-22T16:33:08","slug":"schrotsch-gustav","status":"publish","type":"product","link":"https:\/\/uj.adatbank.ro\/lexikon\/termek\/schrotsch-gustav\/","title":{"rendered":"SCHROTSCH, Gustav"},"content":{"rendered":"<p>Segesv\u00e1r, 1879. aug. 18., \u2020\u00a0Medgyes, 1909 febr. 3.: tan\u00e1r. \u2013 Apja tan\u00edt\u00f3. A segesv\u00e1ri ev. gimn\u00e1ziumban \u00e9retts\u00e9gizett, majd k\u00fclf\u00f6ld\u00f6n folytatta tanulm\u00e1nyait: a J\u00e9nai Egy. Hittud. \u00e9s B\u00f6lcs. Kar\u00e1n (1897\u2013), a Berlini Egy. Hittud. Kar\u00e1n (1898\u201399), a Lipcsei Egy. Hittud. Kar\u00e1n (1899, 1900), a k\u00e9t lipcsei tart\u00f3zkod\u00e1sa k\u00f6z\u00f6tt Kv.-on j\u00e1rt egyetemre. Egyetemi tanulm\u00e1nyait elv\u00e9gezve Segesv\u00e1ron az ev. gimn\u00e1ziumban tan\u00e1r (1901\u20131941), majd \u00f3raad\u00f3 tan\u00e1r az ev. fi\u00fal\u00edceumban (\u20131947). <br \/><strong>Irod.:<\/strong> Szab\u00f3\u2013Simon\u2013Sz\u00f6gi.<\/br><\/p>\n","protected":false},"excerpt":{"rendered":"<p>Segesv\u00e1r, 1879. aug. 18., \u2020\u00a0Medgyes, 1909 febr. 3.: tan\u00e1r. \u2013 Apja tan\u00edt\u00f3. A segesv\u00e1ri ev. gimn\u00e1ziumban \u00e9retts\u00e9gizett, majd k\u00fclf\u00f6ld\u00f6n folytatta tanulm\u00e1nyait: a J\u00e9nai Egy. Hittud. \u00e9s B\u00f6lcs. Kar\u00e1n (1897\u2013), a Berlini Egy. Hittud. Kar\u00e1n (1898\u201399), a Lipcsei Egy. Hittud. Kar\u00e1n (1899, 1900), a k\u00e9t lipcsei tart\u00f3zkod\u00e1sa k\u00f6z\u00f6tt Kv.-on j\u00e1rt egyetemre. Egyetemi tanulm\u00e1nyait elv\u00e9gezve Segesv\u00e1ron az [&hellip;]<\/p>\n","protected":false},"featured_media":0,"comment_status":"open","ping_status":"closed","template":"","meta":[],"product_brand":[],"product_cat":[137],"product_tag":[],"class_list":{"0":"post-20007","1":"product","2":"type-product","3":"status-publish","5":"product_cat-maros-megyei-eletrajzi-lexikon","7":"first","8":"instock","9":"shipping-taxable","10":"product-type-simple"},"_links":{"self":[{"href":"https:\/\/uj.adatbank.ro\/lexikon\/wp-json\/wp\/v2\/product\/20007","targetHints":{"allow":["GET"]}}],"collection":[{"href":"https:\/\/uj.adatbank.ro\/lexikon\/wp-json\/wp\/v2\/product"}],"about":[{"href":"https:\/\/uj.adatbank.ro\/lexikon\/wp-json\/wp\/v2\/types\/product"}],"replies":[{"embeddable":true,"href":"https:\/\/uj.adatbank.ro\/lexikon\/wp-json\/wp\/v2\/comments?post=20007"}],"wp:attachment":[{"href":"https:\/\/uj.adatbank.ro\/lexikon\/wp-json\/wp\/v2\/media?parent=20007"}],"wp:term":[{"taxonomy":"product_brand","embeddable":true,"href":"https:\/\/uj.adatbank.ro\/lexikon\/wp-json\/wp\/v2\/product_brand?post=20007"},{"taxonomy":"product_cat","embeddable":true,"href":"https:\/\/uj.adatbank.ro\/lexikon\/wp-json\/wp\/v2\/product_cat?post=20007"},{"taxonomy":"product_tag","embeddable":true,"href":"https:\/\/uj.adatbank.ro\/lexikon\/wp-json\/wp\/v2\/product_tag?post=20007"}],"curies":[{"name":"wp","href":"https:\/\/api.w.org\/{rel}","templated":true}]}}

<p>Segesvár, 1879. aug. 18., † Medgyes, 1909 febr. 3.: tanár. – Apja tanító. A segesvári ev. gimnáziumban érettségizett, majd külföldön folytatta tanulmányait: a Jénai Egy. Hittud. és Bölcs. Karán (1897–), a Berlini Egy. Hittud. Karán (1898–99), a Lipcsei Egy. Hittud. Karán (1899, 1900), a két lipcsei tartózkodása között Kv.-on járt egyetemre. Egyetemi tanulmányait elvégezve Segesváron az ev. gimnáziumban tanár (1901–1941), majd óraadó tanár az ev. fiúlíceumban (–1947). <br /><strong>Irod.:</strong> Szabó–Simon–Szögi.</br></p>

<p>Segesvár, 1879. aug. 18., † Medgyes, 1909 febr. 3.: tanár. – Apja tanító. A segesvári ev. gimnáziumban érettségizett, majd külföldön folytatta tanulmányait: a Jénai Egy. Hittud. és Bölcs. Karán (1897–), a Berlini Egy. Hittud. Karán (1898–99), a Lipcsei Egy. Hittud. Karán (1899, 1900), a két lipcsei tartózkodása között Kv.-on járt egyetemre. Egyetemi tanulmányait elvégezve Segesváron az [&hellip;]</p>
