{"id":20011,"date":"2025-07-22T18:33:17","date_gmt":"2025-07-22T16:33:17","guid":{"rendered":"https:\/\/uj.adatbank.ro\/lexikon\/termek\/schule-viktor\/"},"modified":"2025-07-22T18:33:17","modified_gmt":"2025-07-22T16:33:17","slug":"schule-viktor","status":"publish","type":"product","link":"https:\/\/uj.adatbank.ro\/lexikon\/termek\/schule-viktor\/","title":{"rendered":"SCH\u00dcLE Viktor"},"content":{"rendered":"<p>Nagyszeben, 1868.,\u00a0\u2020?: mozdonyvezet\u0151. \u2013 Iskol\u00e1it Kv.-on v\u00e9gezte, majd a vas\u00fat szolg\u00e1lat\u00e1ba l\u00e9pett Mv.-en, ahol 33 \u00e9vet t\u00f6lt\u00f6tt. Az els\u0151 vh.-ban mint vasutas a rom\u00e1n fronton az els\u0151 sebes\u00fclt volt. A Ferenc J\u00f3zseb jub. e. \u00e9rem, a koron\u00e1s vaskereszt, a seb. \u00e9. tulajdonosa. T\u00e9nyleges katonai \u00e9veit Pol\u00e1ban a haditenger\u00e9szetn\u00e9l szolg\u00e1lta le, mint \u0151rmester szerelt le. <br \/><strong>Irod.:<\/strong> Sz\u00e9kelyf\u00f6ld \u00ed. k.<\/br><\/p>\n","protected":false},"excerpt":{"rendered":"<p>Nagyszeben, 1868.,\u00a0\u2020?: mozdonyvezet\u0151. \u2013 Iskol\u00e1it Kv.-on v\u00e9gezte, majd a vas\u00fat szolg\u00e1lat\u00e1ba l\u00e9pett Mv.-en, ahol 33 \u00e9vet t\u00f6lt\u00f6tt. Az els\u0151 vh.-ban mint vasutas a rom\u00e1n fronton az els\u0151 sebes\u00fclt volt. A Ferenc J\u00f3zseb jub. e. \u00e9rem, a koron\u00e1s vaskereszt, a seb. \u00e9. tulajdonosa. T\u00e9nyleges katonai \u00e9veit Pol\u00e1ban a haditenger\u00e9szetn\u00e9l szolg\u00e1lta le, mint \u0151rmester szerelt le. Irod.: [&hellip;]<\/p>\n","protected":false},"featured_media":0,"comment_status":"open","ping_status":"closed","template":"","meta":[],"product_brand":[],"product_cat":[137],"product_tag":[],"class_list":{"0":"post-20011","1":"product","2":"type-product","3":"status-publish","5":"product_cat-maros-megyei-eletrajzi-lexikon","7":"first","8":"instock","9":"shipping-taxable","10":"product-type-simple"},"_links":{"self":[{"href":"https:\/\/uj.adatbank.ro\/lexikon\/wp-json\/wp\/v2\/product\/20011","targetHints":{"allow":["GET"]}}],"collection":[{"href":"https:\/\/uj.adatbank.ro\/lexikon\/wp-json\/wp\/v2\/product"}],"about":[{"href":"https:\/\/uj.adatbank.ro\/lexikon\/wp-json\/wp\/v2\/types\/product"}],"replies":[{"embeddable":true,"href":"https:\/\/uj.adatbank.ro\/lexikon\/wp-json\/wp\/v2\/comments?post=20011"}],"wp:attachment":[{"href":"https:\/\/uj.adatbank.ro\/lexikon\/wp-json\/wp\/v2\/media?parent=20011"}],"wp:term":[{"taxonomy":"product_brand","embeddable":true,"href":"https:\/\/uj.adatbank.ro\/lexikon\/wp-json\/wp\/v2\/product_brand?post=20011"},{"taxonomy":"product_cat","embeddable":true,"href":"https:\/\/uj.adatbank.ro\/lexikon\/wp-json\/wp\/v2\/product_cat?post=20011"},{"taxonomy":"product_tag","embeddable":true,"href":"https:\/\/uj.adatbank.ro\/lexikon\/wp-json\/wp\/v2\/product_tag?post=20011"}],"curies":[{"name":"wp","href":"https:\/\/api.w.org\/{rel}","templated":true}]}}