{"id":2002,"date":"2025-06-28T12:00:39","date_gmt":"2025-06-28T10:00:39","guid":{"rendered":"https:\/\/uj.adatbank.ro\/lexikon\/termek\/balint-akos\/"},"modified":"2025-06-28T12:00:39","modified_gmt":"2025-06-28T10:00:39","slug":"balint-akos","status":"publish","type":"product","link":"https:\/\/uj.adatbank.ro\/lexikon\/termek\/balint-akos\/","title":{"rendered":"B\u00c1LINT \u00c1kos"},"content":{"rendered":"<p>Gyergy\u00f3sztmikl\u00f3s, 1927. nov. 17., \u2020 Mv., 2008. \u00e1pr. 3.: testnevel\u00e9stan\u00e1r, edz\u0151. \u2013 Tan\u00e1ri oklevelet Moszkv\u00e1ban a K\u00f6zponti Testnevel\u0151 F\u0151iskol\u00e1n szerzett (1953). I-es fokozati tan\u00e1ri vizsg\u00e1t tett (1977). Mv.-en atl\u00e9tika szaktan\u00e1r (1954\u201357); a MMAT Tan\u00fcgyi Oszt\u00e1ly\u00e1n szakfel\u00fcgyel\u0151 (1958\u201360); a Bolyai Farkas L\u00edc.-ban atl\u00e9tika szaktan\u00e1r (1960\u201367); a MMAT tan\u00fcgyi tesnevel\u00e9s tan\u00edt\u00e1si fel\u00fcgyel\u0151je (1968\u201369); a Maros megyei Tanfel\u00fcgyel\u0151s\u00e9g testnevel\u00e9s szaktanfel\u00fcgyel\u0151je; a Bolyai Farkas K\u00f6z\u00e9piskola atl\u00e9tika szaktan\u00e1ra (1970\u201378); a mv.-i kiseg\u00edt\u0151 iskola gy\u00f3gytestnevel\u0151 tan\u00e1ra (1978\u201388). Atl\u00e9tikaedz\u0151k\u00e9nt neves atl\u00e9t\u00e1kat nevelt pl. Kerekes Edit, Dobai Lajos, Nagy J\u00f3zsef orsz\u00e1gos v\u00e1logatott tagokat. Sz\u00e1mos bajnoks\u00e1gon \u00e9rt el jelent\u0151s eredm\u00e9nyeket. A sportk\u00fcld\u00f6tts\u00e9gek orosz \u00e9s lengyel tolm\u00e1csa volt. \u00daj versenyrendszert dolgozott ki, amelyet 1964-t\u0151l orsz\u00e1gos szinten is bevezettek iskolai \u00e9s ifj\u00fas\u00e1gi csapatok sz\u00e1m\u00e1ra. <strong>Kit\u00fcntet\u00e9sei:<\/strong> \u00c9ltan\u00e1r (1968); Sport\u00e9rdemred (1966); Arany \u00c9rdemrend (1969). Az RMDSZ k\u00f6rzeti eln\u00f6ke volt (1990 k.). <br \/><strong>Irod.:<\/strong> EMKK; [Nekrol\u00f3g] (N\u00fa., 2008. \u00e1pr. 3.)<\/br><\/p>\n","protected":false},"excerpt":{"rendered":"<p>Gyergy\u00f3sztmikl\u00f3s, 1927. nov. 17., \u2020 Mv., 2008. \u00e1pr. 3.: testnevel\u00e9stan\u00e1r, edz\u0151. \u2013 Tan\u00e1ri oklevelet Moszkv\u00e1ban a K\u00f6zponti Testnevel\u0151 F\u0151iskol\u00e1n szerzett (1953). I-es fokozati tan\u00e1ri vizsg\u00e1t tett (1977). Mv.-en atl\u00e9tika szaktan\u00e1r (1954\u201357); a MMAT Tan\u00fcgyi Oszt\u00e1ly\u00e1n szakfel\u00fcgyel\u0151 (1958\u201360); a Bolyai Farkas L\u00edc.-ban atl\u00e9tika szaktan\u00e1r (1960\u201367); a MMAT tan\u00fcgyi tesnevel\u00e9s tan\u00edt\u00e1si fel\u00fcgyel\u0151je (1968\u201369); a Maros megyei Tanfel\u00fcgyel\u0151s\u00e9g [&hellip;]<\/p>\n","protected":false},"featured_media":0,"comment_status":"open","ping_status":"closed","template":"","meta":[],"product_brand":[],"product_cat":[137],"product_tag":[],"class_list":{"0":"post-2002","1":"product","2":"type-product","3":"status-publish","5":"product_cat-maros-megyei-eletrajzi-lexikon","7":"first","8":"instock","9":"shipping-taxable","10":"product-type-simple"},"_links":{"self":[{"href":"https:\/\/uj.adatbank.ro\/lexikon\/wp-json\/wp\/v2\/product\/2002","targetHints":{"allow":["GET"]}}],"collection":[{"href":"https:\/\/uj.adatbank.ro\/lexikon\/wp-json\/wp\/v2\/product"}],"about":[{"href":"https:\/\/uj.adatbank.ro\/lexikon\/wp-json\/wp\/v2\/types\/product"}],"replies":[{"embeddable":true,"href":"https:\/\/uj.adatbank.ro\/lexikon\/wp-json\/wp\/v2\/comments?post=2002"}],"wp:attachment":[{"href":"https:\/\/uj.adatbank.ro\/lexikon\/wp-json\/wp\/v2\/media?parent=2002"}],"wp:term":[{"taxonomy":"product_brand","embeddable":true,"href":"https:\/\/uj.adatbank.ro\/lexikon\/wp-json\/wp\/v2\/product_brand?post=2002"},{"taxonomy":"product_cat","embeddable":true,"href":"https:\/\/uj.adatbank.ro\/lexikon\/wp-json\/wp\/v2\/product_cat?post=2002"},{"taxonomy":"product_tag","embeddable":true,"href":"https:\/\/uj.adatbank.ro\/lexikon\/wp-json\/wp\/v2\/product_tag?post=2002"}],"curies":[{"name":"wp","href":"https:\/\/api.w.org\/{rel}","templated":true}]}}

BÁLINT Ákos

<p>Gyergyósztmiklós, 1927. nov. 17., † Mv., 2008. ápr. 3.: testneveléstanár, edző. – Tanári oklevelet Moszkvában a Központi Testnevelő Főiskolán szerzett (1953). I-es fokozati tanári vizsgát tett (1977). Mv.-en atlétika szaktanár (1954–57); a MMAT Tanügyi Osztályán szakfelügyelő (1958–60); a Bolyai Farkas Líc.-ban atlétika szaktanár (1960–67); a MMAT tanügyi tesnevelés tanítási felügyelője (1968–69); a Maros megyei Tanfelügyelőség testnevelés szaktanfelügyelője; a Bolyai Farkas Középiskola atlétika szaktanára (1970–78); a mv.-i kisegítő iskola gyógytestnevelő tanára (1978–88). Atlétikaedzőként neves atlétákat nevelt pl. Kerekes Edit, Dobai Lajos, Nagy József országos válogatott tagokat. Számos bajnokságon ért el jelentős eredményeket. A sportküldöttségek orosz és lengyel tolmácsa volt. Új versenyrendszert dolgozott ki, amelyet 1964-től országos szinten is bevezettek iskolai és ifjúsági csapatok számára. <strong>Kitüntetései:</strong> Éltanár (1968); Sportérdemred (1966); Arany Érdemrend (1969). Az RMDSZ körzeti elnöke volt (1990 k.). <br /><strong>Irod.:</strong> EMKK; [Nekrológ] (Nú., 2008. ápr. 3.)</br></p>

<p>Gyergyósztmiklós, 1927. nov. 17., † Mv., 2008. ápr. 3.: testneveléstanár, edző. – Tanári oklevelet Moszkvában a Központi Testnevelő Főiskolán szerzett (1953). I-es fokozati tanári vizsgát tett (1977). Mv.-en atlétika szaktanár (1954–57); a MMAT Tanügyi Osztályán szakfelügyelő (1958–60); a Bolyai Farkas Líc.-ban atlétika szaktanár (1960–67); a MMAT tanügyi tesnevelés tanítási felügyelője (1968–69); a Maros megyei Tanfelügyelőség [&hellip;]</p>
