{"id":20024,"date":"2025-07-22T18:33:47","date_gmt":"2025-07-22T16:33:47","guid":{"rendered":"https:\/\/uj.adatbank.ro\/lexikon\/termek\/schuller-georg-schullerus-georgius\/"},"modified":"2025-07-22T18:33:47","modified_gmt":"2025-07-22T16:33:47","slug":"schuller-georg-schullerus-georgius","status":"publish","type":"product","link":"https:\/\/uj.adatbank.ro\/lexikon\/termek\/schuller-georg-schullerus-georgius\/","title":{"rendered":"SCHULLER, Georg, Schullerus Georgius"},"content":{"rendered":"<p>Sz\u00e1szr\u00e9gen, 1714. j\u00fan. 17., \u2020\u00a0Sz\u00e1szr\u00e9gen, 1781. szept. 18. az ev. templom olt\u00e1ra al\u00e1 temett\u00e9k: tan\u00e1r. \u2013 Mv.-en (1729\u201331) \u00e9s Szebenben (1732\u201335) tanult. Sz\u00e1szr\u00e9genben rektorr\u00e1 v\u00e1lasztott\u00e1k (1735\u201337). T\u00fcbingenben tanult (1737\u2013). Lelk\u00e9sz lett W\u00fcrttenbergben. Visszat\u00e9rt Sz\u00e1szr\u00e9genbe, ism\u00e9t a sz\u00e1sz Ev. Gimn\u00e1zium rektora (1741\u201343), pr\u00e9dik\u00e1tor (1943\u2013). Lelk\u00e9sz Fels\u0151idecsen (1749\u2013), majd Sz\u00e1szr\u00e9genben (1751\u2013), a r\u00e9geni k\u00e1ptalans\u00e1g v\u00e1lasztm\u00e1nyi tagja (1761\u2013), esperes (1763\u2013), esperespl\u00e9b\u00e1nos (1771\u2013), lemondott (1776). \u0150 volt a r\u00e9geniek szellemi \u00e9s lelki t\u00e1masza a t\u00f6r\u00f6k vesz\u00e9ly, pestisj\u00e1rv\u00e1ny, t\u0171zv\u00e9sz eset\u00e9n, Paulusnak nevezt\u00e9k, \u00fajj\u00e1\u00e9p\u00edtette a templomot, 20 regiszteres orgon\u00e1t szerzett, m\u00e9g egy pr\u00e9dik\u00e1tori \u00e1ll\u00e1st l\u00e9tes\u00edtett. <br \/><strong>Irod.:<\/strong> Regh. cult. 8.; S\u00e4chsisch-Regen, Szab\u00f3\u2013Sz\u00f6gi.<\/br><\/p>\n","protected":false},"excerpt":{"rendered":"<p>Sz\u00e1szr\u00e9gen, 1714. j\u00fan. 17., \u2020\u00a0Sz\u00e1szr\u00e9gen, 1781. szept. 18. az ev. templom olt\u00e1ra al\u00e1 temett\u00e9k: tan\u00e1r. \u2013 Mv.-en (1729\u201331) \u00e9s Szebenben (1732\u201335) tanult. Sz\u00e1szr\u00e9genben rektorr\u00e1 v\u00e1lasztott\u00e1k (1735\u201337). T\u00fcbingenben tanult (1737\u2013). Lelk\u00e9sz lett W\u00fcrttenbergben. Visszat\u00e9rt Sz\u00e1szr\u00e9genbe, ism\u00e9t a sz\u00e1sz Ev. Gimn\u00e1zium rektora (1741\u201343), pr\u00e9dik\u00e1tor (1943\u2013). Lelk\u00e9sz Fels\u0151idecsen (1749\u2013), majd Sz\u00e1szr\u00e9genben (1751\u2013), a r\u00e9geni k\u00e1ptalans\u00e1g v\u00e1lasztm\u00e1nyi tagja (1761\u2013), [&hellip;]<\/p>\n","protected":false},"featured_media":0,"comment_status":"open","ping_status":"closed","template":"","meta":[],"product_brand":[],"product_cat":[137],"product_tag":[],"class_list":{"0":"post-20024","1":"product","2":"type-product","3":"status-publish","5":"product_cat-maros-megyei-eletrajzi-lexikon","7":"first","8":"instock","9":"shipping-taxable","10":"product-type-simple"},"_links":{"self":[{"href":"https:\/\/uj.adatbank.ro\/lexikon\/wp-json\/wp\/v2\/product\/20024","targetHints":{"allow":["GET"]}}],"collection":[{"href":"https:\/\/uj.adatbank.ro\/lexikon\/wp-json\/wp\/v2\/product"}],"about":[{"href":"https:\/\/uj.adatbank.ro\/lexikon\/wp-json\/wp\/v2\/types\/product"}],"replies":[{"embeddable":true,"href":"https:\/\/uj.adatbank.ro\/lexikon\/wp-json\/wp\/v2\/comments?post=20024"}],"wp:attachment":[{"href":"https:\/\/uj.adatbank.ro\/lexikon\/wp-json\/wp\/v2\/media?parent=20024"}],"wp:term":[{"taxonomy":"product_brand","embeddable":true,"href":"https:\/\/uj.adatbank.ro\/lexikon\/wp-json\/wp\/v2\/product_brand?post=20024"},{"taxonomy":"product_cat","embeddable":true,"href":"https:\/\/uj.adatbank.ro\/lexikon\/wp-json\/wp\/v2\/product_cat?post=20024"},{"taxonomy":"product_tag","embeddable":true,"href":"https:\/\/uj.adatbank.ro\/lexikon\/wp-json\/wp\/v2\/product_tag?post=20024"}],"curies":[{"name":"wp","href":"https:\/\/api.w.org\/{rel}","templated":true}]}}

<p>Szászrégen, 1714. jún. 17., † Szászrégen, 1781. szept. 18. az ev. templom oltára alá temették: tanár. – Mv.-en (1729–31) és Szebenben (1732–35) tanult. Szászrégenben rektorrá választották (1735–37). Tübingenben tanult (1737–). Lelkész lett Württenbergben. Visszatért Szászrégenbe, ismét a szász Ev. Gimnázium rektora (1741–43), prédikátor (1943–). Lelkész Felsőidecsen (1749–), majd Szászrégenben (1751–), a régeni káptalanság választmányi tagja (1761–), esperes (1763–), esperesplébános (1771–), lemondott (1776). Ő volt a régeniek szellemi és lelki támasza a török veszély, pestisjárvány, tűzvész esetén, Paulusnak nevezték, újjáépítette a templomot, 20 regiszteres orgonát szerzett, még egy prédikátori állást létesített. <br /><strong>Irod.:</strong> Regh. cult. 8.; Sächsisch-Regen, Szabó–Szögi.</br></p>

<p>Szászrégen, 1714. jún. 17., † Szászrégen, 1781. szept. 18. az ev. templom oltára alá temették: tanár. – Mv.-en (1729–31) és Szebenben (1732–35) tanult. Szászrégenben rektorrá választották (1735–37). Tübingenben tanult (1737–). Lelkész lett Württenbergben. Visszatért Szászrégenbe, ismét a szász Ev. Gimnázium rektora (1741–43), prédikátor (1943–). Lelkész Felsőidecsen (1749–), majd Szászrégenben (1751–), a régeni káptalanság választmányi tagja (1761–), [&hellip;]</p>
