{"id":20029,"date":"2025-07-22T18:33:59","date_gmt":"2025-07-22T16:33:59","guid":{"rendered":"https:\/\/uj.adatbank.ro\/lexikon\/termek\/schuller-jeno\/"},"modified":"2025-07-22T18:33:59","modified_gmt":"2025-07-22T16:33:59","slug":"schuller-jeno","status":"publish","type":"product","link":"https:\/\/uj.adatbank.ro\/lexikon\/termek\/schuller-jeno\/","title":{"rendered":"SCHULLER Jen\u0151"},"content":{"rendered":"<p>Sz\u00e9kelykereszt\u00far, 1928. j\u00fan. 25., \u2020?2016.: geol\u00f3gus. \u2013 \u00c9retts\u00e9gizett a mv.-i Ref. Koll.-ban (1948), majd a kv.-i BTE geol\u00f3gia-f\u00f6ldrajz szak\u00e1n tan\u00e1ri oklevelet szerzett (1954). Tan\u00edtott Beszterc\u00e9n (1954\u201360); Kv.-on. Zsilav\u00e1n \u00e9s Szamos\u00fajv\u00e1ron politikai el\u00edt\u00e9lt (1960\u201364); Mv.-en a helyiipari v\u00e1llalat geol\u00f3gusa (1964\u201388). R\u00e9szt vett a g\u00f6demesterh\u00e1zi borv\u00edz \u00e9s a hadr\u00e9vi betonit felt\u00e1r\u00e1s\u00e1ban (1964). <br \/><strong>Irod.:<\/strong> KKACs; Tomcs\u00e1nyi M\u00e1ria: Egy r\u00e9gi besztercei t\u00f6rt\u00e9net: B\u00facs\u00fa Sch. J. tan\u00e1r \u00fart\u00f3l (N\u00fa., Sz\u00ednes Vil\u00e1g, 2016. j\u00fal. 1.).<\/br><\/p>\n","protected":false},"excerpt":{"rendered":"<p>Sz\u00e9kelykereszt\u00far, 1928. j\u00fan. 25., \u2020?2016.: geol\u00f3gus. \u2013 \u00c9retts\u00e9gizett a mv.-i Ref. Koll.-ban (1948), majd a kv.-i BTE geol\u00f3gia-f\u00f6ldrajz szak\u00e1n tan\u00e1ri oklevelet szerzett (1954). Tan\u00edtott Beszterc\u00e9n (1954\u201360); Kv.-on. Zsilav\u00e1n \u00e9s Szamos\u00fajv\u00e1ron politikai el\u00edt\u00e9lt (1960\u201364); Mv.-en a helyiipari v\u00e1llalat geol\u00f3gusa (1964\u201388). R\u00e9szt vett a g\u00f6demesterh\u00e1zi borv\u00edz \u00e9s a hadr\u00e9vi betonit felt\u00e1r\u00e1s\u00e1ban (1964). Irod.: KKACs; Tomcs\u00e1nyi M\u00e1ria: Egy [&hellip;]<\/p>\n","protected":false},"featured_media":0,"comment_status":"open","ping_status":"closed","template":"","meta":[],"product_brand":[],"product_cat":[137],"product_tag":[],"class_list":{"0":"post-20029","1":"product","2":"type-product","3":"status-publish","5":"product_cat-maros-megyei-eletrajzi-lexikon","7":"first","8":"instock","9":"shipping-taxable","10":"product-type-simple"},"_links":{"self":[{"href":"https:\/\/uj.adatbank.ro\/lexikon\/wp-json\/wp\/v2\/product\/20029","targetHints":{"allow":["GET"]}}],"collection":[{"href":"https:\/\/uj.adatbank.ro\/lexikon\/wp-json\/wp\/v2\/product"}],"about":[{"href":"https:\/\/uj.adatbank.ro\/lexikon\/wp-json\/wp\/v2\/types\/product"}],"replies":[{"embeddable":true,"href":"https:\/\/uj.adatbank.ro\/lexikon\/wp-json\/wp\/v2\/comments?post=20029"}],"wp:attachment":[{"href":"https:\/\/uj.adatbank.ro\/lexikon\/wp-json\/wp\/v2\/media?parent=20029"}],"wp:term":[{"taxonomy":"product_brand","embeddable":true,"href":"https:\/\/uj.adatbank.ro\/lexikon\/wp-json\/wp\/v2\/product_brand?post=20029"},{"taxonomy":"product_cat","embeddable":true,"href":"https:\/\/uj.adatbank.ro\/lexikon\/wp-json\/wp\/v2\/product_cat?post=20029"},{"taxonomy":"product_tag","embeddable":true,"href":"https:\/\/uj.adatbank.ro\/lexikon\/wp-json\/wp\/v2\/product_tag?post=20029"}],"curies":[{"name":"wp","href":"https:\/\/api.w.org\/{rel}","templated":true}]}}

SCHULLER Jenő

<p>Székelykeresztúr, 1928. jún. 25., †?2016.: geológus. – Érettségizett a mv.-i Ref. Koll.-ban (1948), majd a kv.-i BTE geológia-földrajz szakán tanári oklevelet szerzett (1954). Tanított Besztercén (1954–60); Kv.-on. Zsilaván és Szamosújváron politikai elítélt (1960–64); Mv.-en a helyiipari vállalat geológusa (1964–88). Részt vett a gödemesterházi borvíz és a hadrévi betonit feltárásában (1964). <br /><strong>Irod.:</strong> KKACs; Tomcsányi Mária: Egy régi besztercei történet: Búcsú Sch. J. tanár úrtól (Nú., Színes Világ, 2016. júl. 1.).</br></p>

<p>Székelykeresztúr, 1928. jún. 25., †?2016.: geológus. – Érettségizett a mv.-i Ref. Koll.-ban (1948), majd a kv.-i BTE geológia-földrajz szakán tanári oklevelet szerzett (1954). Tanított Besztercén (1954–60); Kv.-on. Zsilaván és Szamosújváron politikai elítélt (1960–64); Mv.-en a helyiipari vállalat geológusa (1964–88). Részt vett a gödemesterházi borvíz és a hadrévi betonit feltárásában (1964). Irod.: KKACs; Tomcsányi Mária: Egy [&hellip;]</p>
