{"id":2003,"date":"2025-06-28T12:00:41","date_gmt":"2025-06-28T10:00:41","guid":{"rendered":"https:\/\/uj.adatbank.ro\/lexikon\/termek\/balint-albert-szalvator-p-salvator\/"},"modified":"2025-06-28T12:00:41","modified_gmt":"2025-06-28T10:00:41","slug":"balint-albert-szalvator-p-salvator","status":"publish","type":"product","link":"https:\/\/uj.adatbank.ro\/lexikon\/termek\/balint-albert-szalvator-p-salvator\/","title":{"rendered":"B\u00c1LINT Albert. Szalv\u00e1tor, P., Salvator"},"content":{"rendered":"<p>Sz\u00e9kelyszentkir\u00e1ly, 1911. jan. 23. \u2020 ? : ferences szerzetes, teol\u00f3giai tan\u00e1r, dr.- Sz\u00e9kelyudvarhelyen a Coll. Seraficum n\u00f6vend\u00e9ke (1921\u201326). Mikh\u00e1z\u00e1n l\u00e9pett be a rendbe (1926). Cs\u00edksomly\u00f3n fejezte be a k\u00f6z\u00e9pisk-t, a teol-t Vajdahunyadon (1929\u201333), R\u00f3m\u00e1ban az Antonianumban v\u00e9gezte (1933\u201336). Papp\u00e1 szentelt\u00e9k (1933. szep. 24.). Egyh\u00e1zt\u00f6rt\u00e9nelemb\u0151l doktor\u00e1lt (1936). Hazat\u00e9rt Ed\u00e9lybe. Vajdahunyadon a r. k. f\u0151isk. egyht\u00f6rt-, missziol\u00f3gia- \u00e9s lit-tan\u00e1ra, a f\u0151isk. utols\u00f3 rektora, k\u00f6zben Nagyszebenben (1945\u201347), Vajdahunyadon h\u00e1zf\u0151n\u00f6k (1947\u201348). Rendt\u00e1rsaival M\u00e1riaradn\u00e1ra hurcolt\u00e1k (1951. aug. 20.), k\u00e9nyszerlakhelyen volt K\u0151r\u00f6sb\u00e1ny\u00e1n (1952. m\u00e1j. \u2013 1961); helyettes tartom\u00e1nyi f\u0151n\u00f6k. A kommunista hatalom\u00e1tv\u00e9tel ut\u00e1n, m\u00e1s rend- \u00e9s papt\u00e1rsaival egy\u00fctt koholt v\u00e1dak alapj\u00e1n (k\u00e9mked\u00e9s, haza\u00e1rul\u00e1s) letart\u00f3ztatt\u00e1k (1961), 4\u20136 \u00e9vre beb\u00f6rt\u00f6n\u00f6zt\u00e9k. K\u00f6zkegyelemmel szabadult (1964). K\u0151r\u00f6sb\u00e1ny\u00e1n \u00e9lt, majd Br\u00e1don, Sz\u00e1szsebesen (1974), Medgyesen, Cs\u00edksomly\u00f3n lelk\u00e9sz (1985), a brass\u00f3i ferences templom pl\u00e9b\u00e1nosa (1987). Mv.-en a novicmester \u00e9s a Szent Imre- templom pl\u00e9b\u00e1nosa (1989\u2013), itt \u00fcnnepelt\u00e9k a papi hivat\u00e1sban elt\u00f6lt\u00f6tt 65. \u00e9v\u00e9t. Nagyszebenben sikertelen\u00fcl pr\u00f3b\u00e1lkozott az elkobzott templom visszaszerz\u00e9s\u00e9vel (1945\u201347). M\u00e1rton \u00c1ron p\u00fcsp\u00fck megb\u00edz\u00e1s\u00e1b\u00f3l papi lelkigyakorlatokat vezetett (1955\u201358), a b\u00e9kepapi mozg. f\u00f6lsz\u00e1mol\u00e1sakor a papok feloldoz\u00e1s\u00e1t v\u00e9gezte, Sz\u00e1szsebesen \u00e9s Medgyesen restaur\u00e1ltatta a templomot. <br \/><strong>Irod.:<\/strong> Internet; Lokodi Imre: Vasmise (N\u00fa., 1998. szept. 26.)<\/br><\/p>\n","protected":false},"excerpt":{"rendered":"<p>Sz\u00e9kelyszentkir\u00e1ly, 1911. jan. 23. \u2020 ? : ferences szerzetes, teol\u00f3giai tan\u00e1r, dr.- Sz\u00e9kelyudvarhelyen a Coll. Seraficum n\u00f6vend\u00e9ke (1921\u201326). Mikh\u00e1z\u00e1n l\u00e9pett be a rendbe (1926). Cs\u00edksomly\u00f3n fejezte be a k\u00f6z\u00e9pisk-t, a teol-t Vajdahunyadon (1929\u201333), R\u00f3m\u00e1ban az Antonianumban v\u00e9gezte (1933\u201336). Papp\u00e1 szentelt\u00e9k (1933. szep. 24.). Egyh\u00e1zt\u00f6rt\u00e9nelemb\u0151l doktor\u00e1lt (1936). Hazat\u00e9rt Ed\u00e9lybe. Vajdahunyadon a r. k. f\u0151isk. egyht\u00f6rt-, missziol\u00f3gia- [&hellip;]<\/p>\n","protected":false},"featured_media":0,"comment_status":"open","ping_status":"closed","template":"","meta":[],"product_brand":[],"product_cat":[137],"product_tag":[],"class_list":{"0":"post-2003","1":"product","2":"type-product","3":"status-publish","5":"product_cat-maros-megyei-eletrajzi-lexikon","7":"first","8":"instock","9":"shipping-taxable","10":"product-type-simple"},"_links":{"self":[{"href":"https:\/\/uj.adatbank.ro\/lexikon\/wp-json\/wp\/v2\/product\/2003","targetHints":{"allow":["GET"]}}],"collection":[{"href":"https:\/\/uj.adatbank.ro\/lexikon\/wp-json\/wp\/v2\/product"}],"about":[{"href":"https:\/\/uj.adatbank.ro\/lexikon\/wp-json\/wp\/v2\/types\/product"}],"replies":[{"embeddable":true,"href":"https:\/\/uj.adatbank.ro\/lexikon\/wp-json\/wp\/v2\/comments?post=2003"}],"wp:attachment":[{"href":"https:\/\/uj.adatbank.ro\/lexikon\/wp-json\/wp\/v2\/media?parent=2003"}],"wp:term":[{"taxonomy":"product_brand","embeddable":true,"href":"https:\/\/uj.adatbank.ro\/lexikon\/wp-json\/wp\/v2\/product_brand?post=2003"},{"taxonomy":"product_cat","embeddable":true,"href":"https:\/\/uj.adatbank.ro\/lexikon\/wp-json\/wp\/v2\/product_cat?post=2003"},{"taxonomy":"product_tag","embeddable":true,"href":"https:\/\/uj.adatbank.ro\/lexikon\/wp-json\/wp\/v2\/product_tag?post=2003"}],"curies":[{"name":"wp","href":"https:\/\/api.w.org\/{rel}","templated":true}]}}

BÁLINT Albert. Szalvátor, P., Salvator

<p>Székelyszentkirály, 1911. jan. 23. † ? : ferences szerzetes, teológiai tanár, dr.- Székelyudvarhelyen a Coll. Seraficum növendéke (1921–26). Mikházán lépett be a rendbe (1926). Csíksomlyón fejezte be a középisk-t, a teol-t Vajdahunyadon (1929–33), Rómában az Antonianumban végezte (1933–36). Pappá szentelték (1933. szep. 24.). Egyháztörténelemből doktorált (1936). Hazatért Edélybe. Vajdahunyadon a r. k. főisk. egyhtört-, missziológia- és lit-tanára, a főisk. utolsó rektora, közben Nagyszebenben (1945–47), Vajdahunyadon házfőnök (1947–48). Rendtársaival Máriaradnára hurcolták (1951. aug. 20.), kényszerlakhelyen volt Kőrösbányán (1952. máj. – 1961); helyettes tartományi főnök. A kommunista hatalomátvétel után, más rend- és paptársaival együtt koholt vádak alapján (kémkedés, hazaárulás) letartóztatták (1961), 4–6 évre bebörtönözték. Közkegyelemmel szabadult (1964). Kőrösbányán élt, majd Brádon, Szászsebesen (1974), Medgyesen, Csíksomlyón lelkész (1985), a brassói ferences templom plébánosa (1987). Mv.-en a novicmester és a Szent Imre- templom plébánosa (1989–), itt ünnepelték a papi hivatásban eltöltött 65. évét. Nagyszebenben sikertelenül próbálkozott az elkobzott templom visszaszerzésével (1945–47). Márton Áron püspük megbízásából papi lelkigyakorlatokat vezetett (1955–58), a békepapi mozg. fölszámolásakor a papok feloldozását végezte, Szászsebesen és Medgyesen restauráltatta a templomot. <br /><strong>Irod.:</strong> Internet; Lokodi Imre: Vasmise (Nú., 1998. szept. 26.)</br></p>

<p>Székelyszentkirály, 1911. jan. 23. † ? : ferences szerzetes, teológiai tanár, dr.- Székelyudvarhelyen a Coll. Seraficum növendéke (1921–26). Mikházán lépett be a rendbe (1926). Csíksomlyón fejezte be a középisk-t, a teol-t Vajdahunyadon (1929–33), Rómában az Antonianumban végezte (1933–36). Pappá szentelték (1933. szep. 24.). Egyháztörténelemből doktorált (1936). Hazatért Edélybe. Vajdahunyadon a r. k. főisk. egyhtört-, missziológia- [&hellip;]</p>
