{"id":20053,"date":"2025-07-22T18:34:51","date_gmt":"2025-07-22T16:34:51","guid":{"rendered":"https:\/\/uj.adatbank.ro\/lexikon\/termek\/schullerus-joseph-adolf\/"},"modified":"2025-07-22T18:34:51","modified_gmt":"2025-07-22T16:34:51","slug":"schullerus-joseph-adolf","status":"publish","type":"product","link":"https:\/\/uj.adatbank.ro\/lexikon\/termek\/schullerus-joseph-adolf\/","title":{"rendered":"SCHULLERUS, Joseph Adolf"},"content":{"rendered":"<p>Sz\u00e1szvessz\u0151d, 1860. m\u00e1rc. 3. \u2020?: szeminariumi tan\u00e1r, apja lelk\u00e9sz volt. \u2013 Els\u0151 oktat\u00e1s\u00e1t a sz\u00fcl\u0151i h\u00e1zn\u00e1l nyerte, majd apja a nagyszebeni gimn\u00e1zium V. oszt\u00e1ly\u00e1ba adta (1874); az \u00e9retts\u00e9gi vizsga let\u00e9tele ut\u00e1n (1878) a berni egyetemre ment, hogy ott a teol\u00f3gia mellett term\u00e9szettudom\u00e1nyokat is hallgasson; inn\u00e9t k\u00e9t szemeszterre T\u00fcbingenbe ment \u00e9s h\u00e1romra Berlinbe. A sz\u00e1szr\u00e9geni Evang. Gimn\u00e1ziumba (1885), majd a nagyszebeni ev. tartom\u00e1nyi egyh\u00e1z szeminarium\u00e1ban (1893\u2013) volt tan\u00e1r. Cikke az Abhandlungen des Botanischen Vereins der Provinz Brandenburgban; a sz\u00e1szr\u00e9geni gimn\u00e1zium Programmj\u00e1ban. \u2013 <strong>F. m.<\/strong>: Die Plattform des Gymnasialgeb\u00e4udes im Dienste des naturkundlichen Unterrichtes&#8230; (Hermannstadt, 1893.); Der Volksschulgarten nach seiner Anlage, wirthschaftlichen und p\u00e4dagogischen Ausn\u00fctzung. (Hermannstadt, 1895.); Zur Harbachregulirung. Hermannstadt, 1896.); <strong>K\u00e9ziratban:<\/strong> Schulflora f\u00fcr die Hand der Sch\u00fcler. <br \/><strong>Irod.:<\/strong> Szinnyei.<\/br><\/p>\n","protected":false},"excerpt":{"rendered":"<p>Sz\u00e1szvessz\u0151d, 1860. m\u00e1rc. 3. \u2020?: szeminariumi tan\u00e1r, apja lelk\u00e9sz volt. \u2013 Els\u0151 oktat\u00e1s\u00e1t a sz\u00fcl\u0151i h\u00e1zn\u00e1l nyerte, majd apja a nagyszebeni gimn\u00e1zium V. oszt\u00e1ly\u00e1ba adta (1874); az \u00e9retts\u00e9gi vizsga let\u00e9tele ut\u00e1n (1878) a berni egyetemre ment, hogy ott a teol\u00f3gia mellett term\u00e9szettudom\u00e1nyokat is hallgasson; inn\u00e9t k\u00e9t szemeszterre T\u00fcbingenbe ment \u00e9s h\u00e1romra Berlinbe. A sz\u00e1szr\u00e9geni Evang. [&hellip;]<\/p>\n","protected":false},"featured_media":0,"comment_status":"open","ping_status":"closed","template":"","meta":[],"product_brand":[],"product_cat":[137],"product_tag":[],"class_list":{"0":"post-20053","1":"product","2":"type-product","3":"status-publish","5":"product_cat-maros-megyei-eletrajzi-lexikon","7":"first","8":"instock","9":"shipping-taxable","10":"product-type-simple"},"_links":{"self":[{"href":"https:\/\/uj.adatbank.ro\/lexikon\/wp-json\/wp\/v2\/product\/20053","targetHints":{"allow":["GET"]}}],"collection":[{"href":"https:\/\/uj.adatbank.ro\/lexikon\/wp-json\/wp\/v2\/product"}],"about":[{"href":"https:\/\/uj.adatbank.ro\/lexikon\/wp-json\/wp\/v2\/types\/product"}],"replies":[{"embeddable":true,"href":"https:\/\/uj.adatbank.ro\/lexikon\/wp-json\/wp\/v2\/comments?post=20053"}],"wp:attachment":[{"href":"https:\/\/uj.adatbank.ro\/lexikon\/wp-json\/wp\/v2\/media?parent=20053"}],"wp:term":[{"taxonomy":"product_brand","embeddable":true,"href":"https:\/\/uj.adatbank.ro\/lexikon\/wp-json\/wp\/v2\/product_brand?post=20053"},{"taxonomy":"product_cat","embeddable":true,"href":"https:\/\/uj.adatbank.ro\/lexikon\/wp-json\/wp\/v2\/product_cat?post=20053"},{"taxonomy":"product_tag","embeddable":true,"href":"https:\/\/uj.adatbank.ro\/lexikon\/wp-json\/wp\/v2\/product_tag?post=20053"}],"curies":[{"name":"wp","href":"https:\/\/api.w.org\/{rel}","templated":true}]}}