{"id":20058,"date":"2025-07-22T18:35:03","date_gmt":"2025-07-22T16:35:03","guid":{"rendered":"https:\/\/uj.adatbank.ro\/lexikon\/termek\/schupiter-ferenc-jozsef-jozsef\/"},"modified":"2025-07-22T18:35:03","modified_gmt":"2025-07-22T16:35:03","slug":"schupiter-ferenc-jozsef-jozsef","status":"publish","type":"product","link":"https:\/\/uj.adatbank.ro\/lexikon\/termek\/schupiter-ferenc-jozsef-jozsef\/","title":{"rendered":"SCHUPITER Ferenc J\u00f3zsef, J\u00f3zsef"},"content":{"rendered":"<p>Sz\u00e1szr\u00e9gen, 1868. febr. 3., \u2020 Fogaras, 1903. m\u00e1rc. 29.: jog\u00e1sz. \u2013 Feles\u00e9ge Scholtz Val\u00e9ria. K\u00f6z\u00e9piskol\u00e1it a mv.-i \u00e9s kv.-i f\u0151gimn\u00e1ziumokban v\u00e9gezte, Kv.-on \u00e9retts\u00e9gizett (1887. j\u00fan. 10.). Jogi tanulm\u00e1nyait Bp.-en \u00e9s Kv.-on v\u00e9gezte (1893. nov. 14.). \u00dcgyv\u00e9djel\u00f6lt Sz\u00e1szr\u00e9genben, b\u00edr\u00f3s\u00e1gi gyakornok, jegyz\u0151 Sz\u00e1szsebesen, majd a kv.-i kir. \u00edt\u00e9l\u0151t\u00e1bl\u00e1n\u00e1l tan\u00e1csjegyz\u0151, a fogarasi kir. j\u00e1r\u00e1sb\u00edr\u00f3s\u00e1gon alb\u00edr\u00f3, korai hal\u00e1l\u00e1ig. <br \/><strong>Irod.:<\/strong> csal\u00e1di inf. Borsos Endre mv.-i g\u00e9p\u00e9szm\u00e9rn\u00f6kt\u0151l.<\/br><\/p>\n","protected":false},"excerpt":{"rendered":"<p>Sz\u00e1szr\u00e9gen, 1868. febr. 3., \u2020 Fogaras, 1903. m\u00e1rc. 29.: jog\u00e1sz. \u2013 Feles\u00e9ge Scholtz Val\u00e9ria. K\u00f6z\u00e9piskol\u00e1it a mv.-i \u00e9s kv.-i f\u0151gimn\u00e1ziumokban v\u00e9gezte, Kv.-on \u00e9retts\u00e9gizett (1887. j\u00fan. 10.). Jogi tanulm\u00e1nyait Bp.-en \u00e9s Kv.-on v\u00e9gezte (1893. nov. 14.). \u00dcgyv\u00e9djel\u00f6lt Sz\u00e1szr\u00e9genben, b\u00edr\u00f3s\u00e1gi gyakornok, jegyz\u0151 Sz\u00e1szsebesen, majd a kv.-i kir. \u00edt\u00e9l\u0151t\u00e1bl\u00e1n\u00e1l tan\u00e1csjegyz\u0151, a fogarasi kir. j\u00e1r\u00e1sb\u00edr\u00f3s\u00e1gon alb\u00edr\u00f3, korai hal\u00e1l\u00e1ig. Irod.: [&hellip;]<\/p>\n","protected":false},"featured_media":0,"comment_status":"open","ping_status":"closed","template":"","meta":[],"product_brand":[],"product_cat":[137],"product_tag":[],"class_list":{"0":"post-20058","1":"product","2":"type-product","3":"status-publish","5":"product_cat-maros-megyei-eletrajzi-lexikon","7":"first","8":"instock","9":"shipping-taxable","10":"product-type-simple"},"_links":{"self":[{"href":"https:\/\/uj.adatbank.ro\/lexikon\/wp-json\/wp\/v2\/product\/20058","targetHints":{"allow":["GET"]}}],"collection":[{"href":"https:\/\/uj.adatbank.ro\/lexikon\/wp-json\/wp\/v2\/product"}],"about":[{"href":"https:\/\/uj.adatbank.ro\/lexikon\/wp-json\/wp\/v2\/types\/product"}],"replies":[{"embeddable":true,"href":"https:\/\/uj.adatbank.ro\/lexikon\/wp-json\/wp\/v2\/comments?post=20058"}],"wp:attachment":[{"href":"https:\/\/uj.adatbank.ro\/lexikon\/wp-json\/wp\/v2\/media?parent=20058"}],"wp:term":[{"taxonomy":"product_brand","embeddable":true,"href":"https:\/\/uj.adatbank.ro\/lexikon\/wp-json\/wp\/v2\/product_brand?post=20058"},{"taxonomy":"product_cat","embeddable":true,"href":"https:\/\/uj.adatbank.ro\/lexikon\/wp-json\/wp\/v2\/product_cat?post=20058"},{"taxonomy":"product_tag","embeddable":true,"href":"https:\/\/uj.adatbank.ro\/lexikon\/wp-json\/wp\/v2\/product_tag?post=20058"}],"curies":[{"name":"wp","href":"https:\/\/api.w.org\/{rel}","templated":true}]}}