{"id":20059,"date":"2025-07-22T18:35:05","date_gmt":"2025-07-22T16:35:05","guid":{"rendered":"https:\/\/uj.adatbank.ro\/lexikon\/termek\/schupiter-jozsef\/"},"modified":"2025-07-22T18:35:05","modified_gmt":"2025-07-22T16:35:05","slug":"schupiter-jozsef","status":"publish","type":"product","link":"https:\/\/uj.adatbank.ro\/lexikon\/termek\/schupiter-jozsef\/","title":{"rendered":"SCHUPITER J\u00f3zsef"},"content":{"rendered":"<p>Sz\u00e1szr\u00e9gen, 1898. aug. 5., \u2020 Pestszentl\u0151rinc, 1942. j\u00fal. 5.: p\u00e9nz\u00fcgyi ellen\u0151r, eml\u00e9klapos hadnagy. \u2013 Mv.-en a r. k. iskol\u00e1ban tanult, Tord\u00e1n \u00e9retts\u00e9gizett. Kv.-on \u00e9s Bp.-en \u00e9lt \u00e9s dolgozott. <br \/><strong>Irod.:<\/strong> csal\u00e1di inf. Borsos Endre mv.-i g\u00e9p\u00e9szm\u00e9rn\u00f6kt\u0151l.<\/br><\/p>\n","protected":false},"excerpt":{"rendered":"<p>Sz\u00e1szr\u00e9gen, 1898. aug. 5., \u2020 Pestszentl\u0151rinc, 1942. j\u00fal. 5.: p\u00e9nz\u00fcgyi ellen\u0151r, eml\u00e9klapos hadnagy. \u2013 Mv.-en a r. k. iskol\u00e1ban tanult, Tord\u00e1n \u00e9retts\u00e9gizett. Kv.-on \u00e9s Bp.-en \u00e9lt \u00e9s dolgozott. Irod.: csal\u00e1di inf. Borsos Endre mv.-i g\u00e9p\u00e9szm\u00e9rn\u00f6kt\u0151l.<\/p>\n","protected":false},"featured_media":0,"comment_status":"open","ping_status":"closed","template":"","meta":[],"product_brand":[],"product_cat":[137],"product_tag":[],"class_list":{"0":"post-20059","1":"product","2":"type-product","3":"status-publish","5":"product_cat-maros-megyei-eletrajzi-lexikon","7":"first","8":"instock","9":"shipping-taxable","10":"product-type-simple"},"_links":{"self":[{"href":"https:\/\/uj.adatbank.ro\/lexikon\/wp-json\/wp\/v2\/product\/20059","targetHints":{"allow":["GET"]}}],"collection":[{"href":"https:\/\/uj.adatbank.ro\/lexikon\/wp-json\/wp\/v2\/product"}],"about":[{"href":"https:\/\/uj.adatbank.ro\/lexikon\/wp-json\/wp\/v2\/types\/product"}],"replies":[{"embeddable":true,"href":"https:\/\/uj.adatbank.ro\/lexikon\/wp-json\/wp\/v2\/comments?post=20059"}],"wp:attachment":[{"href":"https:\/\/uj.adatbank.ro\/lexikon\/wp-json\/wp\/v2\/media?parent=20059"}],"wp:term":[{"taxonomy":"product_brand","embeddable":true,"href":"https:\/\/uj.adatbank.ro\/lexikon\/wp-json\/wp\/v2\/product_brand?post=20059"},{"taxonomy":"product_cat","embeddable":true,"href":"https:\/\/uj.adatbank.ro\/lexikon\/wp-json\/wp\/v2\/product_cat?post=20059"},{"taxonomy":"product_tag","embeddable":true,"href":"https:\/\/uj.adatbank.ro\/lexikon\/wp-json\/wp\/v2\/product_tag?post=20059"}],"curies":[{"name":"wp","href":"https:\/\/api.w.org\/{rel}","templated":true}]}}