{"id":20062,"date":"2025-07-22T18:35:11","date_gmt":"2025-07-22T16:35:11","guid":{"rendered":"https:\/\/uj.adatbank.ro\/lexikon\/termek\/schupiter-robert\/"},"modified":"2025-07-22T18:35:11","modified_gmt":"2025-07-22T16:35:11","slug":"schupiter-robert","status":"publish","type":"product","link":"https:\/\/uj.adatbank.ro\/lexikon\/termek\/schupiter-robert\/","title":{"rendered":"SCHUPITER R\u00f3bert"},"content":{"rendered":"<p>Sz\u00e1szr\u00e9gen, 1899. j\u00fan. 5., \u2020\u00a01981.: tan\u00e1r. \u2013 K\u00f6z\u00e9piskol\u00e1t Sz\u00e1szr\u00e9genben, Kereskedelmi Akad. Kv.-on v\u00e9gzett. Banktisztvisel\u0151 a sz\u00e1szr\u00e9geni Kereszt\u00e9ny N\u00e9pbankn\u00e1l, majd f\u0151k\u00f6nyvel\u0151. A II. vh. ut\u00e1n tan\u00e1r a helyi r. k. polg\u00e1ri iskol\u00e1ban, a gimn\u00e1ziumban testnevel\u00e9st is tan\u00edtott. Matematik\u00e1t \u00e9s testnevel\u00e9st tan\u00edtott nyugd\u00edjaz\u00e1s\u00e1ig (1945\u201359). <br \/><strong>Irod.:<\/strong> csal\u00e1di inf. Borsos Endre, mv.-i g\u00e9p\u00e9szm\u00e9rn\u00f6kt\u0151l.<\/br><\/p>\n","protected":false},"excerpt":{"rendered":"<p>Sz\u00e1szr\u00e9gen, 1899. j\u00fan. 5., \u2020\u00a01981.: tan\u00e1r. \u2013 K\u00f6z\u00e9piskol\u00e1t Sz\u00e1szr\u00e9genben, Kereskedelmi Akad. Kv.-on v\u00e9gzett. Banktisztvisel\u0151 a sz\u00e1szr\u00e9geni Kereszt\u00e9ny N\u00e9pbankn\u00e1l, majd f\u0151k\u00f6nyvel\u0151. A II. vh. ut\u00e1n tan\u00e1r a helyi r. k. polg\u00e1ri iskol\u00e1ban, a gimn\u00e1ziumban testnevel\u00e9st is tan\u00edtott. Matematik\u00e1t \u00e9s testnevel\u00e9st tan\u00edtott nyugd\u00edjaz\u00e1s\u00e1ig (1945\u201359). Irod.: csal\u00e1di inf. Borsos Endre, mv.-i g\u00e9p\u00e9szm\u00e9rn\u00f6kt\u0151l.<\/p>\n","protected":false},"featured_media":0,"comment_status":"open","ping_status":"closed","template":"","meta":[],"product_brand":[],"product_cat":[137],"product_tag":[],"class_list":{"0":"post-20062","1":"product","2":"type-product","3":"status-publish","5":"product_cat-maros-megyei-eletrajzi-lexikon","7":"first","8":"instock","9":"shipping-taxable","10":"product-type-simple"},"_links":{"self":[{"href":"https:\/\/uj.adatbank.ro\/lexikon\/wp-json\/wp\/v2\/product\/20062","targetHints":{"allow":["GET"]}}],"collection":[{"href":"https:\/\/uj.adatbank.ro\/lexikon\/wp-json\/wp\/v2\/product"}],"about":[{"href":"https:\/\/uj.adatbank.ro\/lexikon\/wp-json\/wp\/v2\/types\/product"}],"replies":[{"embeddable":true,"href":"https:\/\/uj.adatbank.ro\/lexikon\/wp-json\/wp\/v2\/comments?post=20062"}],"wp:attachment":[{"href":"https:\/\/uj.adatbank.ro\/lexikon\/wp-json\/wp\/v2\/media?parent=20062"}],"wp:term":[{"taxonomy":"product_brand","embeddable":true,"href":"https:\/\/uj.adatbank.ro\/lexikon\/wp-json\/wp\/v2\/product_brand?post=20062"},{"taxonomy":"product_cat","embeddable":true,"href":"https:\/\/uj.adatbank.ro\/lexikon\/wp-json\/wp\/v2\/product_cat?post=20062"},{"taxonomy":"product_tag","embeddable":true,"href":"https:\/\/uj.adatbank.ro\/lexikon\/wp-json\/wp\/v2\/product_tag?post=20062"}],"curies":[{"name":"wp","href":"https:\/\/api.w.org\/{rel}","templated":true}]}}