{"id":20063,"date":"2025-07-22T18:35:12","date_gmt":"2025-07-22T16:35:12","guid":{"rendered":"https:\/\/uj.adatbank.ro\/lexikon\/termek\/schupiter-viktor\/"},"modified":"2025-07-22T18:35:12","modified_gmt":"2025-07-22T16:35:12","slug":"schupiter-viktor","status":"publish","type":"product","link":"https:\/\/uj.adatbank.ro\/lexikon\/termek\/schupiter-viktor\/","title":{"rendered":"SCHUPITER Viktor"},"content":{"rendered":"<p>Sz\u00e1szr\u00e9gen, 1881. dec. 26., \u2020?: postafel\u00fcgyel\u0151, tart. f\u0151hadnagy. \u2013 Az I. vh.-ban a 22-es honv\u00e9dgyalogezred f\u0151hadnagyak\u00e9nt harcolt, orosz fogs\u00e1gba ker\u00fclt (4 \u00e9vet). <strong>Kit\u00fcntet\u00e9sei:<\/strong> III. oszt. katonai \u00e9rdemkereszt, els\u0151 \u00e9s m\u00e1sodik Signum Laudis a kardokkal \u00e9s n\u00e9met birodalmi Vaskereszt. Nyugalomba vonult (1923. nov. 1) \u00e9s Sz\u00fccsiben telepedett le. <br \/><strong>Irod.:<\/strong> csal\u00e1di inf. Borsos Endre, mv.-i g\u00e9p\u00e9szm\u00e9rn\u00f6kt\u0151l.<\/br><\/p>\n","protected":false},"excerpt":{"rendered":"<p>Sz\u00e1szr\u00e9gen, 1881. dec. 26., \u2020?: postafel\u00fcgyel\u0151, tart. f\u0151hadnagy. \u2013 Az I. vh.-ban a 22-es honv\u00e9dgyalogezred f\u0151hadnagyak\u00e9nt harcolt, orosz fogs\u00e1gba ker\u00fclt (4 \u00e9vet). Kit\u00fcntet\u00e9sei: III. oszt. katonai \u00e9rdemkereszt, els\u0151 \u00e9s m\u00e1sodik Signum Laudis a kardokkal \u00e9s n\u00e9met birodalmi Vaskereszt. Nyugalomba vonult (1923. nov. 1) \u00e9s Sz\u00fccsiben telepedett le. Irod.: csal\u00e1di inf. Borsos Endre, mv.-i g\u00e9p\u00e9szm\u00e9rn\u00f6kt\u0151l.<\/p>\n","protected":false},"featured_media":0,"comment_status":"open","ping_status":"closed","template":"","meta":[],"product_brand":[],"product_cat":[137],"product_tag":[],"class_list":{"0":"post-20063","1":"product","2":"type-product","3":"status-publish","5":"product_cat-maros-megyei-eletrajzi-lexikon","7":"first","8":"instock","9":"shipping-taxable","10":"product-type-simple"},"_links":{"self":[{"href":"https:\/\/uj.adatbank.ro\/lexikon\/wp-json\/wp\/v2\/product\/20063","targetHints":{"allow":["GET"]}}],"collection":[{"href":"https:\/\/uj.adatbank.ro\/lexikon\/wp-json\/wp\/v2\/product"}],"about":[{"href":"https:\/\/uj.adatbank.ro\/lexikon\/wp-json\/wp\/v2\/types\/product"}],"replies":[{"embeddable":true,"href":"https:\/\/uj.adatbank.ro\/lexikon\/wp-json\/wp\/v2\/comments?post=20063"}],"wp:attachment":[{"href":"https:\/\/uj.adatbank.ro\/lexikon\/wp-json\/wp\/v2\/media?parent=20063"}],"wp:term":[{"taxonomy":"product_brand","embeddable":true,"href":"https:\/\/uj.adatbank.ro\/lexikon\/wp-json\/wp\/v2\/product_brand?post=20063"},{"taxonomy":"product_cat","embeddable":true,"href":"https:\/\/uj.adatbank.ro\/lexikon\/wp-json\/wp\/v2\/product_cat?post=20063"},{"taxonomy":"product_tag","embeddable":true,"href":"https:\/\/uj.adatbank.ro\/lexikon\/wp-json\/wp\/v2\/product_tag?post=20063"}],"curies":[{"name":"wp","href":"https:\/\/api.w.org\/{rel}","templated":true}]}}