{"id":20066,"date":"2025-07-22T18:35:18","date_gmt":"2025-07-22T16:35:18","guid":{"rendered":"https:\/\/uj.adatbank.ro\/lexikon\/termek\/schuster-friedrich-joseph\/"},"modified":"2025-07-22T18:35:18","modified_gmt":"2025-07-22T16:35:18","slug":"schuster-friedrich-joseph","status":"publish","type":"product","link":"https:\/\/uj.adatbank.ro\/lexikon\/termek\/schuster-friedrich-joseph\/","title":{"rendered":"SCHUSTER, Friedrich Joseph"},"content":{"rendered":"<p>Segesv\u00e1r, 1816. j\u00fal. 16., \u2020?: gy\u00f3gyszer\u00e9sz. \u2013 Sch. Martinus lelkip\u00e1sztor fia. \u2013 Pesten volt gy\u00f3gyszer\u00e9szhallgat\u00f3 (1838\u201339), vizsg\u00e1zott, felesk\u00fcd\u00f6tt \u00e9s magiszteri oklevelet kapott (1839. j\u00fal. 20.). Gy\u00f3gyszer\u00e9sz oklevelet szerzett B\u00e9csben (1840). Segesv\u00e1ron dolgozott (1846\u201378). <br \/><strong>Irod.:<\/strong> P\u00e9ter H. M.; Szab\u00f3 Mikl\u00f3s 2005.<\/br><\/p>\n","protected":false},"excerpt":{"rendered":"<p>Segesv\u00e1r, 1816. j\u00fal. 16., \u2020?: gy\u00f3gyszer\u00e9sz. \u2013 Sch. Martinus lelkip\u00e1sztor fia. \u2013 Pesten volt gy\u00f3gyszer\u00e9szhallgat\u00f3 (1838\u201339), vizsg\u00e1zott, felesk\u00fcd\u00f6tt \u00e9s magiszteri oklevelet kapott (1839. j\u00fal. 20.). Gy\u00f3gyszer\u00e9sz oklevelet szerzett B\u00e9csben (1840). Segesv\u00e1ron dolgozott (1846\u201378). Irod.: P\u00e9ter H. M.; Szab\u00f3 Mikl\u00f3s 2005.<\/p>\n","protected":false},"featured_media":0,"comment_status":"open","ping_status":"closed","template":"","meta":[],"product_brand":[],"product_cat":[137],"product_tag":[],"class_list":{"0":"post-20066","1":"product","2":"type-product","3":"status-publish","5":"product_cat-maros-megyei-eletrajzi-lexikon","7":"first","8":"instock","9":"shipping-taxable","10":"product-type-simple"},"_links":{"self":[{"href":"https:\/\/uj.adatbank.ro\/lexikon\/wp-json\/wp\/v2\/product\/20066","targetHints":{"allow":["GET"]}}],"collection":[{"href":"https:\/\/uj.adatbank.ro\/lexikon\/wp-json\/wp\/v2\/product"}],"about":[{"href":"https:\/\/uj.adatbank.ro\/lexikon\/wp-json\/wp\/v2\/types\/product"}],"replies":[{"embeddable":true,"href":"https:\/\/uj.adatbank.ro\/lexikon\/wp-json\/wp\/v2\/comments?post=20066"}],"wp:attachment":[{"href":"https:\/\/uj.adatbank.ro\/lexikon\/wp-json\/wp\/v2\/media?parent=20066"}],"wp:term":[{"taxonomy":"product_brand","embeddable":true,"href":"https:\/\/uj.adatbank.ro\/lexikon\/wp-json\/wp\/v2\/product_brand?post=20066"},{"taxonomy":"product_cat","embeddable":true,"href":"https:\/\/uj.adatbank.ro\/lexikon\/wp-json\/wp\/v2\/product_cat?post=20066"},{"taxonomy":"product_tag","embeddable":true,"href":"https:\/\/uj.adatbank.ro\/lexikon\/wp-json\/wp\/v2\/product_tag?post=20066"}],"curies":[{"name":"wp","href":"https:\/\/api.w.org\/{rel}","templated":true}]}}