{"id":20067,"date":"2025-07-22T18:35:19","date_gmt":"2025-07-22T16:35:19","guid":{"rendered":"https:\/\/uj.adatbank.ro\/lexikon\/termek\/schuster-frigyes\/"},"modified":"2025-07-22T18:35:19","modified_gmt":"2025-07-22T16:35:19","slug":"schuster-frigyes","status":"publish","type":"product","link":"https:\/\/uj.adatbank.ro\/lexikon\/termek\/schuster-frigyes\/","title":{"rendered":"SCHUSTER, Frigyes"},"content":{"rendered":"<p>? \u2020?: orgona- \u00e9s zongorak\u00e9sz\u00edt\u0151. \u2013 Erd\u0151szentgy\u00f6rgyi templom els\u0151 orgon\u00e1j\u00e1t gr.\u00a0Rh\u00e9dey Mih\u00e1ly.<\/br><\/p>\n","protected":false},"excerpt":{"rendered":"<p>? \u2020?: orgona- \u00e9s zongorak\u00e9sz\u00edt\u0151. \u2013 Erd\u0151szentgy\u00f6rgyi templom els\u0151 orgon\u00e1j\u00e1t gr.\u00a0Rh\u00e9dey Mih\u00e1ly.<\/p>\n","protected":false},"featured_media":0,"comment_status":"open","ping_status":"closed","template":"","meta":[],"product_brand":[],"product_cat":[137],"product_tag":[],"class_list":{"0":"post-20067","1":"product","2":"type-product","3":"status-publish","5":"product_cat-maros-megyei-eletrajzi-lexikon","7":"first","8":"instock","9":"shipping-taxable","10":"product-type-simple"},"_links":{"self":[{"href":"https:\/\/uj.adatbank.ro\/lexikon\/wp-json\/wp\/v2\/product\/20067","targetHints":{"allow":["GET"]}}],"collection":[{"href":"https:\/\/uj.adatbank.ro\/lexikon\/wp-json\/wp\/v2\/product"}],"about":[{"href":"https:\/\/uj.adatbank.ro\/lexikon\/wp-json\/wp\/v2\/types\/product"}],"replies":[{"embeddable":true,"href":"https:\/\/uj.adatbank.ro\/lexikon\/wp-json\/wp\/v2\/comments?post=20067"}],"wp:attachment":[{"href":"https:\/\/uj.adatbank.ro\/lexikon\/wp-json\/wp\/v2\/media?parent=20067"}],"wp:term":[{"taxonomy":"product_brand","embeddable":true,"href":"https:\/\/uj.adatbank.ro\/lexikon\/wp-json\/wp\/v2\/product_brand?post=20067"},{"taxonomy":"product_cat","embeddable":true,"href":"https:\/\/uj.adatbank.ro\/lexikon\/wp-json\/wp\/v2\/product_cat?post=20067"},{"taxonomy":"product_tag","embeddable":true,"href":"https:\/\/uj.adatbank.ro\/lexikon\/wp-json\/wp\/v2\/product_tag?post=20067"}],"curies":[{"name":"wp","href":"https:\/\/api.w.org\/{rel}","templated":true}]}}