{"id":20077,"date":"2025-07-22T18:35:40","date_gmt":"2025-07-22T16:35:40","guid":{"rendered":"https:\/\/uj.adatbank.ro\/lexikon\/termek\/schuster-moric\/"},"modified":"2025-07-22T18:35:40","modified_gmt":"2025-07-22T16:35:40","slug":"schuster-moric","status":"publish","type":"product","link":"https:\/\/uj.adatbank.ro\/lexikon\/termek\/schuster-moric\/","title":{"rendered":"SCHUSTER, Moric"},"content":{"rendered":"<p>Mv., 1857. \u00e1pr. 20., \u2020\u00a0B\u00e9cs, 1921. j\u00fan. 1.: b\u00f6lcseleti doktor, f\u00f6ldhitelint\u00e9zeti hivatalnok. \u2013 Apja t\u00f6rv\u00e9nysz\u00e9ki tan\u00e1csos. A nagyszebeni ev. f\u0151gimn\u00e1ziumot v\u00e9gezve (1877), a gr\u00e1zi (1877\u201377, 1879) \u00e9s a b\u00e9csi egyetemen (1878) jogot hallgatott, de az utols\u00f3 k\u00e9t \u00e9vben a nagyszebeni jogakad\u00e9mia hallgat\u00f3ja volt. Az erlangeni egyetemen b\u00f6lcseleti doktorr\u00e1 avatt\u00e1k (1897). Azut\u00e1n szebeni v\u00e1rosi tan\u00e1csn\u00e1l alkalmazt\u00e1k, mely \u00e1ll\u00e1s\u00e1t csakhamar elhagyta, hogy a kereskedelmi tudom\u00e1nyoknak szentelje idej\u00e9t, Berlinbe ment (1887), hol mag\u00e1nkereskedelmi tanfolyamot v\u00e9gzett. Az \u00e9v \u0151sz\u00e9t\u0151l kezdve a nagyszebeni f\u00f6ldhitelint\u00e9zet hivatalnoka. Nyugd\u00edjba vonul\u00e1sa ut\u00e1n B\u00e9csbe k\u00f6lt\u00f6z\u00f6tt (1907). \u2013 <strong>F. m.<\/strong>: Ein Vorschlag zur L\u00f6sung der Agrarfrage. Vortrag. (Hermannstadt, 1897); Ein Vorschlag zur L\u00f6sung der Agrarfrage. Inauguraldissertation (T\u00fcbingen, 1898); Pereat tristitia! Heitere Erinnerungen aus fr\u00f6hlicher Sch\u00fclerzeit. (1877.) (Hermannstadt, 1902); Hermann von Hermannstadt. Ein froher Sang aus Siebenb\u00fcrgens Vorzeit. Hermannstadt, 1903). <br \/><strong>Irod.:<\/strong> Szab\u00f3\u2013Simon\u2013Sz\u00f6gi; Szinnyei<\/br><\/p>\n","protected":false},"excerpt":{"rendered":"<p>Mv., 1857. \u00e1pr. 20., \u2020\u00a0B\u00e9cs, 1921. j\u00fan. 1.: b\u00f6lcseleti doktor, f\u00f6ldhitelint\u00e9zeti hivatalnok. \u2013 Apja t\u00f6rv\u00e9nysz\u00e9ki tan\u00e1csos. A nagyszebeni ev. f\u0151gimn\u00e1ziumot v\u00e9gezve (1877), a gr\u00e1zi (1877\u201377, 1879) \u00e9s a b\u00e9csi egyetemen (1878) jogot hallgatott, de az utols\u00f3 k\u00e9t \u00e9vben a nagyszebeni jogakad\u00e9mia hallgat\u00f3ja volt. Az erlangeni egyetemen b\u00f6lcseleti doktorr\u00e1 avatt\u00e1k (1897). Azut\u00e1n szebeni v\u00e1rosi tan\u00e1csn\u00e1l alkalmazt\u00e1k, [&hellip;]<\/p>\n","protected":false},"featured_media":0,"comment_status":"open","ping_status":"closed","template":"","meta":[],"product_brand":[],"product_cat":[137],"product_tag":[],"class_list":{"0":"post-20077","1":"product","2":"type-product","3":"status-publish","5":"product_cat-maros-megyei-eletrajzi-lexikon","7":"first","8":"instock","9":"shipping-taxable","10":"product-type-simple"},"_links":{"self":[{"href":"https:\/\/uj.adatbank.ro\/lexikon\/wp-json\/wp\/v2\/product\/20077","targetHints":{"allow":["GET"]}}],"collection":[{"href":"https:\/\/uj.adatbank.ro\/lexikon\/wp-json\/wp\/v2\/product"}],"about":[{"href":"https:\/\/uj.adatbank.ro\/lexikon\/wp-json\/wp\/v2\/types\/product"}],"replies":[{"embeddable":true,"href":"https:\/\/uj.adatbank.ro\/lexikon\/wp-json\/wp\/v2\/comments?post=20077"}],"wp:attachment":[{"href":"https:\/\/uj.adatbank.ro\/lexikon\/wp-json\/wp\/v2\/media?parent=20077"}],"wp:term":[{"taxonomy":"product_brand","embeddable":true,"href":"https:\/\/uj.adatbank.ro\/lexikon\/wp-json\/wp\/v2\/product_brand?post=20077"},{"taxonomy":"product_cat","embeddable":true,"href":"https:\/\/uj.adatbank.ro\/lexikon\/wp-json\/wp\/v2\/product_cat?post=20077"},{"taxonomy":"product_tag","embeddable":true,"href":"https:\/\/uj.adatbank.ro\/lexikon\/wp-json\/wp\/v2\/product_tag?post=20077"}],"curies":[{"name":"wp","href":"https:\/\/api.w.org\/{rel}","templated":true}]}}