{"id":20084,"date":"2025-07-22T18:35:57","date_gmt":"2025-07-22T16:35:57","guid":{"rendered":"https:\/\/uj.adatbank.ro\/lexikon\/termek\/schwab-traugottjohann-schwab-johann-traugott\/"},"modified":"2025-07-22T18:35:57","modified_gmt":"2025-07-22T16:35:57","slug":"schwab-traugottjohann-schwab-johann-traugott","status":"publish","type":"product","link":"https:\/\/uj.adatbank.ro\/lexikon\/termek\/schwab-traugottjohann-schwab-johann-traugott\/","title":{"rendered":"SCHWAB, Traugott,Johann, Schwab, Johann Traugott"},"content":{"rendered":"<p>Sz\u00e1szr\u00e9gen, 1894. febr. 21., \u2020 Ansfeld-Haid (Ausztria), 1958. szept. 28.: tan\u00e1r. \u2013 Apja vend\u00e9gl\u0151s. Iskol\u00e1it a sz\u00fcl\u0151v\u00e1ros\u00e1ban kezdte, Segesv\u00e1ron az ev. gimn\u00e1ziumban \u00e9retts\u00e9gizett, t\u00f6rt.-f\u00f6ldrajz szakot v\u00e9gzett Kv.-on, Berlinben (1915\u201316) \u00e9s Lipcs\u00e9ben (1916). A sz\u00e1szr\u00e9geni sz\u00e1sz elemi iskol\u00e1ban \u00e9s gimn\u00e1ziumban lett tan\u00e1r (1919\u2013), majd igazgat\u00f3 (1931\u201344). Buk.-ben egy gimn\u00e1ziumban tan\u00e1r, majd k\u00fcl\u00f6nb\u00f6zeti vizsg\u00e1kat tett, h. a rom\u00e1n nyelvet is tan\u00edthassa (1923). Igazgat\u00f3s\u00e1ga ideje alatt l\u00e9trehozta a sz\u00e1sz ped. isk.-t, amelyben eg\u00e9sz Erd\u00e9lyb\u0151l fogadtak tanul\u00f3kat (1940\u2013). A m\u00e1sodik. vh. ideje alatt, t\u00f6bb m\u00e1s n\u00e9met taner\u0151vel egy\u00fctt (Gerhardt Kelp, Gustav Weltzer), \u00f6sszegy\u0171jt\u00f6tte az \u00e1rv\u00e1n vagy sz\u00fcleikt\u0151l megfosztott gyermekeket, \u00e9s a tan\u00edt\u00e1sukon k\u00edv\u00fcl is gondoskodott r\u00f3luk, am\u00edg rokonaik r\u00e1juk tal\u00e1ltak. Az ausztriai Haidban az ottani l\u00e1ger iskol\u00e1j\u00e1nak az igazgat\u00f3ja, majd Linzben tan\u00e1r (1944\u2013). A sz\u00e1szr\u00e9geni Polg\u00e1ri Iparegylet eln\u00f6ke. \u2013 <strong>F. m.<\/strong>: Die Geschichte von S\u00e4chsisch-Regener Tschismenmacher (?). <br \/><strong>Irod.:<\/strong> B\u00edr\u00f3 Don\u00e1t; Copstea 1999; Ganesch; S\u00e4chsisch-Regen, Szab\u00f3\u2013Simon\u2013Sz\u00f6gi.<\/br><\/p>\n","protected":false},"excerpt":{"rendered":"<p>Sz\u00e1szr\u00e9gen, 1894. febr. 21., \u2020 Ansfeld-Haid (Ausztria), 1958. szept. 28.: tan\u00e1r. \u2013 Apja vend\u00e9gl\u0151s. Iskol\u00e1it a sz\u00fcl\u0151v\u00e1ros\u00e1ban kezdte, Segesv\u00e1ron az ev. gimn\u00e1ziumban \u00e9retts\u00e9gizett, t\u00f6rt.-f\u00f6ldrajz szakot v\u00e9gzett Kv.-on, Berlinben (1915\u201316) \u00e9s Lipcs\u00e9ben (1916). A sz\u00e1szr\u00e9geni sz\u00e1sz elemi iskol\u00e1ban \u00e9s gimn\u00e1ziumban lett tan\u00e1r (1919\u2013), majd igazgat\u00f3 (1931\u201344). Buk.-ben egy gimn\u00e1ziumban tan\u00e1r, majd k\u00fcl\u00f6nb\u00f6zeti vizsg\u00e1kat tett, h. a [&hellip;]<\/p>\n","protected":false},"featured_media":0,"comment_status":"open","ping_status":"closed","template":"","meta":[],"product_brand":[],"product_cat":[137],"product_tag":[],"class_list":{"0":"post-20084","1":"product","2":"type-product","3":"status-publish","5":"product_cat-maros-megyei-eletrajzi-lexikon","7":"first","8":"instock","9":"shipping-taxable","10":"product-type-simple"},"_links":{"self":[{"href":"https:\/\/uj.adatbank.ro\/lexikon\/wp-json\/wp\/v2\/product\/20084","targetHints":{"allow":["GET"]}}],"collection":[{"href":"https:\/\/uj.adatbank.ro\/lexikon\/wp-json\/wp\/v2\/product"}],"about":[{"href":"https:\/\/uj.adatbank.ro\/lexikon\/wp-json\/wp\/v2\/types\/product"}],"replies":[{"embeddable":true,"href":"https:\/\/uj.adatbank.ro\/lexikon\/wp-json\/wp\/v2\/comments?post=20084"}],"wp:attachment":[{"href":"https:\/\/uj.adatbank.ro\/lexikon\/wp-json\/wp\/v2\/media?parent=20084"}],"wp:term":[{"taxonomy":"product_brand","embeddable":true,"href":"https:\/\/uj.adatbank.ro\/lexikon\/wp-json\/wp\/v2\/product_brand?post=20084"},{"taxonomy":"product_cat","embeddable":true,"href":"https:\/\/uj.adatbank.ro\/lexikon\/wp-json\/wp\/v2\/product_cat?post=20084"},{"taxonomy":"product_tag","embeddable":true,"href":"https:\/\/uj.adatbank.ro\/lexikon\/wp-json\/wp\/v2\/product_tag?post=20084"}],"curies":[{"name":"wp","href":"https:\/\/api.w.org\/{rel}","templated":true}]}}