{"id":20089,"date":"2025-07-22T18:36:10","date_gmt":"2025-07-22T16:36:10","guid":{"rendered":"https:\/\/uj.adatbank.ro\/lexikon\/termek\/schwartz-janos\/"},"modified":"2025-07-22T18:36:10","modified_gmt":"2025-07-22T16:36:10","slug":"schwartz-janos","status":"publish","type":"product","link":"https:\/\/uj.adatbank.ro\/lexikon\/termek\/schwartz-janos\/","title":{"rendered":"SCHWARTZ J\u00e1nos"},"content":{"rendered":"<p>1841. okt. 15., \u2020\u00a0Mv., 1899. okt. 13.: keresked\u0151, v\u00e1llalkoz\u00f3. \u2013 Az Aranyszarvas nev\u0171 p\u00e9ks\u00e9g tulajdonosa. Megalap\u00edtotta Mv.-en (1880) a zsid\u00f3 elemi iskol\u00e1t. Virilista Mv.-en (1888). <br \/><strong>Irod.:<\/strong> \u00d6kr\u00f6s; Sebesty\u00e9n Mih\u00e1ly: N\u00e1zn\u00e1nfalva-Mv. (N\u00fa., 1998. jan. 9.); Mv.-i zsid\u00f3 temet\u0151 dok.<\/br><\/p>\n","protected":false},"excerpt":{"rendered":"<p>1841. okt. 15., \u2020\u00a0Mv., 1899. okt. 13.: keresked\u0151, v\u00e1llalkoz\u00f3. \u2013 Az Aranyszarvas nev\u0171 p\u00e9ks\u00e9g tulajdonosa. Megalap\u00edtotta Mv.-en (1880) a zsid\u00f3 elemi iskol\u00e1t. Virilista Mv.-en (1888). Irod.: \u00d6kr\u00f6s; Sebesty\u00e9n Mih\u00e1ly: N\u00e1zn\u00e1nfalva-Mv. (N\u00fa., 1998. jan. 9.); Mv.-i zsid\u00f3 temet\u0151 dok.<\/p>\n","protected":false},"featured_media":0,"comment_status":"open","ping_status":"closed","template":"","meta":[],"product_brand":[],"product_cat":[137],"product_tag":[],"class_list":{"0":"post-20089","1":"product","2":"type-product","3":"status-publish","5":"product_cat-maros-megyei-eletrajzi-lexikon","7":"first","8":"instock","9":"shipping-taxable","10":"product-type-simple"},"_links":{"self":[{"href":"https:\/\/uj.adatbank.ro\/lexikon\/wp-json\/wp\/v2\/product\/20089","targetHints":{"allow":["GET"]}}],"collection":[{"href":"https:\/\/uj.adatbank.ro\/lexikon\/wp-json\/wp\/v2\/product"}],"about":[{"href":"https:\/\/uj.adatbank.ro\/lexikon\/wp-json\/wp\/v2\/types\/product"}],"replies":[{"embeddable":true,"href":"https:\/\/uj.adatbank.ro\/lexikon\/wp-json\/wp\/v2\/comments?post=20089"}],"wp:attachment":[{"href":"https:\/\/uj.adatbank.ro\/lexikon\/wp-json\/wp\/v2\/media?parent=20089"}],"wp:term":[{"taxonomy":"product_brand","embeddable":true,"href":"https:\/\/uj.adatbank.ro\/lexikon\/wp-json\/wp\/v2\/product_brand?post=20089"},{"taxonomy":"product_cat","embeddable":true,"href":"https:\/\/uj.adatbank.ro\/lexikon\/wp-json\/wp\/v2\/product_cat?post=20089"},{"taxonomy":"product_tag","embeddable":true,"href":"https:\/\/uj.adatbank.ro\/lexikon\/wp-json\/wp\/v2\/product_tag?post=20089"}],"curies":[{"name":"wp","href":"https:\/\/api.w.org\/{rel}","templated":true}]}}