{"id":20090,"date":"2025-07-22T18:36:12","date_gmt":"2025-07-22T16:36:12","guid":{"rendered":"https:\/\/uj.adatbank.ro\/lexikon\/termek\/schwartz-jeno-schvartz-eugen\/"},"modified":"2025-07-22T18:36:12","modified_gmt":"2025-07-22T16:36:12","slug":"schwartz-jeno-schvartz-eugen","status":"publish","type":"product","link":"https:\/\/uj.adatbank.ro\/lexikon\/termek\/schwartz-jeno-schvartz-eugen\/","title":{"rendered":"SCHWARTZ Jen\u0151, Schvartz Eugen"},"content":{"rendered":"<p>Nagyv\u00e1rad, 1896., \u2020?: orvos, sz\u00fcl\u00e9sz-n\u0151gy\u00f3gy\u00e1sz. \u2013 A mv.-i V\u00edzgy\u00f3gyint\u00e9zet tulajdonos f\u0151orvosa. Az egyetem orvosi fakult\u00e1s\u00e1t Bp.-en v\u00e9gezte (1920), Kv.-on doktor\u00e1lt.. Az aradi \u00e9s nagyv\u00e1radi n\u0151gy\u00f3gy\u00e1szati k\u00f3rh\u00e1zak kinevezett orvosa volt, majd a lipcsei sz\u00fcl\u00e9szeti \u00e9s n\u0151gy\u00f3gy\u00e1szati klinika oszt\u00e1lyvezet\u0151 orvosa, k\u00e9s\u0151bb Berlinben mint klinikus m\u0171k\u00f6d\u00f6tt. Mv.-en telepedett le (1924) mint sz\u00fcl\u00e9sz \u00e9s n\u0151gy\u00f3gy\u00e1sz, majd kisebb mag\u00e1n v\u00edzgy\u00f3gy\u00e1szati int\u00e9zetet l\u00e9tes\u00edtett n\u0151i betegek sz\u00e1m\u00e1ra a Kn\u00f6pfler Vilmos u. 1. sz alatt, mely szakszer\u0171 ir\u00e1ny\u00edt\u00e1sa alatt (1931) nagyobb szab\u00e1s\u00fa modern int\u00e9zett\u00e9 fejl\u0151d\u00f6tt. Sz\u00fcl\u00e9sz- \u00e9s n\u0151gy\u00f3gy\u00e1sz seb\u00e9sz volt, szaklapokban cikkei jelentek meg. <br \/><strong>Irod.:<\/strong> Almanah Tg.M.; Id\u0151t\u00e1r 3; Ki kicsoda?<\/br><\/p>\n","protected":false},"excerpt":{"rendered":"<p>Nagyv\u00e1rad, 1896., \u2020?: orvos, sz\u00fcl\u00e9sz-n\u0151gy\u00f3gy\u00e1sz. \u2013 A mv.-i V\u00edzgy\u00f3gyint\u00e9zet tulajdonos f\u0151orvosa. Az egyetem orvosi fakult\u00e1s\u00e1t Bp.-en v\u00e9gezte (1920), Kv.-on doktor\u00e1lt.. Az aradi \u00e9s nagyv\u00e1radi n\u0151gy\u00f3gy\u00e1szati k\u00f3rh\u00e1zak kinevezett orvosa volt, majd a lipcsei sz\u00fcl\u00e9szeti \u00e9s n\u0151gy\u00f3gy\u00e1szati klinika oszt\u00e1lyvezet\u0151 orvosa, k\u00e9s\u0151bb Berlinben mint klinikus m\u0171k\u00f6d\u00f6tt. Mv.-en telepedett le (1924) mint sz\u00fcl\u00e9sz \u00e9s n\u0151gy\u00f3gy\u00e1sz, majd kisebb mag\u00e1n v\u00edzgy\u00f3gy\u00e1szati [&hellip;]<\/p>\n","protected":false},"featured_media":0,"comment_status":"open","ping_status":"closed","template":"","meta":[],"product_brand":[],"product_cat":[137],"product_tag":[],"class_list":{"0":"post-20090","1":"product","2":"type-product","3":"status-publish","5":"product_cat-maros-megyei-eletrajzi-lexikon","7":"first","8":"instock","9":"shipping-taxable","10":"product-type-simple"},"_links":{"self":[{"href":"https:\/\/uj.adatbank.ro\/lexikon\/wp-json\/wp\/v2\/product\/20090","targetHints":{"allow":["GET"]}}],"collection":[{"href":"https:\/\/uj.adatbank.ro\/lexikon\/wp-json\/wp\/v2\/product"}],"about":[{"href":"https:\/\/uj.adatbank.ro\/lexikon\/wp-json\/wp\/v2\/types\/product"}],"replies":[{"embeddable":true,"href":"https:\/\/uj.adatbank.ro\/lexikon\/wp-json\/wp\/v2\/comments?post=20090"}],"wp:attachment":[{"href":"https:\/\/uj.adatbank.ro\/lexikon\/wp-json\/wp\/v2\/media?parent=20090"}],"wp:term":[{"taxonomy":"product_brand","embeddable":true,"href":"https:\/\/uj.adatbank.ro\/lexikon\/wp-json\/wp\/v2\/product_brand?post=20090"},{"taxonomy":"product_cat","embeddable":true,"href":"https:\/\/uj.adatbank.ro\/lexikon\/wp-json\/wp\/v2\/product_cat?post=20090"},{"taxonomy":"product_tag","embeddable":true,"href":"https:\/\/uj.adatbank.ro\/lexikon\/wp-json\/wp\/v2\/product_tag?post=20090"}],"curies":[{"name":"wp","href":"https:\/\/api.w.org\/{rel}","templated":true}]}}