{"id":20097,"date":"2025-07-22T18:36:26","date_gmt":"2025-07-22T16:36:26","guid":{"rendered":"https:\/\/uj.adatbank.ro\/lexikon\/termek\/schwartz-sandor\/"},"modified":"2025-07-22T18:36:26","modified_gmt":"2025-07-22T16:36:26","slug":"schwartz-sandor","status":"publish","type":"product","link":"https:\/\/uj.adatbank.ro\/lexikon\/termek\/schwartz-sandor\/","title":{"rendered":"SCHWARTZ S\u00e1ndor"},"content":{"rendered":"<p>? \u2020?: labdar\u00fag\u00f3edz\u0151. \u2013 A sz\u00e1szr\u00e9geni Av\u00e2ntul \u2013 Reghin futballcsapat\u00e1nak edz\u0151je (1952\u201353). <br \/><strong>Irod.:<\/strong> Reghin \u2013 Av\u00e2ntul.<\/br><\/p>\n","protected":false},"excerpt":{"rendered":"<p>? \u2020?: labdar\u00fag\u00f3edz\u0151. \u2013 A sz\u00e1szr\u00e9geni Av\u00e2ntul \u2013 Reghin futballcsapat\u00e1nak edz\u0151je (1952\u201353). Irod.: Reghin \u2013 Av\u00e2ntul.<\/p>\n","protected":false},"featured_media":0,"comment_status":"open","ping_status":"closed","template":"","meta":[],"product_brand":[],"product_cat":[137],"product_tag":[],"class_list":{"0":"post-20097","1":"product","2":"type-product","3":"status-publish","5":"product_cat-maros-megyei-eletrajzi-lexikon","7":"first","8":"instock","9":"shipping-taxable","10":"product-type-simple"},"_links":{"self":[{"href":"https:\/\/uj.adatbank.ro\/lexikon\/wp-json\/wp\/v2\/product\/20097","targetHints":{"allow":["GET"]}}],"collection":[{"href":"https:\/\/uj.adatbank.ro\/lexikon\/wp-json\/wp\/v2\/product"}],"about":[{"href":"https:\/\/uj.adatbank.ro\/lexikon\/wp-json\/wp\/v2\/types\/product"}],"replies":[{"embeddable":true,"href":"https:\/\/uj.adatbank.ro\/lexikon\/wp-json\/wp\/v2\/comments?post=20097"}],"wp:attachment":[{"href":"https:\/\/uj.adatbank.ro\/lexikon\/wp-json\/wp\/v2\/media?parent=20097"}],"wp:term":[{"taxonomy":"product_brand","embeddable":true,"href":"https:\/\/uj.adatbank.ro\/lexikon\/wp-json\/wp\/v2\/product_brand?post=20097"},{"taxonomy":"product_cat","embeddable":true,"href":"https:\/\/uj.adatbank.ro\/lexikon\/wp-json\/wp\/v2\/product_cat?post=20097"},{"taxonomy":"product_tag","embeddable":true,"href":"https:\/\/uj.adatbank.ro\/lexikon\/wp-json\/wp\/v2\/product_tag?post=20097"}],"curies":[{"name":"wp","href":"https:\/\/api.w.org\/{rel}","templated":true}]}}