{"id":2010,"date":"2025-06-28T12:00:55","date_gmt":"2025-06-28T10:00:55","guid":{"rendered":"https:\/\/uj.adatbank.ro\/lexikon\/termek\/balint-endre\/"},"modified":"2025-06-28T12:00:55","modified_gmt":"2025-06-28T10:00:55","slug":"balint-endre","status":"publish","type":"product","link":"https:\/\/uj.adatbank.ro\/lexikon\/termek\/balint-endre\/","title":{"rendered":"B\u00c1LINT Endre"},"content":{"rendered":"<p>Mv., 1887., \u2020\u00a0? : keresked\u0151, kalaposmester. \u2013 A k\u00f6z\u00e9piskol\u00e1t Mv-n v\u00e9gezte, majd a divatkeresked\u0151i szakm\u00e1t tanulta, szaktud\u00e1s\u00e1t Bp.-en fejlesztette, ahol t\u00edz\u00e9vig mint utaz\u00f3 m\u0171k\u00f6d\u00f6tt. \u00c1tt\u00e9rt a n\u0151kalapiparra (1921) \u00e9s Sz\u00e1szr\u00e9genben dolgozott. Jelent\u0151s a k\u00f6z\u00e9leti tev\u00e9kenys\u00e9ge: A sz\u00e1szr\u00e9geni Ipartest\u00fclet eln\u00f6ke, a MP f\u0151titk\u00e1ra, a M. N\u00e9pk\u00f6z\u00f6ss\u00e9g t\u00e1rseln\u00f6ke, a M. Iparosok Olvas\u00f3k\u00f6r\u00e9nek eln\u00f6ke, a Polg\u00e1ri Dalk\u00f6r \u00fcgyvezet\u0151je, a Marosi Fels\u0151dalosk\u00f6r gondnoka, az EP eln\u00f6ki tan\u00e1cstagja, v\u00e1rosi tan\u00e1cstag. R\u00e9szt vett az I. vh.-ban, mint \u0151rmester szerelt le. <br \/><strong>Irod.:<\/strong> B\u00edr\u00f3 Don\u00e1t; EM; Sz\u00e9kelyf\u00f6ld \u00ed. k.<\/br><\/p>\n","protected":false},"excerpt":{"rendered":"<p>Mv., 1887., \u2020\u00a0? : keresked\u0151, kalaposmester. \u2013 A k\u00f6z\u00e9piskol\u00e1t Mv-n v\u00e9gezte, majd a divatkeresked\u0151i szakm\u00e1t tanulta, szaktud\u00e1s\u00e1t Bp.-en fejlesztette, ahol t\u00edz\u00e9vig mint utaz\u00f3 m\u0171k\u00f6d\u00f6tt. \u00c1tt\u00e9rt a n\u0151kalapiparra (1921) \u00e9s Sz\u00e1szr\u00e9genben dolgozott. Jelent\u0151s a k\u00f6z\u00e9leti tev\u00e9kenys\u00e9ge: A sz\u00e1szr\u00e9geni Ipartest\u00fclet eln\u00f6ke, a MP f\u0151titk\u00e1ra, a M. N\u00e9pk\u00f6z\u00f6ss\u00e9g t\u00e1rseln\u00f6ke, a M. Iparosok Olvas\u00f3k\u00f6r\u00e9nek eln\u00f6ke, a Polg\u00e1ri Dalk\u00f6r \u00fcgyvezet\u0151je, [&hellip;]<\/p>\n","protected":false},"featured_media":0,"comment_status":"open","ping_status":"closed","template":"","meta":[],"product_brand":[],"product_cat":[137],"product_tag":[],"class_list":{"0":"post-2010","1":"product","2":"type-product","3":"status-publish","5":"product_cat-maros-megyei-eletrajzi-lexikon","7":"first","8":"instock","9":"shipping-taxable","10":"product-type-simple"},"_links":{"self":[{"href":"https:\/\/uj.adatbank.ro\/lexikon\/wp-json\/wp\/v2\/product\/2010","targetHints":{"allow":["GET"]}}],"collection":[{"href":"https:\/\/uj.adatbank.ro\/lexikon\/wp-json\/wp\/v2\/product"}],"about":[{"href":"https:\/\/uj.adatbank.ro\/lexikon\/wp-json\/wp\/v2\/types\/product"}],"replies":[{"embeddable":true,"href":"https:\/\/uj.adatbank.ro\/lexikon\/wp-json\/wp\/v2\/comments?post=2010"}],"wp:attachment":[{"href":"https:\/\/uj.adatbank.ro\/lexikon\/wp-json\/wp\/v2\/media?parent=2010"}],"wp:term":[{"taxonomy":"product_brand","embeddable":true,"href":"https:\/\/uj.adatbank.ro\/lexikon\/wp-json\/wp\/v2\/product_brand?post=2010"},{"taxonomy":"product_cat","embeddable":true,"href":"https:\/\/uj.adatbank.ro\/lexikon\/wp-json\/wp\/v2\/product_cat?post=2010"},{"taxonomy":"product_tag","embeddable":true,"href":"https:\/\/uj.adatbank.ro\/lexikon\/wp-json\/wp\/v2\/product_tag?post=2010"}],"curies":[{"name":"wp","href":"https:\/\/api.w.org\/{rel}","templated":true}]}}

BÁLINT Endre

<p>Mv., 1887., † ? : kereskedő, kalaposmester. – A középiskolát Mv-n végezte, majd a divatkereskedői szakmát tanulta, szaktudását Bp.-en fejlesztette, ahol tízévig mint utazó működött. Áttért a nőkalapiparra (1921) és Szászrégenben dolgozott. Jelentős a közéleti tevékenysége: A szászrégeni Ipartestület elnöke, a MP főtitkára, a M. Népközösség társelnöke, a M. Iparosok Olvasókörének elnöke, a Polgári Dalkör ügyvezetője, a Marosi Felsődaloskör gondnoka, az EP elnöki tanácstagja, városi tanácstag. Részt vett az I. vh.-ban, mint őrmester szerelt le. <br /><strong>Irod.:</strong> Bíró Donát; EM; Székelyföld í. k.</br></p>

<p>Mv., 1887., † ? : kereskedő, kalaposmester. – A középiskolát Mv-n végezte, majd a divatkereskedői szakmát tanulta, szaktudását Bp.-en fejlesztette, ahol tízévig mint utazó működött. Áttért a nőkalapiparra (1921) és Szászrégenben dolgozott. Jelentős a közéleti tevékenysége: A szászrégeni Ipartestület elnöke, a MP főtitkára, a M. Népközösség társelnöke, a M. Iparosok Olvasókörének elnöke, a Polgári Dalkör ügyvezetője, [&hellip;]</p>
