{"id":20119,"date":"2025-07-22T18:37:12","date_gmt":"2025-07-22T16:37:12","guid":{"rendered":"https:\/\/uj.adatbank.ro\/lexikon\/termek\/sebe-bela\/"},"modified":"2025-07-22T18:37:12","modified_gmt":"2025-07-22T16:37:12","slug":"sebe-bela","status":"publish","type":"product","link":"https:\/\/uj.adatbank.ro\/lexikon\/termek\/sebe-bela\/","title":{"rendered":"SEBE B\u00e9la"},"content":{"rendered":"<p>Brass\u00f3, 1935. jan. 27., \u2020\u00a0Mv., 1996. j\u00fan. 27.: biol\u00f3gus. \u2013 A Sepsiszentgy\u00f6rgy Textilipari K\u00f6z\u00e9piskol\u00e1t v\u00e9gezte (1952), a kv.-i BBTE biol\u00f3gia szak\u00e1n szerzett oklevelet (1957). K\u00e9t \u00e9vet tan\u00edtott Kolozs megy\u00e9ben, Mv.-en az IMSZ v\u00e1rosi bizotts\u00e1g\u00e1n\u00e1l tisztvisel\u0151 (1959\u201361), biol\u00f3gus, f\u0151biol\u00f3gus, gyakornok, egyetemi tan\u00e1rseg\u00e9d: a MOGYI Mikrobiol\u00f3gia Katedr\u00e1j\u00e1n, adjunktus. Kutat\u00e1si ter\u00fclete: Sejtgenetika, genetikai toxikol\u00f3gia. K\u00f6z\u00f6lt az Acta Biologica Med. Germ, Revista Medical\u0103, Archiv f\u00fcr Geschwulstforschung, Hepatitis Scientific Memoranda, a H\u00e9t \u00c9vk\u00f6nyv\u00e9ben. \u2013 <strong>F. m.<\/strong>: Biologia-Genetika: Jegyzet egyetemi hallgat\u00f3k r\u00e9sz\u00e9re (Mv., 1986); Genetica medical\u0103 (Tg. M., 1988). <br \/><strong>Irod.:<\/strong> KKACs; P\u00e9ter; Todea; T\u0151k\u00e9s.<\/br><\/p>\n","protected":false},"excerpt":{"rendered":"<p>Brass\u00f3, 1935. jan. 27., \u2020\u00a0Mv., 1996. j\u00fan. 27.: biol\u00f3gus. \u2013 A Sepsiszentgy\u00f6rgy Textilipari K\u00f6z\u00e9piskol\u00e1t v\u00e9gezte (1952), a kv.-i BBTE biol\u00f3gia szak\u00e1n szerzett oklevelet (1957). K\u00e9t \u00e9vet tan\u00edtott Kolozs megy\u00e9ben, Mv.-en az IMSZ v\u00e1rosi bizotts\u00e1g\u00e1n\u00e1l tisztvisel\u0151 (1959\u201361), biol\u00f3gus, f\u0151biol\u00f3gus, gyakornok, egyetemi tan\u00e1rseg\u00e9d: a MOGYI Mikrobiol\u00f3gia Katedr\u00e1j\u00e1n, adjunktus. Kutat\u00e1si ter\u00fclete: Sejtgenetika, genetikai toxikol\u00f3gia. K\u00f6z\u00f6lt az Acta Biologica [&hellip;]<\/p>\n","protected":false},"featured_media":0,"comment_status":"open","ping_status":"closed","template":"","meta":[],"product_brand":[],"product_cat":[137],"product_tag":[],"class_list":{"0":"post-20119","1":"product","2":"type-product","3":"status-publish","5":"product_cat-maros-megyei-eletrajzi-lexikon","7":"first","8":"instock","9":"shipping-taxable","10":"product-type-simple"},"_links":{"self":[{"href":"https:\/\/uj.adatbank.ro\/lexikon\/wp-json\/wp\/v2\/product\/20119","targetHints":{"allow":["GET"]}}],"collection":[{"href":"https:\/\/uj.adatbank.ro\/lexikon\/wp-json\/wp\/v2\/product"}],"about":[{"href":"https:\/\/uj.adatbank.ro\/lexikon\/wp-json\/wp\/v2\/types\/product"}],"replies":[{"embeddable":true,"href":"https:\/\/uj.adatbank.ro\/lexikon\/wp-json\/wp\/v2\/comments?post=20119"}],"wp:attachment":[{"href":"https:\/\/uj.adatbank.ro\/lexikon\/wp-json\/wp\/v2\/media?parent=20119"}],"wp:term":[{"taxonomy":"product_brand","embeddable":true,"href":"https:\/\/uj.adatbank.ro\/lexikon\/wp-json\/wp\/v2\/product_brand?post=20119"},{"taxonomy":"product_cat","embeddable":true,"href":"https:\/\/uj.adatbank.ro\/lexikon\/wp-json\/wp\/v2\/product_cat?post=20119"},{"taxonomy":"product_tag","embeddable":true,"href":"https:\/\/uj.adatbank.ro\/lexikon\/wp-json\/wp\/v2\/product_tag?post=20119"}],"curies":[{"name":"wp","href":"https:\/\/api.w.org\/{rel}","templated":true}]}}